
{"id":1484,"date":"2022-01-16T15:34:08","date_gmt":"2022-01-16T14:34:08","guid":{"rendered":"https:\/\/przedszkole150.edu.wroclaw.pl\/?page_id=1484"},"modified":"2022-03-09T09:25:45","modified_gmt":"2022-03-09T08:25:45","slug":"wynik-konkursu-na-najpiekniej-udekorowana-sale","status":"publish","type":"page","link":"https:\/\/przedszkole150.edu.wroclaw.pl\/index.php\/galeria\/wynik-konkursu-na-najpiekniej-udekorowana-sale\/","title":{"rendered":"Wynik konkursu na najpi\u0119kniej udekorowan\u0105 sal\u0119"},"content":{"rendered":"<div class=\"wpb-content-wrapper\"><p>[vc_row][vc_column][vc_column_text]<\/p>\n<div>Konkurs \u015bwi\u0105teczny na najpi\u0119kniej udekorowan\u0105 sal\u0119 oraz przestrze\u0144 przy sali zosta\u0142 rozstrzygni\u0119ty!<\/div>\n<div>Komisja w sk\u0142adzie: przedstawiciele rodzic\u00f3w, nauczycieli oraz dzieci nie mieli \u0142atwego zadania, gdy\u017c wszystkie grupy wykaza\u0142y si\u0119 niezwyk\u0142\u0105 kreatywno\u015bci\u0105, pomys\u0142owo\u015bci\u0105 oraz zaanga\u017cowaniem w dekorowaniu swojej sali i holu. Pojawi\u0142y si\u0119 pi\u0119knie ubrane choinki, stroiki, \u0142a\u0144cuchy, kominki, r\u00f3\u017cnorodne i ciekawe ozdoby a nawet \u017c\u0142\u00f3bek. Dzi\u0119ki\u00a0 temu w naszym przedszkolu zapanowa\u0142a i\u015bcie\u00a0 \u015bwi\u0105teczna atmosfera.<\/div>\n<div>Ostatecznie komisja konkursowa postanowi\u0142a wyr\u00f3\u017cni\u0107 oraz nagrodzi\u0107 wszystkie grupy, doceniaj\u0105c ogrom pracy i wysi\u0142ku jaki zosta\u0142 w\u0142o\u017cony w wykonywanych pracach. Serdecznie dzi\u0119kujemy Radzie Rodzic\u00f3w Przedszkola Nr 150 za ufundowanie atrakcyjnych nagr\u00f3d w postaci zabawek, kt\u00f3re trafi\u0142y do naszych Przedszkolak\u00f3w.<\/div>\n<div><\/div>\n<p>[\/vc_column_text][vc_gallery type=&#8221;image_grid&#8221; images=&#8221;1485,1486,1487,1488,1489,1490,1491,1492,1493,1494,1495,1496,1497,1498,1499,1500,1501,1502&#8243;][\/vc_column][\/vc_row]<\/p>\n<\/div>","protected":false},"excerpt":{"rendered":"<p>[vc_row][vc_column][vc_column_text] Konkurs \u015bwi\u0105teczny na najpi\u0119kniej udekorowan\u0105 sal\u0119 oraz przestrze\u0144 przy sali zosta\u0142 rozstrzygni\u0119ty! Komisja w sk\u0142adzie: przedstawiciele rodzic\u00f3w, nauczycieli oraz dzieci nie mieli \u0142atwego zadania, gdy\u017c wszystkie grupy wykaza\u0142y si\u0119 [&hellip;]<\/p>\n","protected":false},"author":264,"featured_media":0,"parent":1073,"menu_order":0,"comment_status":"closed","ping_status":"closed","template":"","meta":{"ngg_post_thumbnail":0,"footnotes":""},"class_list":["post-1484","page","type-page","status-publish","hentry","clearfix"],"_links":{"self":[{"href":"https:\/\/przedszkole150.edu.wroclaw.pl\/index.php\/wp-json\/wp\/v2\/pages\/1484","targetHints":{"allow":["GET"]}}],"collection":[{"href":"https:\/\/przedszkole150.edu.wroclaw.pl\/index.php\/wp-json\/wp\/v2\/pages"}],"about":[{"href":"https:\/\/przedszkole150.edu.wroclaw.pl\/index.php\/wp-json\/wp\/v2\/types\/page"}],"author":[{"embeddable":true,"href":"https:\/\/przedszkole150.edu.wroclaw.pl\/index.php\/wp-json\/wp\/v2\/users\/264"}],"replies":[{"embeddable":true,"href":"https:\/\/przedszkole150.edu.wroclaw.pl\/index.php\/wp-json\/wp\/v2\/comments?post=1484"}],"version-history":[{"count":2,"href":"https:\/\/przedszkole150.edu.wroclaw.pl\/index.php\/wp-json\/wp\/v2\/pages\/1484\/revisions"}],"predecessor-version":[{"id":1504,"href":"https:\/\/przedszkole150.edu.wroclaw.pl\/index.php\/wp-json\/wp\/v2\/pages\/1484\/revisions\/1504"}],"up":[{"embeddable":true,"href":"https:\/\/przedszkole150.edu.wroclaw.pl\/index.php\/wp-json\/wp\/v2\/pages\/1073"}],"wp:attachment":[{"href":"https:\/\/przedszkole150.edu.wroclaw.pl\/index.php\/wp-json\/wp\/v2\/media?parent=1484"}],"curies":[{"name":"wp","href":"https:\/\/api.w.org\/{rel}","templated":true}]}}