
{"id":1826,"date":"2022-03-06T10:08:32","date_gmt":"2022-03-06T09:08:32","guid":{"rendered":"https:\/\/przedszkole150.edu.wroclaw.pl\/?page_id=1826"},"modified":"2022-03-06T10:08:32","modified_gmt":"2022-03-06T09:08:32","slug":"brzechwa-dzieciom","status":"publish","type":"page","link":"https:\/\/przedszkole150.edu.wroclaw.pl\/index.php\/brzechwa-dzieciom\/","title":{"rendered":"Brzechwa dzieciom"},"content":{"rendered":"<div class=\"wpb-content-wrapper\"><p>[vc_row][vc_column][vc_column_text]W ramach\u00a0<strong>Narodowego ProgramuRozwoju Czytelnictwa 2.0. na lata 2021-2025\u201d Priorytet 3 Kierunek interwencji 3.1.\u00a0<\/strong>za\u0142o\u017cy\u0142y\u015bmy w naszym przedszkolu biblioteczk\u0119, kt\u00f3ra zawiera ksi\u0105\u017ceczki wykonane przez nasze dzieci.<\/p>\n<p>W marcu, dzieci z naszego przedszkola zapoanzaj\u0105 si\u0119 z tw\u00f3rczo\u015bci\u0105 J. Brzechwy. Recytuj\u0105 wiersze, wykonuj\u0105 pacynki oraz ksi\u0105\u017ceczki, kt\u00f3e wzbogaci\u0142y nasz\u0105 ma\u0142a czytelni\u0119.<\/p>\n<p>[\/vc_column_text][vc_gallery type=&#8221;image_grid&#8221; images=&#8221;1827,1828,1829,1830,1831,1832,1835,1836,1837,1838,1839,1840,1841,1842,1843,1845,1846,1847,1849,1850&#8243;][\/vc_column][\/vc_row]<\/p>\n<\/div>","protected":false},"excerpt":{"rendered":"<p>[vc_row][vc_column][vc_column_text]W ramach\u00a0Narodowego ProgramuRozwoju Czytelnictwa 2.0. na lata 2021-2025\u201d Priorytet 3 Kierunek interwencji 3.1.\u00a0za\u0142o\u017cy\u0142y\u015bmy w naszym przedszkolu biblioteczk\u0119, kt\u00f3ra zawiera ksi\u0105\u017ceczki wykonane przez nasze dzieci. W marcu, dzieci z naszego przedszkola [&hellip;]<\/p>\n","protected":false},"author":264,"featured_media":0,"parent":0,"menu_order":0,"comment_status":"closed","ping_status":"closed","template":"","meta":{"ngg_post_thumbnail":0,"footnotes":""},"class_list":["post-1826","page","type-page","status-publish","hentry","clearfix"],"_links":{"self":[{"href":"https:\/\/przedszkole150.edu.wroclaw.pl\/index.php\/wp-json\/wp\/v2\/pages\/1826","targetHints":{"allow":["GET"]}}],"collection":[{"href":"https:\/\/przedszkole150.edu.wroclaw.pl\/index.php\/wp-json\/wp\/v2\/pages"}],"about":[{"href":"https:\/\/przedszkole150.edu.wroclaw.pl\/index.php\/wp-json\/wp\/v2\/types\/page"}],"author":[{"embeddable":true,"href":"https:\/\/przedszkole150.edu.wroclaw.pl\/index.php\/wp-json\/wp\/v2\/users\/264"}],"replies":[{"embeddable":true,"href":"https:\/\/przedszkole150.edu.wroclaw.pl\/index.php\/wp-json\/wp\/v2\/comments?post=1826"}],"version-history":[{"count":1,"href":"https:\/\/przedszkole150.edu.wroclaw.pl\/index.php\/wp-json\/wp\/v2\/pages\/1826\/revisions"}],"predecessor-version":[{"id":1854,"href":"https:\/\/przedszkole150.edu.wroclaw.pl\/index.php\/wp-json\/wp\/v2\/pages\/1826\/revisions\/1854"}],"wp:attachment":[{"href":"https:\/\/przedszkole150.edu.wroclaw.pl\/index.php\/wp-json\/wp\/v2\/media?parent=1826"}],"curies":[{"name":"wp","href":"https:\/\/api.w.org\/{rel}","templated":true}]}}