
{"id":1920,"date":"2022-03-24T12:05:45","date_gmt":"2022-03-24T11:05:45","guid":{"rendered":"https:\/\/przedszkole150.edu.wroclaw.pl\/?page_id=1920"},"modified":"2022-03-24T12:05:45","modified_gmt":"2022-03-24T11:05:45","slug":"procedura-covid","status":"publish","type":"page","link":"https:\/\/przedszkole150.edu.wroclaw.pl\/index.php\/procedura-covid\/","title":{"rendered":"procedura covid"},"content":{"rendered":"<div>\n<p align=\"center\">Procedura post\u0119powania na wypadek podejrzenia zaka\u017cenia COVID-19<\/p>\n<\/div>\n<p>&nbsp;<\/p>\n<ol>\n<li>Wyznacza si\u0119 pomieszczenie ( pomieszczenie sali konferencyjnej), zwane dalej izolatorium, w kt\u00f3rym b\u0119dzie mo\u017cna odizolowa\u0107 osob\u0119 w razie wyst\u0105pienia u\u00a0 niej objaw\u00f3w chorobowych.<\/li>\n<li>Izolatorium wyposa\u017cone jest w \u015brodki ochrony osobistej ( maseczki, r\u0119kawiczki, fartuch ochronny, przy\u0142bic\u0119) , termometr bezdotykowy, le\u017cak oraz p\u0142yn dezynfekuj\u0105cy.<\/li>\n<li>Osoba manifestuj\u0105ca objawy zaka\u017cenia zostanie obj\u0119ta natychmiastow\u0105 izolacj\u0105.<\/li>\n<li>W przypadku stwierdzenia objaw\u00f3w chorobowych u dziecka- dziecko jest niezw\u0142ocznie izolowane od grupy do pomieszczenia izolatorium.<\/li>\n<li>Wyznacza si\u0119 jedn\u0105 osob\u0119 wyposa\u017con\u0105 w \u015brodki ochrony osobistej do kontaktu z podejrzanym o zaka\u017cenie z zachowaniem dystansu min. 2 m.<\/li>\n<li>Dziecko w izolacji przebywa pod opiek\u0105 wyznaczonego pracownika, kt\u00f3ry zachowuje wszelkie \u015brodki bezpiecze\u0144stwa- przed wej\u015bciem i po wyj\u015bciu z izolatorium dezynfekuje r\u0119ce, przed wej\u015bciem do pomieszczenia zak\u0142ada \u015brodki ochrony indywidualnej ( fartuch, r\u0119kawiczki, maseczk\u0119, przy\u0142bice- po wyj\u015bciu z izolatorium niezw\u0142ocznie pozbywa si\u0119 u\u017cytych przedmiot\u00f3w ochrony umieszczaj\u0105c je w szczelnie zawi\u0105zanym worku.<\/li>\n<li>W przypadku nasilonych objaw\u00f3w, takich jak: gor\u0105czka, kaszel, duszno\u015bci, problemy z oddychaniem bezzw\u0142ocznie nale\u017cy powiadomi\u0107 telefonicznie:<\/li>\n<\/ol>\n<ul>\n<li>Pogotowie ratunkowe \u2013 112:<\/li>\n<li>Wojew\u00f3dzki Szpital Specjalistyczny im. J. Gromkowskiego\u00a0 I Oddzia\u0142 Chor\u00f3b Zaka\u017anych, ul. Koszarowa 5- tel. 71 700 30 00, izba przyj\u0119\u0107 dla dzieci i m\u0142odzie\u017cy- tel. 71\u00a0392 53 38,<\/li>\n<li>Rodzic\u00f3w podopiecznych.<\/li>\n<li>Dyrektor;<\/li>\n<li>Powiatow\u0105 Stacj\u0119 Sanitarno- Epidemiologiczn\u0105 w pn.- pt. 7.00- 15.00 tel. 71\u00a0329 58 43 lub 693\u00a0900\u00a0908, 781\u00a0400\u00a0199 lub 71\u00a0361 46 91- 92, ca\u0142odobowo 603\u00a0720\u00a0579 lub zadzwoni\u0107 pod numer alarmowy 112<\/li>\n<li>Kuratorium O\u015bwiaty- od pn. do pt. w godz. 7:45- 15.45, tel. 71\u00a0340 63 36<\/li>\n<li>Urz\u0105d Miejski Departament Edukacji- od pn. do pt. w godz. 8.00- 15.45 tel. 71\u00a0777 87 06 lub osoby prowadz\u0105ce plac\u00f3wk\u0119;<\/li>\n<\/ul>\n<ol>\n<li>W przypadku wyst\u0105pienia podejrzenia zachorowania u dziecka nauczyciel niezw\u0142ocznie kontaktuje si\u0119 telefonicznie z rodzicem.<\/li>\n<li>Nauczyciel zawiadamia Dyrektora o zaistnia\u0142ej sytuacji.<\/li>\n<li>Osoba wskazana przez dyrektor kontaktuje si\u0119 telefonicznie z rodzicami pozosta\u0142ych dzieci i informuje o zaistnia\u0142ej sytuacji.<\/li>\n<li>Opiekun grupy, w kt\u00f3re przebywa\u0142o dziecko z objawami, je\u015bli to mo\u017cliwe przeprowadza dzieci do innej pustej i zdezynfekowanej sali.<\/li>\n<li>Wszyscy przebywaj\u0105cy w przedszkolu pozostaj\u0105 w plac\u00f3wce \u00a0i sporz\u0105dzona zostaje lista okre\u015blaj\u0105ca kto mia\u0142 bliski kontakt z osob\u0105 podejrzan\u0105 o zachorowanie na COVID-19.<\/li>\n<li>Obszar, w kt\u00f3rym porusza\u0142a si\u0119 osoba podejrzana o zaka\u017cenie, nale\u017cy podda\u0107 gruntownemu sprz\u0105taniu oraz zdezynfekowa\u0107 powierzchnie dotykowe (klamki, por\u0119cze, blaty, uchwyty)<\/li>\n<li>Dalsze dzia\u0142ania podejmuj\u0105 odpowiednie s\u0142u\u017cby.<\/li>\n<\/ol>\n<div>\n<p align=\"center\">Procedura przebywania dzieci na \u015bwie\u017cym powietrzu<\/p>\n<p align=\"center\">na terenie placu zabaw i ogrodu<br \/>\nPrzedszkola Nr 150 \u201eWeso\u0142e Nutki\u201d przy ul. P. P. Ignuta 30 we Wroc\u0142awiu<\/p>\n<\/div>\n<p><b>Cel procedury:<\/b><\/p>\n<p>Okre\u015blenie sposobu post\u0119powania nauczyciela w przypadku organizowania zabaw i odpoczynku na terenie\u00a0 ogrodu i placu zabaw przedszkola oraz okre\u015blanie norm i zasad bezpiecze\u0144stwa.<\/p>\n<ol>\n<li>Nauczyciele s\u0105 zobowi\u0105zani do okre\u015blenia i om\u00f3wienia z dzie\u0107mi zasad bezpiecze\u0144stwa podczas pobytu na terenie placu zabaw i ogrodu . Zapisy w dzienniku zaj\u0119\u0107 .<\/li>\n<li>Ka\u017cdorazowo przed wyj\u015bciem na plac zabaw\/ogr\u00f3d przedszkola nauczyciel przypomina dzieciom umowy dotycz\u0105ce bezpiecznego przebywania na \u015bwie\u017cym powietrzu, przypomina o konieczno\u015bci powiadomienia osoby doros\u0142ej o niebezpiecze\u0144stwie, o zakazie oddalania si\u0119 od grupy i nauczyciela, o obowi\u0105zku zg\u0142aszania si\u0119 na zbi\u00f3rk\u0119 itp.)<\/li>\n<li>Dzieci na plac zabaw wychodz\u0105 udost\u0119pnionym wej\u015bciem ewakuacyjnym.<\/li>\n<li>Obowi\u0105zuje zakaz organizowania wyj\u015b\u0107 poza obszar plac\u00f3wki ( np. do park\u00f3w).<\/li>\n<li>Nauczyciel obowi\u0105zkowo przelicza dzieci przed wyj\u015bciem z sali\/do sali,\u00a0 wyj\u015bciem\/wej\u015bciem z\/do toalety, wej\u015bcie\/wyj\u015bcie do\/z budynku przedszkola oraz wej\u015bciem\/wyj\u015bciem na teren ogrodu przedszkolnego.<\/li>\n<li>W szatni przebywa tylko jedna grupa.<\/li>\n<li>Dzieci przemieszczaj\u0105 si\u0119 z budynku przedszkola na ogrodzony teren wydzielony do zabawy pod opiek\u0105 nauczyciela i pomocnika pomocniczego.<\/li>\n<li>Przed wej\u015bciem dzieci na plac zabaw pracownik obs\u0142ugi dezynfekuje uchwyty, klamki, toalet\u0119 zewn\u0119trzn\u0105 i inne konieczne rzeczy.<\/li>\n<li>Dzieci przebywaj\u0105ce na terenie przedszkola\u00a0 korzystaj\u0105 z toalet zewn\u0119trznych pod opiek\u0105 pracownika przedszkola.<\/li>\n<li>Codziennie przed wyj\u015bciem dzieci na teren\u00a0 konserwator ma obowi\u0105zek sprawdzi\u0107, czy a na terenie przedszkola nie ma zagro\u017ce\u0144 dla bezpiecze\u0144stwa dzieci i innych u\u017cytkownik\u00f3w.\u00a0 Fakt dokonania czynno\u015bci sprawdzaj\u0105cych konserwator potwierdza wpisem do karty kontroli.<\/li>\n<li>Na placu zabaw mog\u0105 przebywa\u0107 jednocze\u015bnie pi\u0119\u0107 grup, przy czym opiekunowie zapewniaj\u0105, aby dzieci z poszczeg\u00f3lnych grup nie kontaktowa\u0142y si\u0119 ze sob\u0105;<\/li>\n<li>W szatni mo\u017ce przebywa\u0107 w tym samym czasie tylko jedna grupa.<\/li>\n<li>Obowi\u0105zuje zakaz korzystania z piaskownicy i zamontowanych urz\u0105dze\u0144.<\/li>\n<li>Urz\u0105dzenia rekreacyjne wy\u0142\u0105czone z u\u017cytkowania, nie poddane dezynfekcji s\u0105 zabezpieczane ta\u015bm\u0105;<\/li>\n<li>Plac zabaw zamkni\u0119ty jest dla rodzic\u00f3w\/opiekun\u00f3w prawnych.<\/li>\n<li>Nauczyciel ka\u017cdorazowo przed wpuszczeniem dzieci na teren przedszkola ma obowi\u0105zek sprawdzi\u0107, czy\u00a0 teren jest bezpieczny.<\/li>\n<li>W czasie pobytu dzieci na placu zabaw przedszkola musi by\u0107 zamkni\u0119ta bramka wej\u015bciowa i brama wjazdowa przy wydzielonej cz\u0119\u015bci do zabaw. Po wej\u015bciu\/wyj\u015bciu na teren\/z terenu przedszkola wydzielonego do zabaw nauczyciel wchodz\u0105cy\/wychodz\u0105cy ma obowi\u0105zek zamkni\u0119cia bramki.<\/li>\n<li>Nauczyciele powinni by\u0107 w bezpo\u015brednim kontakcie ze swoimi podopiecznymi i przebywa\u0107 \u00a0w spos\u00f3b rozproszony w r\u00f3\u017cnych cz\u0119\u015bciach terenu przedszkola.<\/li>\n<li>Nauczyciel nie organizuje skupisk dzieci w jednym miejscu, dba o to, by dzieci w ramach grupy unika\u0142y \u015bcisku, bliskich kontakt\u00f3w;<\/li>\n<li>Dzieci wracaj\u0105 do budynku przedszkola pod nadzorem nauczyciela i pracownika.<\/li>\n<li>Po opuszczeniu placu zabaw przez dzieci pracownik obs\u0142ugi zobowi\u0105zany jest do mycia i przeprowadzenia dezynfekcji toalety zewn\u0119trznej.<\/li>\n<li>Po powrocie z placu zabaw dzieci dok\u0142adnie myj\u0105 r\u0119ce pod nadzorem nauczyciela.<\/li>\n<li>U\u017cytkownicy przestrzegaj\u0105 wymogu, aby zabawy by\u0142y organizowane zgodnie z zasadami bezpiecznego u\u017cytkowania terenu przedszkola umieszczonymi na tablicy informacyjnej na budynku przedszkola.<\/li>\n<li>Rodzic ma obowi\u0105zek dostosowa\u0107 ubi\u00f3r dziecka do panuj\u0105cych warunk\u00f3w atmosferycznych. Rodzic przygotowuje dziecko na d\u0142u\u017cszy pobyt na \u015bwie\u017cym powietrzu ( niekr\u0119puj\u0105ce ruch\u00f3w ubrania, wygodne buty). Nale\u017cy pami\u0119ta\u0107 o zaopatrzenie dziecka w odpowiednie nakrycie g\u0142owy w przypadku s\u0142onecznej pogody.<\/li>\n<li>Nauczyciel udost\u0119pnia dzieciom sprz\u0119t i zabawki, kt\u00f3re przynosi pracownik przedszkola.<\/li>\n<li>Ka\u017cdorazowo po zako\u0144czeniu pobytu dzieci na \u015bwie\u017cym powietrzu musz\u0105 zosta\u0107 umyte i odka\u017cone u\u017cywane sprz\u0119ty- pi\u0142ki, bramki, itp.<\/li>\n<li>Nauczyciel przed wyj\u015bciem na teren przedszkolny zobowi\u0105zany jest dopilnowa\u0107, \u017ceby dzieci zosta\u0142y napojone i skorzysta\u0142y z toalety.<\/li>\n<li>Nauczyciel nie organizuje zaj\u0119\u0107 z dzie\u0107mi na powietrzu w warunkach atmosferycznych ku temu nie sprzyjaj\u0105cych (deszcz, mocny wiatr, zbyt niska lub zbyt wysoka temperatura, burza, z\u0142a lub bardzo z\u0142a jako\u015b\u0107 powietrza, itp.).<\/li>\n<li>Dziecko mo\u017ce zosta\u0107 odebrane z terenu placu zabaw w\u00f3wczas, gdy rodzic\/ prawny opiekun dotrze na miejsce pobytu grupy- nie przekraczaj\u0105c furtki wydzielaj\u0105cej plac zabaw zg\u0142osi nauczycielowi gotowo\u015b\u0107 odbioru dziecka, pracownik przedszkola podprowadzi dziecko i przeka\u017ce je pod opiek\u0119 rodzica\/ opiekuna.<\/li>\n<li>Odebranie dziecka z placu zabaw wi\u0105\u017ce si\u0119 z niemo\u017cno\u015bci\u0105 wej\u015bcia do budynku i odebrania ewentualnych rzeczy pozostawionych w szatni- rodzic\u00f3w obowi\u0105zuje zakaz wst\u0119pu do budynku.<\/li>\n<li>O wszelkich zauwa\u017conych usterkach nauczyciel lub inny u\u017cytkownik\u00a0 zawiadamia konserwatora, intendenta lub swoich prze\u0142o\u017conych.<\/li>\n<\/ol>\n<p>&nbsp;<\/p>\n","protected":false},"excerpt":{"rendered":"<p>Procedura post\u0119powania na wypadek podejrzenia zaka\u017cenia COVID-19 &nbsp; Wyznacza si\u0119 pomieszczenie ( pomieszczenie sali konferencyjnej), zwane dalej izolatorium, w kt\u00f3rym b\u0119dzie mo\u017cna odizolowa\u0107 osob\u0119 w razie wyst\u0105pienia u\u00a0 niej objaw\u00f3w [&hellip;]<\/p>\n","protected":false},"author":264,"featured_media":0,"parent":0,"menu_order":0,"comment_status":"closed","ping_status":"closed","template":"","meta":{"ngg_post_thumbnail":0,"footnotes":""},"class_list":["post-1920","page","type-page","status-publish","hentry","clearfix"],"_links":{"self":[{"href":"https:\/\/przedszkole150.edu.wroclaw.pl\/index.php\/wp-json\/wp\/v2\/pages\/1920","targetHints":{"allow":["GET"]}}],"collection":[{"href":"https:\/\/przedszkole150.edu.wroclaw.pl\/index.php\/wp-json\/wp\/v2\/pages"}],"about":[{"href":"https:\/\/przedszkole150.edu.wroclaw.pl\/index.php\/wp-json\/wp\/v2\/types\/page"}],"author":[{"embeddable":true,"href":"https:\/\/przedszkole150.edu.wroclaw.pl\/index.php\/wp-json\/wp\/v2\/users\/264"}],"replies":[{"embeddable":true,"href":"https:\/\/przedszkole150.edu.wroclaw.pl\/index.php\/wp-json\/wp\/v2\/comments?post=1920"}],"version-history":[{"count":1,"href":"https:\/\/przedszkole150.edu.wroclaw.pl\/index.php\/wp-json\/wp\/v2\/pages\/1920\/revisions"}],"predecessor-version":[{"id":1921,"href":"https:\/\/przedszkole150.edu.wroclaw.pl\/index.php\/wp-json\/wp\/v2\/pages\/1920\/revisions\/1921"}],"wp:attachment":[{"href":"https:\/\/przedszkole150.edu.wroclaw.pl\/index.php\/wp-json\/wp\/v2\/media?parent=1920"}],"curies":[{"name":"wp","href":"https:\/\/api.w.org\/{rel}","templated":true}]}}