
{"id":1998,"date":"2022-04-03T09:50:44","date_gmt":"2022-04-03T07:50:44","guid":{"rendered":"https:\/\/przedszkole150.edu.wroclaw.pl\/?page_id=1998"},"modified":"2022-04-03T09:50:44","modified_gmt":"2022-04-03T07:50:44","slug":"dyplom-za-udzial-w-konkursie","status":"publish","type":"page","link":"https:\/\/przedszkole150.edu.wroclaw.pl\/index.php\/dyplom-za-udzial-w-konkursie\/","title":{"rendered":"Dyplom za udzia\u0142 w konkursie"},"content":{"rendered":"<div class=\"wpb-content-wrapper\"><p>[vc_row][vc_column][vc_column_text]Dzieci z grupy VII otrzyma\u0142y dyplomy za udzia\u0142 w konkursie &#8222;W krainie ozd\u00f3b \u015bwi\u0105tecznych&#8221;. Serdecznie gratulujemy i \u017cyczymy dalszych sukces\u00f3w.<\/p>\n<p>[\/vc_column_text][vc_gallery type=&#8221;image_grid&#8221; images=&#8221;1650,1651,1652&#8243;][\/vc_column][\/vc_row]<\/p>\n<\/div>","protected":false},"excerpt":{"rendered":"<p>[vc_row][vc_column][vc_column_text]Dzieci z grupy VII otrzyma\u0142y dyplomy za udzia\u0142 w konkursie &#8222;W krainie ozd\u00f3b \u015bwi\u0105tecznych&#8221;. Serdecznie gratulujemy i \u017cyczymy dalszych sukces\u00f3w. [\/vc_column_text][vc_gallery type=&#8221;image_grid&#8221; images=&#8221;1650,1651,1652&#8243;][\/vc_column][\/vc_row]<\/p>\n","protected":false},"author":264,"featured_media":0,"parent":0,"menu_order":0,"comment_status":"closed","ping_status":"closed","template":"","meta":{"ngg_post_thumbnail":0,"footnotes":""},"class_list":["post-1998","page","type-page","status-publish","hentry","clearfix"],"_links":{"self":[{"href":"https:\/\/przedszkole150.edu.wroclaw.pl\/index.php\/wp-json\/wp\/v2\/pages\/1998","targetHints":{"allow":["GET"]}}],"collection":[{"href":"https:\/\/przedszkole150.edu.wroclaw.pl\/index.php\/wp-json\/wp\/v2\/pages"}],"about":[{"href":"https:\/\/przedszkole150.edu.wroclaw.pl\/index.php\/wp-json\/wp\/v2\/types\/page"}],"author":[{"embeddable":true,"href":"https:\/\/przedszkole150.edu.wroclaw.pl\/index.php\/wp-json\/wp\/v2\/users\/264"}],"replies":[{"embeddable":true,"href":"https:\/\/przedszkole150.edu.wroclaw.pl\/index.php\/wp-json\/wp\/v2\/comments?post=1998"}],"version-history":[{"count":1,"href":"https:\/\/przedszkole150.edu.wroclaw.pl\/index.php\/wp-json\/wp\/v2\/pages\/1998\/revisions"}],"predecessor-version":[{"id":1999,"href":"https:\/\/przedszkole150.edu.wroclaw.pl\/index.php\/wp-json\/wp\/v2\/pages\/1998\/revisions\/1999"}],"wp:attachment":[{"href":"https:\/\/przedszkole150.edu.wroclaw.pl\/index.php\/wp-json\/wp\/v2\/media?parent=1998"}],"curies":[{"name":"wp","href":"https:\/\/api.w.org\/{rel}","templated":true}]}}