
{"id":2008,"date":"2022-04-03T10:04:23","date_gmt":"2022-04-03T08:04:23","guid":{"rendered":"https:\/\/przedszkole150.edu.wroclaw.pl\/?page_id=2008"},"modified":"2022-04-03T10:04:23","modified_gmt":"2022-04-03T08:04:23","slug":"podziekowanie","status":"publish","type":"page","link":"https:\/\/przedszkole150.edu.wroclaw.pl\/index.php\/podziekowanie\/","title":{"rendered":"Podzi\u0119kowanie&#8230;"},"content":{"rendered":"<div class=\"wpb-content-wrapper\"><p>[vc_row][vc_column][vc_column_text]Nasze przedszkole otrzyma\u0142o podzi\u0119kowanie od Towarzystwa Opieki Nad Zwierz\u0119tami, w kt\u00f3rym pracownicy schroniska w imieniu podopiecznych dzi\u0119kuj\u0105 Rodzicom, dzieciom i nauczycielom za udzia\u0142 w zbi\u00f3rce.<\/p>\n<p>[\/vc_column_text][vc_gallery type=&#8221;image_grid&#8221; images=&#8221;1320&#8243;][\/vc_column][\/vc_row]<\/p>\n<\/div>","protected":false},"excerpt":{"rendered":"<p>[vc_row][vc_column][vc_column_text]Nasze przedszkole otrzyma\u0142o podzi\u0119kowanie od Towarzystwa Opieki Nad Zwierz\u0119tami, w kt\u00f3rym pracownicy schroniska w imieniu podopiecznych dzi\u0119kuj\u0105 Rodzicom, dzieciom i nauczycielom za udzia\u0142 w zbi\u00f3rce. [\/vc_column_text][vc_gallery type=&#8221;image_grid&#8221; images=&#8221;1320&#8243;][\/vc_column][\/vc_row]<\/p>\n","protected":false},"author":264,"featured_media":0,"parent":0,"menu_order":0,"comment_status":"closed","ping_status":"closed","template":"","meta":{"ngg_post_thumbnail":0,"footnotes":""},"class_list":["post-2008","page","type-page","status-publish","hentry","clearfix"],"_links":{"self":[{"href":"https:\/\/przedszkole150.edu.wroclaw.pl\/index.php\/wp-json\/wp\/v2\/pages\/2008","targetHints":{"allow":["GET"]}}],"collection":[{"href":"https:\/\/przedszkole150.edu.wroclaw.pl\/index.php\/wp-json\/wp\/v2\/pages"}],"about":[{"href":"https:\/\/przedszkole150.edu.wroclaw.pl\/index.php\/wp-json\/wp\/v2\/types\/page"}],"author":[{"embeddable":true,"href":"https:\/\/przedszkole150.edu.wroclaw.pl\/index.php\/wp-json\/wp\/v2\/users\/264"}],"replies":[{"embeddable":true,"href":"https:\/\/przedszkole150.edu.wroclaw.pl\/index.php\/wp-json\/wp\/v2\/comments?post=2008"}],"version-history":[{"count":1,"href":"https:\/\/przedszkole150.edu.wroclaw.pl\/index.php\/wp-json\/wp\/v2\/pages\/2008\/revisions"}],"predecessor-version":[{"id":2009,"href":"https:\/\/przedszkole150.edu.wroclaw.pl\/index.php\/wp-json\/wp\/v2\/pages\/2008\/revisions\/2009"}],"wp:attachment":[{"href":"https:\/\/przedszkole150.edu.wroclaw.pl\/index.php\/wp-json\/wp\/v2\/media?parent=2008"}],"curies":[{"name":"wp","href":"https:\/\/api.w.org\/{rel}","templated":true}]}}