
{"id":2048,"date":"2022-04-10T09:44:48","date_gmt":"2022-04-10T07:44:48","guid":{"rendered":"https:\/\/przedszkole150.edu.wroclaw.pl\/?page_id=2048"},"modified":"2022-04-10T09:44:48","modified_gmt":"2022-04-10T07:44:48","slug":"tuwim","status":"publish","type":"page","link":"https:\/\/przedszkole150.edu.wroclaw.pl\/index.php\/tuwim\/","title":{"rendered":"Tuwim"},"content":{"rendered":"<div class=\"wpb-content-wrapper\"><p>[vc_row][vc_column][vc_column_text]Dnia 04.04.22 roku w naszym przedszkolu, w\u00a0ramach\u00a0<strong>Narodowego Programu Rozwoju Czytelnictwa 2.0. na lata 2021-2025\u201d Priorytet 3 Kierunek interwencji 3.1 <\/strong>odby\u0142y si\u0119 zaj\u0119cia, na kt\u00f3rych przedszkolaki mieli okazj\u0119 zapozna\u0107 si\u0119 z literatur\u0105 J. Tuwima.<\/p>\n<p>Na koniec dzieci wykona\u0142y w\u0142asne ksi\u0105\u017ceczki, kt\u00f3re zostaly wyeksponoiwane w naszej &#8222;Ma\u0142ej czytelni&#8221;.<\/p>\n<p>[\/vc_column_text][vc_gallery type=&#8221;image_grid&#8221; images=&#8221;2049,2050,2051,2052&#8243;][\/vc_column][\/vc_row]<\/p>\n<\/div>","protected":false},"excerpt":{"rendered":"<p>[vc_row][vc_column][vc_column_text]Dnia 04.04.22 roku w naszym przedszkolu, w\u00a0ramach\u00a0Narodowego Programu Rozwoju Czytelnictwa 2.0. na lata 2021-2025\u201d Priorytet 3 Kierunek interwencji 3.1 odby\u0142y si\u0119 zaj\u0119cia, na kt\u00f3rych przedszkolaki mieli okazj\u0119 zapozna\u0107 si\u0119 z [&hellip;]<\/p>\n","protected":false},"author":264,"featured_media":0,"parent":0,"menu_order":0,"comment_status":"closed","ping_status":"closed","template":"","meta":{"ngg_post_thumbnail":0,"footnotes":""},"class_list":["post-2048","page","type-page","status-publish","hentry","clearfix"],"_links":{"self":[{"href":"https:\/\/przedszkole150.edu.wroclaw.pl\/index.php\/wp-json\/wp\/v2\/pages\/2048","targetHints":{"allow":["GET"]}}],"collection":[{"href":"https:\/\/przedszkole150.edu.wroclaw.pl\/index.php\/wp-json\/wp\/v2\/pages"}],"about":[{"href":"https:\/\/przedszkole150.edu.wroclaw.pl\/index.php\/wp-json\/wp\/v2\/types\/page"}],"author":[{"embeddable":true,"href":"https:\/\/przedszkole150.edu.wroclaw.pl\/index.php\/wp-json\/wp\/v2\/users\/264"}],"replies":[{"embeddable":true,"href":"https:\/\/przedszkole150.edu.wroclaw.pl\/index.php\/wp-json\/wp\/v2\/comments?post=2048"}],"version-history":[{"count":1,"href":"https:\/\/przedszkole150.edu.wroclaw.pl\/index.php\/wp-json\/wp\/v2\/pages\/2048\/revisions"}],"predecessor-version":[{"id":2053,"href":"https:\/\/przedszkole150.edu.wroclaw.pl\/index.php\/wp-json\/wp\/v2\/pages\/2048\/revisions\/2053"}],"wp:attachment":[{"href":"https:\/\/przedszkole150.edu.wroclaw.pl\/index.php\/wp-json\/wp\/v2\/media?parent=2048"}],"curies":[{"name":"wp","href":"https:\/\/api.w.org\/{rel}","templated":true}]}}