
{"id":2212,"date":"2022-05-22T09:11:04","date_gmt":"2022-05-22T07:11:04","guid":{"rendered":"https:\/\/przedszkole150.edu.wroclaw.pl\/?page_id=2212"},"modified":"2022-05-22T09:11:04","modified_gmt":"2022-05-22T07:11:04","slug":"wycieczka-do-zgrody-edukacyjnej-kruczyna","status":"publish","type":"page","link":"https:\/\/przedszkole150.edu.wroclaw.pl\/index.php\/wycieczka-do-zgrody-edukacyjnej-kruczyna\/","title":{"rendered":"Wycieczka do zgrody edukacyjnej &#8222;Kruczyna&#8221;"},"content":{"rendered":"<div class=\"wpb-content-wrapper\"><p>[vc_row][vc_column][vc_column_text]17.05.2022r. Dzieci z gr. V i VI wzi\u0119\u0142y udzia\u0142 w wycieczce autokarowej do Zagrody Edukacyjnej \u201eKruczyna\u201d w P\u0119gowie.<\/p>\n<p>Po przyje\u017adzie na miejsce, dzieci zosta\u0142y powitane przez gospodarzy zagrody. Na pocz\u0105tku dzieci mia\u0142y okazj\u0119 zwiedzi\u0107 \u201eMini Skansen\u201d z przedmiotami, kt\u00f3rych u\u017cywali nasi dziadkowie. Nast\u0119pnie udano si\u0119 \u015bcie\u017ck\u0105 edukacyjn\u0105 na spacer po lesie. Podczas wyprawy dzieci dowiedzia\u0142y si\u0119 wielu interesuj\u0105cych rzeczy na temat lasu i jego mieszka\u0144c\u00f3w. Kolejn\u0105 atrakcj\u0105 by\u0142y warsztaty \u201eGlina i jej wydobywanie w regionie\u201d. Ka\u017cdy uczestnik mia\u0142 okazj\u0119 samodzielnie zaprojektowa\u0107 sw\u00f3j gliniany znaczek, kt\u00f3ry zostanie wypalony i dostarczony do naszego przedszkola jako pami\u0105tka z wycieczki. Podczas warsztat\u00f3w zaprezentowane zosta\u0142o ko\u0142o garncarskie oraz spos\u00f3b wykonywania glinianej miseczki. Atrakcj\u0105, kt\u00f3ra szczeg\u00f3lnie przypad\u0142a do gustu dzieci by\u0142a obserwacja zwierz\u0105t zamieszkuj\u0105cych w zagrodzie. Zobaczy\u0107 mo\u017cna by\u0142o m. in.: kozy, krow\u0119, os\u0142a, \u015bwinie, kaczk\u0119, pawia, kota, psa, perliczk\u0119. Na koniec dzieci mia\u0142y mo\u017cliwo\u015b\u0107 nakarmienia k\u00f3z. Podczas wycieczki nie zabrak\u0142o tak\u017ce czasu na wsp\u00f3lny piknik oraz zabawy ruchowe.<\/p>\n<p>[\/vc_column_text][vc_gallery type=&#8221;image_grid&#8221; images=&#8221;2213,2214,2215,2216,2217,2218,2219,2220,2221,2222,2223,2224,2225&#8243;][\/vc_column][\/vc_row]<\/p>\n<\/div>","protected":false},"excerpt":{"rendered":"<p>[vc_row][vc_column][vc_column_text]17.05.2022r. Dzieci z gr. V i VI wzi\u0119\u0142y udzia\u0142 w wycieczce autokarowej do Zagrody Edukacyjnej \u201eKruczyna\u201d w P\u0119gowie. Po przyje\u017adzie na miejsce, dzieci zosta\u0142y powitane przez gospodarzy zagrody. Na pocz\u0105tku [&hellip;]<\/p>\n","protected":false},"author":264,"featured_media":0,"parent":0,"menu_order":0,"comment_status":"closed","ping_status":"closed","template":"","meta":{"ngg_post_thumbnail":0,"footnotes":""},"class_list":["post-2212","page","type-page","status-publish","hentry","clearfix"],"_links":{"self":[{"href":"https:\/\/przedszkole150.edu.wroclaw.pl\/index.php\/wp-json\/wp\/v2\/pages\/2212","targetHints":{"allow":["GET"]}}],"collection":[{"href":"https:\/\/przedszkole150.edu.wroclaw.pl\/index.php\/wp-json\/wp\/v2\/pages"}],"about":[{"href":"https:\/\/przedszkole150.edu.wroclaw.pl\/index.php\/wp-json\/wp\/v2\/types\/page"}],"author":[{"embeddable":true,"href":"https:\/\/przedszkole150.edu.wroclaw.pl\/index.php\/wp-json\/wp\/v2\/users\/264"}],"replies":[{"embeddable":true,"href":"https:\/\/przedszkole150.edu.wroclaw.pl\/index.php\/wp-json\/wp\/v2\/comments?post=2212"}],"version-history":[{"count":1,"href":"https:\/\/przedszkole150.edu.wroclaw.pl\/index.php\/wp-json\/wp\/v2\/pages\/2212\/revisions"}],"predecessor-version":[{"id":2226,"href":"https:\/\/przedszkole150.edu.wroclaw.pl\/index.php\/wp-json\/wp\/v2\/pages\/2212\/revisions\/2226"}],"wp:attachment":[{"href":"https:\/\/przedszkole150.edu.wroclaw.pl\/index.php\/wp-json\/wp\/v2\/media?parent=2212"}],"curies":[{"name":"wp","href":"https:\/\/api.w.org\/{rel}","templated":true}]}}