
{"id":2665,"date":"2022-09-18T10:08:53","date_gmt":"2022-09-18T08:08:53","guid":{"rendered":"https:\/\/przedszkole150.edu.wroclaw.pl\/?page_id=2665"},"modified":"2022-09-18T10:08:53","modified_gmt":"2022-09-18T08:08:53","slug":"podrozny-bagaz","status":"publish","type":"page","link":"https:\/\/przedszkole150.edu.wroclaw.pl\/index.php\/podrozny-bagaz\/","title":{"rendered":"Podr\u00f3\u017cny baga\u017c&#8230;"},"content":{"rendered":"<div class=\"wpb-content-wrapper\"><p>[vc_row][vc_column][vc_column_text]<strong>KONCERT NARODOWEGO FORUM MUZYKI<\/strong><\/p>\n<p>Dnia\u00a0<strong>13.09.2022r. (wtorek)<\/strong>\u00a0dzieci z ca\u0142ego przedszkola wzi\u0119\u0142y udzia\u0142 w wyj\u0105tkowym koncercie muzycznym Narodowego Forum Muzyki\u00a0<strong>pt.\u00a0<\/strong><strong>\u201ePodr\u00f3\u017cny baga\u017c ma\u0142ego w\u0142\u00f3czykija\u201d<\/strong>.<\/p>\n<p>Podczas koncertu dzieci mog\u0142y wys\u0142ucha\u0107 znane melodie z r\u00f3\u017cnych zak\u0105tk\u00f3w \u015bwiata.<\/p>\n<p>Motywem przewodnim by\u0142y: instrumenty perkusyjne oraz gitara.<\/p>\n<p>Koncert zosta\u0142 sfinansowany ze \u015brodk\u00f3w rodzic\u00f3w.<\/p>\n<p>[\/vc_column_text][vc_gallery type=&#8221;image_grid&#8221; images=&#8221;2666,2667,2668&#8243;][\/vc_column][\/vc_row]<\/p>\n<\/div>","protected":false},"excerpt":{"rendered":"<p>[vc_row][vc_column][vc_column_text]KONCERT NARODOWEGO FORUM MUZYKI Dnia\u00a013.09.2022r. (wtorek)\u00a0dzieci z ca\u0142ego przedszkola wzi\u0119\u0142y udzia\u0142 w wyj\u0105tkowym koncercie muzycznym Narodowego Forum Muzyki\u00a0pt.\u00a0\u201ePodr\u00f3\u017cny baga\u017c ma\u0142ego w\u0142\u00f3czykija\u201d. Podczas koncertu dzieci mog\u0142y wys\u0142ucha\u0107 znane melodie z r\u00f3\u017cnych [&hellip;]<\/p>\n","protected":false},"author":264,"featured_media":0,"parent":0,"menu_order":0,"comment_status":"closed","ping_status":"closed","template":"","meta":{"ngg_post_thumbnail":0,"footnotes":""},"class_list":["post-2665","page","type-page","status-publish","hentry","clearfix"],"_links":{"self":[{"href":"https:\/\/przedszkole150.edu.wroclaw.pl\/index.php\/wp-json\/wp\/v2\/pages\/2665","targetHints":{"allow":["GET"]}}],"collection":[{"href":"https:\/\/przedszkole150.edu.wroclaw.pl\/index.php\/wp-json\/wp\/v2\/pages"}],"about":[{"href":"https:\/\/przedszkole150.edu.wroclaw.pl\/index.php\/wp-json\/wp\/v2\/types\/page"}],"author":[{"embeddable":true,"href":"https:\/\/przedszkole150.edu.wroclaw.pl\/index.php\/wp-json\/wp\/v2\/users\/264"}],"replies":[{"embeddable":true,"href":"https:\/\/przedszkole150.edu.wroclaw.pl\/index.php\/wp-json\/wp\/v2\/comments?post=2665"}],"version-history":[{"count":1,"href":"https:\/\/przedszkole150.edu.wroclaw.pl\/index.php\/wp-json\/wp\/v2\/pages\/2665\/revisions"}],"predecessor-version":[{"id":2669,"href":"https:\/\/przedszkole150.edu.wroclaw.pl\/index.php\/wp-json\/wp\/v2\/pages\/2665\/revisions\/2669"}],"wp:attachment":[{"href":"https:\/\/przedszkole150.edu.wroclaw.pl\/index.php\/wp-json\/wp\/v2\/media?parent=2665"}],"curies":[{"name":"wp","href":"https:\/\/api.w.org\/{rel}","templated":true}]}}