
{"id":3060,"date":"2022-11-25T09:10:23","date_gmt":"2022-11-25T08:10:23","guid":{"rendered":"https:\/\/przedszkole150.edu.wroclaw.pl\/?page_id=3060"},"modified":"2022-11-25T09:11:06","modified_gmt":"2022-11-25T08:11:06","slug":"ogolnopolski-przeglad-piosenki-patriotycznej-moja-polska","status":"publish","type":"page","link":"https:\/\/przedszkole150.edu.wroclaw.pl\/index.php\/ogolnopolski-przeglad-piosenki-patriotycznej-moja-polska\/","title":{"rendered":"Ogolnopolski przegl\u0105d piosenki patriotycznej &#8222;Moja Polska&#8221;"},"content":{"rendered":"<div class=\"wpb-content-wrapper\"><p>[vc_row][vc_column][vc_column_text]Filip P. z grupy II wzi\u0105\u0142 udzia\u0142 w konkursie og\u00f3lnopolskim przegl\u0105dzie piosenki patriotycznej &#8222;Moja Polska&#8221;. Organizatorem by\u0142o Przedszkole Miejskie nr 14 w \u0141odzi. Filip wykona\u0142 piosenk\u0119 pt. &#8222;Symbole Polski&#8221;. Za udzia\u0142 w konkursie otrzyma\u0142 pi\u0119kny dyplom. Podzi\u0119kowanie tak\u017ce otrzyma\u0142a nauczycielka Sylwia Nowak-Stok\u0142osa za przygotowanie ch\u0142opca do konkursu.<\/p>\n<p>Filipku, serdecznie Ci gratulujemy i \u017cyczymy dalszych sukces\u00f3w![\/vc_column_text][vc_gallery type=&#8221;image_grid&#8221; images=&#8221;3064,3063&#8243;][\/vc_column][\/vc_row]<\/p>\n<\/div>","protected":false},"excerpt":{"rendered":"<p>[vc_row][vc_column][vc_column_text]Filip P. z grupy II wzi\u0105\u0142 udzia\u0142 w konkursie og\u00f3lnopolskim przegl\u0105dzie piosenki patriotycznej &#8222;Moja Polska&#8221;. Organizatorem by\u0142o Przedszkole Miejskie nr 14 w \u0141odzi. Filip wykona\u0142 piosenk\u0119 pt. &#8222;Symbole Polski&#8221;. Za [&hellip;]<\/p>\n","protected":false},"author":264,"featured_media":0,"parent":0,"menu_order":0,"comment_status":"closed","ping_status":"closed","template":"","meta":{"ngg_post_thumbnail":0,"footnotes":""},"class_list":["post-3060","page","type-page","status-publish","hentry","clearfix"],"_links":{"self":[{"href":"https:\/\/przedszkole150.edu.wroclaw.pl\/index.php\/wp-json\/wp\/v2\/pages\/3060","targetHints":{"allow":["GET"]}}],"collection":[{"href":"https:\/\/przedszkole150.edu.wroclaw.pl\/index.php\/wp-json\/wp\/v2\/pages"}],"about":[{"href":"https:\/\/przedszkole150.edu.wroclaw.pl\/index.php\/wp-json\/wp\/v2\/types\/page"}],"author":[{"embeddable":true,"href":"https:\/\/przedszkole150.edu.wroclaw.pl\/index.php\/wp-json\/wp\/v2\/users\/264"}],"replies":[{"embeddable":true,"href":"https:\/\/przedszkole150.edu.wroclaw.pl\/index.php\/wp-json\/wp\/v2\/comments?post=3060"}],"version-history":[{"count":2,"href":"https:\/\/przedszkole150.edu.wroclaw.pl\/index.php\/wp-json\/wp\/v2\/pages\/3060\/revisions"}],"predecessor-version":[{"id":3066,"href":"https:\/\/przedszkole150.edu.wroclaw.pl\/index.php\/wp-json\/wp\/v2\/pages\/3060\/revisions\/3066"}],"wp:attachment":[{"href":"https:\/\/przedszkole150.edu.wroclaw.pl\/index.php\/wp-json\/wp\/v2\/media?parent=3060"}],"curies":[{"name":"wp","href":"https:\/\/api.w.org\/{rel}","templated":true}]}}