
{"id":3271,"date":"2023-01-04T15:21:42","date_gmt":"2023-01-04T14:21:42","guid":{"rendered":"https:\/\/przedszkole150.edu.wroclaw.pl\/?page_id=3271"},"modified":"2023-03-08T10:36:58","modified_gmt":"2023-03-08T09:36:58","slug":"podziekowanie-od-pana-prezydenta","status":"publish","type":"page","link":"https:\/\/przedszkole150.edu.wroclaw.pl\/index.php\/podziekowanie-od-pana-prezydenta\/","title":{"rendered":"Podzi\u0119kowanie od Pana Prezydenta"},"content":{"rendered":"<div class=\"wpb-content-wrapper\"><p>[vc_row][vc_column][vc_column_text]Dnia21 grudnia 2022 roku odby\u0142o si\u0119 spotkanie \u00a0z Panem Prezydentem Wroc\u0142awia Jackiem Sutrykiem, podczas \u00a0kt\u00f3rego, wr\u0119czy\u0142 podzi\u0119kowanie dla naszej nauczycielki z gr. III, Pani Irenie Neubauer.<br \/>\nPan Prezydent podzi\u0119kowa\u0142 za wieloletni\u0105 prac\u0119, \u00a0poniesiony trud, postaw\u0119 otwarto\u015bci i troski o dobro najm\u0142odszych.<\/p>\n<p>My r\u00f3wnie\u017c pragniemy do\u0142\u0105czy\u0107 si\u0119 do podzi\u0119kowa\u0144 i \u017cyczymy Pani Irence, dalszych sukces\u00f3w zawodowych.<\/p>\n<p>[\/vc_column_text][vc_gallery type=&#8221;image_grid&#8221; images=&#8221;3275&#8243;][\/vc_column][\/vc_row]<\/p>\n<\/div>","protected":false},"excerpt":{"rendered":"<p>[vc_row][vc_column][vc_column_text]Dnia21 grudnia 2022 roku odby\u0142o si\u0119 spotkanie \u00a0z Panem Prezydentem Wroc\u0142awia Jackiem Sutrykiem, podczas \u00a0kt\u00f3rego, wr\u0119czy\u0142 podzi\u0119kowanie dla naszej nauczycielki z gr. III, Pani Irenie Neubauer. Pan Prezydent podzi\u0119kowa\u0142 za [&hellip;]<\/p>\n","protected":false},"author":264,"featured_media":0,"parent":0,"menu_order":0,"comment_status":"closed","ping_status":"closed","template":"","meta":{"ngg_post_thumbnail":0,"footnotes":""},"class_list":["post-3271","page","type-page","status-publish","hentry","clearfix"],"_links":{"self":[{"href":"https:\/\/przedszkole150.edu.wroclaw.pl\/index.php\/wp-json\/wp\/v2\/pages\/3271","targetHints":{"allow":["GET"]}}],"collection":[{"href":"https:\/\/przedszkole150.edu.wroclaw.pl\/index.php\/wp-json\/wp\/v2\/pages"}],"about":[{"href":"https:\/\/przedszkole150.edu.wroclaw.pl\/index.php\/wp-json\/wp\/v2\/types\/page"}],"author":[{"embeddable":true,"href":"https:\/\/przedszkole150.edu.wroclaw.pl\/index.php\/wp-json\/wp\/v2\/users\/264"}],"replies":[{"embeddable":true,"href":"https:\/\/przedszkole150.edu.wroclaw.pl\/index.php\/wp-json\/wp\/v2\/comments?post=3271"}],"version-history":[{"count":5,"href":"https:\/\/przedszkole150.edu.wroclaw.pl\/index.php\/wp-json\/wp\/v2\/pages\/3271\/revisions"}],"predecessor-version":[{"id":3572,"href":"https:\/\/przedszkole150.edu.wroclaw.pl\/index.php\/wp-json\/wp\/v2\/pages\/3271\/revisions\/3572"}],"wp:attachment":[{"href":"https:\/\/przedszkole150.edu.wroclaw.pl\/index.php\/wp-json\/wp\/v2\/media?parent=3271"}],"curies":[{"name":"wp","href":"https:\/\/api.w.org\/{rel}","templated":true}]}}