
{"id":34,"date":"2021-04-19T14:41:47","date_gmt":"2021-04-19T12:41:47","guid":{"rendered":"http:\/\/przedszkole150.edu.wroclaw.pl\/?page_id=34"},"modified":"2026-02-15T12:00:12","modified_gmt":"2026-02-15T11:00:12","slug":"grupa-i","status":"publish","type":"page","link":"https:\/\/przedszkole150.edu.wroclaw.pl\/index.php\/grupy\/grupa-i\/","title":{"rendered":"Grupa I"},"content":{"rendered":"<h1><span style=\"font-family: georgia, palatino;font-size: 24pt;color: #800080\"><strong>GRUPA I \u2013 3 LATKI<\/strong><\/span><\/h1>\n<p><span style=\"font-size: 14pt;font-family: times new roman, times;color: #008000\"><strong>NAUCZYCIELE:<\/strong><\/span><\/p>\n<p><span style=\"font-size: 14pt;font-family: times new roman, times\">mgr Sylwia Kuropatwa\u00a0 \u00a0 \u00a0 \u00a0 \u00a0 \u00a0 \u00a0 \u00a0 \u00a0 \u00a0 \u00a0 \u00a0e-mail: sylkur5510@edu.wroclaw.pl<\/span><\/p>\n<p><span style=\"font-family: times new roman, times;font-size: 14pt\">mgr Krystyna Marczy\u0144ska<\/span><\/p>\n<p><span style=\"font-family: times new roman, times;font-size: 14pt\">mgr Agnieszka Karkulowska<\/span><\/p>\n<p><span style=\"font-family: georgia, palatino;font-size: 14pt\"><strong><span style=\"color: #008000\">POMOC NAUCZYCIELA:<\/span><\/strong><\/span><\/p>\n<p><span style=\"font-family: times new roman, times;font-size: 14pt\">Monika R\u0105czka<\/span><\/p>\n<p>&nbsp;<\/p>\n<p>&nbsp;<\/p>\n<p><span style=\"color: #008000;font-family: georgia, palatino;font-size: 14pt\"><strong>GODZINY PRACY ODDZIA\u0141\u00d3W:<\/strong><\/span><\/p>\n<p><span style=\"font-family: times new roman, times;font-size: 14pt\"><strong>W godzinach:<\/strong><\/span><\/p>\n<p><span style=\"font-family: times new roman, times;font-size: 14pt;color: #000000\">\u2660 06:30 &#8211; 08:30; <\/span><\/p>\n<p><span style=\"font-family: times new roman, times;font-size: 14pt;color: #000000\">\u2660 15:00 &#8211; 17:00; <\/span><\/p>\n<p><span style=\"font-family: times new roman, times;font-size: 14pt;color: #000000\">\u2660 oraz w ramach potrzeb organizacyjnych Przedszkole funkcjonuje w grupach mi\u0119dzyoddzia\u0142owych.<\/span><\/p>\n<p style=\"text-align: left\"><span style=\"font-family: times new roman, times;font-size: 14pt;color: #000000\">Informacja o miejscu przebywania dzieci b\u0119dzie umieszczona na drzwiach sali.<\/span><\/p>\n<p>&nbsp;<\/p>\n<p><span style=\"font-family: georgia, palatino;font-size: 14pt\"><a href=\"https:\/\/przedszkole150.edu.wroclaw.pl\/index.php\/zamierzenia-wychowawczo-dydaktyczne-gr-i\/\"><strong><span style=\"color: #ff0000\"><span style=\"color: #008000\">ZAMIERZENIA\u00a0\u00a0 WYCHOWAWCZO \u2013 DYDAKTYCZNE<\/span><\/span><\/strong><\/a><\/span><\/p>\n<p>&nbsp;<\/p>\n<p><span style=\"font-family: 'times new roman', times;font-size: 24pt;color: #00ff00\"><strong>ZAJ\u0118CIA DODATKOWE:<\/strong><\/span><\/p>\n<p><span style=\"font-size: 14pt;font-family: times new roman, times;color: #008000\"><strong><span style=\"color: #008000\">GIMNASTYKA PORANNA<\/span><br \/>\n<\/strong><\/span><\/p>\n<p><span style=\"font-family: times new roman, times;font-size: 14pt;color: #000000\"><span style=\"font-size: 12pt\">Osoba prowadz\u0105ca: S. Kuropatwa, K. Marczy\u0144ska, A. Karkulowska<\/span><\/span><\/p>\n<p><span style=\"font-size: 12pt\"><strong><span style=\"font-family: times new roman, times;color: #000000\">poniedzia\u0142ek &#8211; pi\u0105tek: 8:00 &#8211; 8:15<\/span><\/strong><\/span><\/p>\n<p>&nbsp;<\/p>\n<p><span style=\"font-size: 14pt;font-family: times new roman, times;color: #008000\"><strong>ZAJ\u0118CIA LOGOPEDYCZNE<\/strong><\/span><\/p>\n<p><span style=\"font-family: 'times new roman', times;font-size: 12pt;color: #000000\">Osoba prowadz\u0105ca: K. Zahorska<\/span><\/p>\n<p>&nbsp;<\/p>\n<p><span style=\"color: #008000;font-family: times new roman, times;font-size: 14pt\"><strong>ZAJ\u0118CIA RYTMICZNE:<\/strong><\/span><\/p>\n<p>Osoba prowadz\u0105ca: A. Samolewska<\/p>\n<p><strong><span style=\"font-family: times new roman, times;font-size: 12pt\">pi\u0105tek: 10.20 &#8211; 10.40<\/span><\/strong><\/p>\n<p>&nbsp;<\/p>\n<p>&nbsp;<\/p>\n<p><span style=\"color: #008000;font-family: times new roman, times;font-size: 14pt\"><strong>PSYCHOLOG<\/strong><\/span><\/p>\n<p><span style=\"font-family: 'times new roman', times;font-size: 12pt\">O<span style=\"color: #000000\">soba prowadz\u0105ca: J. Ro\u017cdziestwienska<\/span><\/span><\/p>\n<p><span style=\"font-family: times new roman, times;font-size: 14pt;color: #000000\">W toku codziennej pracy z dzie\u0107mi<\/span><\/p>\n<p>&nbsp;<\/p>\n<p><span style=\"color: #008000;font-family: times new roman, times;font-size: 14pt\"><strong>PEDAGOG SPECJALNY<\/strong><\/span><\/p>\n<p><span style=\"font-family: 'times new roman', times;font-size: 12pt\">Osoba prowadz\u0105ca: K. Zahorska<\/span><\/p>\n<p><span style=\"font-family: times new roman, times;font-size: 14pt;color: #000000\">W toku codziennej pracy z dzie\u0107mi.<\/span><\/p>\n<p>&nbsp;<\/p>\n<p><strong><span style=\"color: #008000;font-size: 14pt\">PRZYGOTOWANIE DO NAUKI J\u0118ZYKA OBCEGO NOWO\u017bYTNEGO \u2013 J\u0118ZYK ANGIELSKI<\/span><br \/>\n<\/strong><\/p>\n<p><span style=\"font-family: times new roman, times;font-size: 12pt\">Osoba prowadz\u0105ca: M. Mlek<\/span><\/p>\n<p><strong><span style=\"font-family: times new roman, times;font-size: 12pt\">wtorek i czwartek: 9.30. &#8211; 9.45<\/span><\/strong><\/p>\n<p><span style=\"font-size: 14pt;font-family: times new roman, times;color: #ff0000\"><b>Zbli\u017caj\u0105ce si\u0119 wydarzenia:<\/b><\/span><\/p>\n<p style=\"text-align: center\"><span style=\"font-size: 14pt;font-family: times new roman, times;color: #008000\">17.02. 2026 r. (wtorek) <b>DZIE\u0143 KOTA<\/b><\/span><\/p>\n<p align=\"JUSTIFY\"><span style=\"font-size: 14pt;font-family: times new roman, times\">Tego dnia b\u0119dziemy zg\u0142\u0119bia\u0107 tajemnice kot\u00f3w, poznamy ich tryb \u017cycia i ciekawostki zwi\u0105zane z tymi wyj\u0105tkowymi zwierz\u0105tkami. Zach\u0119camy do przyniesienia kocich pluszak\u00f3w i zabawek a tak\u017ce ksi\u0105\u017ceczek o kotkach.<\/span><\/p>\n<p style=\"text-align: center\" align=\"JUSTIFY\"><span style=\"font-size: 14pt;font-family: times new roman, times;color: #008000\">25.02. 2026 r. (\u015broda) <b>DZIE\u0143 DINOZAURA<\/b><\/span><\/p>\n<p align=\"JUSTIFY\"><span style=\"font-size: 14pt;font-family: times new roman, times\">A gdy minie dzie\u0144 futrzasty, przeniesiemy si\u0119 do prehistorii. Dinozaur\u00f3w wielki \u015bwiat, cofnie nas o milion lat.<\/span><\/p>\n<p align=\"JUSTIFY\"><span style=\"font-size: 14pt;font-family: times new roman, times\">Poprzez r\u00f3\u017cne zabawy b\u0119dziemy odkrywa\u0107 tajemnice dinozaur\u00f3w. Dzieci mog\u0105 przynie\u015b\u0107 swoje dinozaury (pluszaki, figurki, ksi\u0105\u017ceczki).<\/span><\/p>\n<p>&nbsp;<\/p>\n<p>&nbsp;<\/p>\n<p style=\"text-align: center\"><span style=\"font-family: times new roman, times;font-size: 14pt;color: #008000\"><b>\u00a0<span style=\"color: #00ff00\"> HARMONOGRAM\u00a0 \u00a0KONSULTACJI\u00a0 I\u00a0 ZEBRA\u0143\u00a0 Z\u00a0 RODZICAMI<\/span><br \/>\n<\/b><\/span><\/p>\n<p style=\"text-align: center\"><span style=\"font-family: times new roman, times;font-size: 14pt;color: #00ff00\"><b>\u00a0 GRUPA\u00a0 I\u00a0 &#8211;\u00a0\u00a0ROK\u00a0 SZKOLNY\u00a0 2025\/2026<\/b><\/span><\/p>\n<table style=\"width: 97.0497%;height: 460px\" border=\"1\" width=\"558\" cellspacing=\"0\" cellpadding=\"0\">\n<tbody>\n<tr style=\"height: 60px\">\n<td style=\"width: 24.6018%;height: 60px\">\n<p align=\"center\"><span style=\"font-family: times new roman, times, serif;font-size: 14pt\"><b>DATA<\/b><\/span><\/p>\n<\/td>\n<td style=\"width: 124.077%;height: 60px\">\n<p style=\"text-align: center\" align=\"center\"><span style=\"font-family: times new roman, times, serif;font-size: 14pt\"><b>RODZAJ\u00a0 SPOTKANIA<\/b><\/span><\/p>\n<\/td>\n<\/tr>\n<tr style=\"height: 100px\">\n<td style=\"width: 24.6018%;height: 100px\">\n<p align=\"center\"><b><span style=\"color: #339966;font-family: times new roman, times, serif;font-size: 14pt\">01.09.2025<\/span><\/b><\/p>\n<\/td>\n<td style=\"width: 124.077%;height: 100px\"><span style=\"font-size: 14pt;font-family: times new roman, times;color: #ff0000\"><strong>Zebranie Dyrektora z Rodzicami <span style=\"color: #000000\">godz. 16:45 &#8211; 17:00<\/span><br \/>\n<\/strong><\/span><span style=\"font-family: times new roman, times;color: #000000\">Osoba prowadz\u0105ca: K. Marczy\u0144ska, A. Karkulowska<br \/>\n<\/span><span style=\"font-family: times new roman, times\"><b><span style=\"color: #ff0000;font-size: 14pt\">Zebranie\u00a0 organizacyjne <span style=\"color: #000000\">godz. 17:00<\/span><\/span><br \/>\n<\/b><span style=\"color: #000000\"><strong>Temat:<\/strong> Zapoznanie rodzic\u00f3w z organizacj\u0105 pracy przedszkola na bie\u017c\u0105cy rok szkolny, dokumentami obowi\u0105zuj\u0105cymi w plac\u00f3wce. Sprawy r\u00f3\u017cne.<\/span><\/span><br \/>\n<span style=\"font-family: times new roman, times, serif\"><span style=\"font-family: times new roman, times;color: #000000\">Osoba prowadz\u0105ca: S.Kuropatwa<\/span><\/span><\/td>\n<\/tr>\n<tr style=\"height: 76px\">\n<td style=\"width: 24.6018%;height: 76px\">\n<p align=\"center\"><b><span style=\"font-size: 10pt\"><span style=\"color: #339966;font-size: 14pt;font-family: times new roman, times\">19<\/span><span style=\"font-family: times new roman, times, serif;font-size: 14pt\"><span style=\"color: #339966\">.11.2025<\/span><\/span><\/span><\/b><\/p>\n<\/td>\n<td style=\"width: 124.077%;height: 76px\"><b><span style=\"color: #ff0000;font-family: times new roman, times, serif;font-size: 14pt\">Konsultacje\u00a0 indyw<span style=\"font-family: times new roman, times\">id<span style=\"font-size: 14pt\">ualne<\/span><\/span><\/span><span style=\"font-family: times new roman, times;font-size: 14pt;color: #000000\"> godz. 16:00 &#8211; 17:00<\/span><br \/>\n<\/b><span style=\"font-family: times new roman, times, serif\"><span style=\"color: #000000\"><strong>Temat:<\/strong> Przedstawienie i om\u00f3wienie wynik\u00f3w obserwacji wst\u0119pnej dziecka. <b><br \/>\n<\/b><\/span><\/span><span style=\"font-family: times new roman, times, serif\"><span style=\"color: #000000\">Osoba prowadz\u0105ca: S.Kuropatwa<\/span><\/span><\/td>\n<\/tr>\n<tr style=\"height: 148px\">\n<td style=\"width: 24.6018%;height: 148px\">\n<p align=\"center\"><span style=\"font-family: times new roman, times, serif;font-size: 14pt;color: #339966\"><b>27.01.2026<\/b><\/span><\/p>\n<\/td>\n<td style=\"width: 124.077%;height: 148px\"><span style=\"font-family: times new roman, times, serif;font-size: 14pt;color: #ff0000\"><strong><b>Konsultacje\u00a0 indywidualne <span style=\"color: #000000\">godz. 16:00 &#8211; 17:00<\/span><br \/>\n<\/b><\/strong><\/span><span style=\"font-family: times new roman, times, serif;font-size: 12pt;color: #000000\"><strong>Temat:<\/strong> Podsumowanie pracy dydaktyczno \u2013 wychowawczej w grupie w pierwszym semestrze. Sprawy r\u00f3\u017cne.<b><br \/>\n<\/b><\/span><span style=\"font-family: times new roman, times, serif;font-size: 12pt;color: #000000\">Osoba prowadz\u0105ca: S. Kuropatwa<\/span><\/td>\n<\/tr>\n<tr style=\"height: 76px\">\n<td style=\"width: 24.6018%;height: 76px\">\n<p align=\"center\"><span style=\"font-family: times new roman, times, serif;font-size: 14pt;color: #339966\"><b>20.05.2026<\/b><\/span><\/p>\n<\/td>\n<td style=\"width: 124.077%;height: 76px\"><span style=\"color: #ff0000;font-family: times new roman, times, serif;font-size: 14pt\"><b>Konsultacje indywidualne <span style=\"color: #000000\">godz. 16:00 &#8211; 17:00<\/span><br \/>\n<\/b><\/span><span style=\"font-size: 12pt;font-family: times new roman, times;color: #000000\"><strong>Temat:<\/strong> Przedstawienie i om\u00f3wienie wynik\u00f3w obserwacji ko\u0144cowej dziecka.<br \/>\n<\/span><span style=\"font-size: 12pt;font-family: times new roman, times;color: #000000\">Osoba prowadz\u0105ca: S. Kuropatwa<\/span><\/td>\n<\/tr>\n<\/tbody>\n<\/table>\n<p>&nbsp;<\/p>\n","protected":false},"excerpt":{"rendered":"<p>GRUPA I \u2013 3 LATKI NAUCZYCIELE: mgr Sylwia Kuropatwa\u00a0 \u00a0 \u00a0 \u00a0 \u00a0 \u00a0 \u00a0 \u00a0 \u00a0 \u00a0 \u00a0 \u00a0e-mail: sylkur5510@edu.wroclaw.pl mgr Krystyna Marczy\u0144ska mgr Agnieszka Karkulowska POMOC NAUCZYCIELA: Monika [&hellip;]<\/p>\n","protected":false},"author":72,"featured_media":0,"parent":32,"menu_order":0,"comment_status":"closed","ping_status":"closed","template":"","meta":{"ngg_post_thumbnail":0,"footnotes":""},"class_list":["post-34","page","type-page","status-publish","hentry","clearfix"],"_links":{"self":[{"href":"https:\/\/przedszkole150.edu.wroclaw.pl\/index.php\/wp-json\/wp\/v2\/pages\/34","targetHints":{"allow":["GET"]}}],"collection":[{"href":"https:\/\/przedszkole150.edu.wroclaw.pl\/index.php\/wp-json\/wp\/v2\/pages"}],"about":[{"href":"https:\/\/przedszkole150.edu.wroclaw.pl\/index.php\/wp-json\/wp\/v2\/types\/page"}],"author":[{"embeddable":true,"href":"https:\/\/przedszkole150.edu.wroclaw.pl\/index.php\/wp-json\/wp\/v2\/users\/72"}],"replies":[{"embeddable":true,"href":"https:\/\/przedszkole150.edu.wroclaw.pl\/index.php\/wp-json\/wp\/v2\/comments?post=34"}],"version-history":[{"count":196,"href":"https:\/\/przedszkole150.edu.wroclaw.pl\/index.php\/wp-json\/wp\/v2\/pages\/34\/revisions"}],"predecessor-version":[{"id":8670,"href":"https:\/\/przedszkole150.edu.wroclaw.pl\/index.php\/wp-json\/wp\/v2\/pages\/34\/revisions\/8670"}],"up":[{"embeddable":true,"href":"https:\/\/przedszkole150.edu.wroclaw.pl\/index.php\/wp-json\/wp\/v2\/pages\/32"}],"wp:attachment":[{"href":"https:\/\/przedszkole150.edu.wroclaw.pl\/index.php\/wp-json\/wp\/v2\/media?parent=34"}],"curies":[{"name":"wp","href":"https:\/\/api.w.org\/{rel}","templated":true}]}}