
{"id":3597,"date":"2023-03-14T16:35:33","date_gmt":"2023-03-14T15:35:33","guid":{"rendered":"https:\/\/przedszkole150.edu.wroclaw.pl\/?page_id=3597"},"modified":"2023-03-14T16:35:33","modified_gmt":"2023-03-14T15:35:33","slug":"konkurs-milosc","status":"publish","type":"page","link":"https:\/\/przedszkole150.edu.wroclaw.pl\/index.php\/konkurs-milosc\/","title":{"rendered":"Konkurs &#8222;Mi\u0142o\u015b\u0107&#8230;"},"content":{"rendered":"<div class=\"wpb-content-wrapper\"><p>[vc_row][vc_column][vc_column_text]<strong>\u201eMI\u0141O\u015a\u0106, RADO\u015a\u0106, PRZYJA\u0179\u0143\u2026\u201d<\/strong><\/p>\n<p>Oliwia D. z gr. IX wzi\u0119\u0142a udzia\u0142 w og\u00f3lnopolskim walentynkowym konkursie plastycznym pod has\u0142em \u201eMi\u0142o\u015b\u0107, Rado\u015b\u0107, Przyja\u017a\u0144\u2026\u201d. Konkurs pod honorowym patronatem Lubelskiego Kuratora O\u015bwiaty.<\/p>\n<p>&nbsp;<\/p>\n<p>Cele konkursu:<\/p>\n<p>&#8211; rozwijanie kreatywno\u015bci, pomys\u0142owo\u015bci poprzez poszukiwanie r\u00f3\u017cnorodnych rozwi\u0105za\u0144 plastycznych (ciekawych materia\u0142\u00f3w i technik plastycznych),<\/p>\n<p>&#8211; rozwijanie wyobra\u017ani i zdolno\u015bci manualnych,<\/p>\n<p>&#8211; budzenie szacunku i przyja\u017ani do drugiego cz\u0142owieka.<\/p>\n<p>&nbsp;<\/p>\n<p>Organizator: Przedszkole Miejskie Nr 1 we W\u0142odawie oraz Burmistrz Miasta W\u0142odawa.<\/p>\n<p>Rozstrzygni\u0119cie konkursu: 14.02.2023r.<\/p>\n<p>Dyplom udzia\u0142u otrzyma\u0142a r\u00f3wnie\u017c nauczycielka przygotowuj\u0105ca dziecko do konkursu.<\/p>\n<p>&nbsp;<\/p>\n<p>[\/vc_column_text][\/vc_column][\/vc_row][vc_row][vc_column][vc_gallery type=&#8221;image_grid&#8221; images=&#8221;3598,3599&#8243;][\/vc_column][\/vc_row]<\/p>\n<\/div>","protected":false},"excerpt":{"rendered":"<p>[vc_row][vc_column][vc_column_text]\u201eMI\u0141O\u015a\u0106, RADO\u015a\u0106, PRZYJA\u0179\u0143\u2026\u201d Oliwia D. z gr. IX wzi\u0119\u0142a udzia\u0142 w og\u00f3lnopolskim walentynkowym konkursie plastycznym pod has\u0142em \u201eMi\u0142o\u015b\u0107, Rado\u015b\u0107, Przyja\u017a\u0144\u2026\u201d. Konkurs pod honorowym patronatem Lubelskiego Kuratora O\u015bwiaty. &nbsp; Cele konkursu: [&hellip;]<\/p>\n","protected":false},"author":264,"featured_media":0,"parent":0,"menu_order":0,"comment_status":"closed","ping_status":"closed","template":"","meta":{"ngg_post_thumbnail":0,"footnotes":""},"class_list":["post-3597","page","type-page","status-publish","hentry","clearfix"],"_links":{"self":[{"href":"https:\/\/przedszkole150.edu.wroclaw.pl\/index.php\/wp-json\/wp\/v2\/pages\/3597","targetHints":{"allow":["GET"]}}],"collection":[{"href":"https:\/\/przedszkole150.edu.wroclaw.pl\/index.php\/wp-json\/wp\/v2\/pages"}],"about":[{"href":"https:\/\/przedszkole150.edu.wroclaw.pl\/index.php\/wp-json\/wp\/v2\/types\/page"}],"author":[{"embeddable":true,"href":"https:\/\/przedszkole150.edu.wroclaw.pl\/index.php\/wp-json\/wp\/v2\/users\/264"}],"replies":[{"embeddable":true,"href":"https:\/\/przedszkole150.edu.wroclaw.pl\/index.php\/wp-json\/wp\/v2\/comments?post=3597"}],"version-history":[{"count":1,"href":"https:\/\/przedszkole150.edu.wroclaw.pl\/index.php\/wp-json\/wp\/v2\/pages\/3597\/revisions"}],"predecessor-version":[{"id":3600,"href":"https:\/\/przedszkole150.edu.wroclaw.pl\/index.php\/wp-json\/wp\/v2\/pages\/3597\/revisions\/3600"}],"wp:attachment":[{"href":"https:\/\/przedszkole150.edu.wroclaw.pl\/index.php\/wp-json\/wp\/v2\/media?parent=3597"}],"curies":[{"name":"wp","href":"https:\/\/api.w.org\/{rel}","templated":true}]}}