
{"id":3623,"date":"2023-03-14T16:58:44","date_gmt":"2023-03-14T15:58:44","guid":{"rendered":"https:\/\/przedszkole150.edu.wroclaw.pl\/?page_id=3623"},"modified":"2023-05-15T11:14:07","modified_gmt":"2023-05-15T09:14:07","slug":"aktywne-i-bezpieczne-ferie-zimowe","status":"publish","type":"page","link":"https:\/\/przedszkole150.edu.wroclaw.pl\/index.php\/aktywne-i-bezpieczne-ferie-zimowe\/","title":{"rendered":"AKTYWNE I BEZPIECZNE FERIE ZIMOWE"},"content":{"rendered":"<div class=\"wpb-content-wrapper\"><p>[vc_row][vc_column][vc_column_text]<strong>\u201eAKTYWNE I BEZPIECZNE FERIE ZIMOWE\u201d<\/strong><\/p>\n<p>Daryna S. z gr. IX otrzyma\u0142a wyr\u00f3\u017cnienie, Karolina K. z gr. IX wzi\u0119\u0142a udzia\u0142 w Og\u00f3lnopolskim Konkursie Plastycznym pt. \u201eAktywne i bezpieczne ferie zimowe\u201d.<\/p>\n<p>&nbsp;<\/p>\n<p>Cele konkursu:<\/p>\n<p>&#8211; promowanie aktywnego stylu \u017cycia,<\/p>\n<p>&#8211; popularyzacja bezpiecznych gier i zabaw w czasie wolnym,<\/p>\n<p>&#8211; rozbudzanie wyobra\u017ani plastycznej oraz w\u0142asnej kreatywno\u015bci,<\/p>\n<p>&#8211; kszta\u0142cenie umiej\u0119tno\u015bci wypowiadania si\u0119 r\u00f3\u017cnymi technikami plastycznymi,<\/p>\n<p>&#8211; poszerzanie wiedzy z zakresu r\u00f3\u017cnych technik plastycznych,<\/p>\n<p>&#8211; wdra\u017canie i rozwijanie samodzielnej pracy tw\u00f3rczej,<\/p>\n<p>&nbsp;<\/p>\n<p>Organizator: Zesp\u00f3\u0142 Nr 3 Przedszkola i Szko\u0142y Podstawowej im. Stanis\u0142awa Konarskiego w Krasnymstawie.<\/p>\n<p>Rozstrzygni\u0119cie konkursu: 27.02.2023r.<\/p>\n<p>Dyplom udzia\u0142u otrzyma\u0142a r\u00f3wnie\u017c nauczycielka przygotowuj\u0105ca dzieci do konkursu.<\/p>\n<p>[\/vc_column_text][vc_gallery type=&#8221;image_grid&#8221; images=&#8221;3624,3625,3626&#8243;][\/vc_column][\/vc_row]<\/p>\n<\/div>","protected":false},"excerpt":{"rendered":"<p>[vc_row][vc_column][vc_column_text]\u201eAKTYWNE I BEZPIECZNE FERIE ZIMOWE\u201d Daryna S. z gr. IX otrzyma\u0142a wyr\u00f3\u017cnienie, Karolina K. z gr. IX wzi\u0119\u0142a udzia\u0142 w Og\u00f3lnopolskim Konkursie Plastycznym pt. \u201eAktywne i bezpieczne ferie zimowe\u201d. &nbsp; [&hellip;]<\/p>\n","protected":false},"author":264,"featured_media":0,"parent":0,"menu_order":0,"comment_status":"closed","ping_status":"closed","template":"","meta":{"ngg_post_thumbnail":0,"footnotes":""},"class_list":["post-3623","page","type-page","status-publish","hentry","clearfix"],"_links":{"self":[{"href":"https:\/\/przedszkole150.edu.wroclaw.pl\/index.php\/wp-json\/wp\/v2\/pages\/3623","targetHints":{"allow":["GET"]}}],"collection":[{"href":"https:\/\/przedszkole150.edu.wroclaw.pl\/index.php\/wp-json\/wp\/v2\/pages"}],"about":[{"href":"https:\/\/przedszkole150.edu.wroclaw.pl\/index.php\/wp-json\/wp\/v2\/types\/page"}],"author":[{"embeddable":true,"href":"https:\/\/przedszkole150.edu.wroclaw.pl\/index.php\/wp-json\/wp\/v2\/users\/264"}],"replies":[{"embeddable":true,"href":"https:\/\/przedszkole150.edu.wroclaw.pl\/index.php\/wp-json\/wp\/v2\/comments?post=3623"}],"version-history":[{"count":1,"href":"https:\/\/przedszkole150.edu.wroclaw.pl\/index.php\/wp-json\/wp\/v2\/pages\/3623\/revisions"}],"predecessor-version":[{"id":3627,"href":"https:\/\/przedszkole150.edu.wroclaw.pl\/index.php\/wp-json\/wp\/v2\/pages\/3623\/revisions\/3627"}],"wp:attachment":[{"href":"https:\/\/przedszkole150.edu.wroclaw.pl\/index.php\/wp-json\/wp\/v2\/media?parent=3623"}],"curies":[{"name":"wp","href":"https:\/\/api.w.org\/{rel}","templated":true}]}}