
{"id":3725,"date":"2023-03-28T13:23:14","date_gmt":"2023-03-28T11:23:14","guid":{"rendered":"https:\/\/przedszkole150.edu.wroclaw.pl\/?page_id=3725"},"modified":"2023-03-28T13:23:25","modified_gmt":"2023-03-28T11:23:25","slug":"przedszkolak-w-europie","status":"publish","type":"page","link":"https:\/\/przedszkole150.edu.wroclaw.pl\/index.php\/przedszkolak-w-europie\/","title":{"rendered":"Przedszkolak w Europie"},"content":{"rendered":"<div class=\"wpb-content-wrapper\"><p>[vc_row][vc_column][vc_column_text]<\/p>\n<p>Matylda W. oraz Oliwia D. z gr. IX wzi\u0119\u0142y udzia\u0142 w og\u00f3lnopolskim konkursie plastycznym pod has\u0142em \u201ePrzedszkolak w Europie\u201d.<\/p>\n<p>&nbsp;<\/p>\n<p>Cele konkursu:<\/p>\n<p>&#8211; popularyzacja wiedzy na temat Europy;<\/p>\n<p>&#8211; odczuwanie przynale\u017cno\u015bci narodowej oraz europejskiej;<\/p>\n<p>&#8211; rozwijanie pomys\u0142owo\u015bci i kreatywno\u015bci dzieci poprzez tw\u00f3rczo\u015b\u0107 plastyczn\u0105;<\/p>\n<p>&#8211; kszta\u0142towanie zdolno\u015bci plastycznych;<\/p>\n<p>&#8211; wzmacnianie wiary we w\u0142asne mo\u017cliwo\u015bci.<\/p>\n<p>&nbsp;<\/p>\n<p>Organizator: Przedszkole Miejskie Nr 207 w \u0141odzi.<\/p>\n<p>Rozstrzygni\u0119cie konkursu: 20.03.2023r.<\/p>\n<p>&nbsp;<\/p>\n<p>Dyplom udzia\u0142u otrzyma\u0142a r\u00f3wnie\u017c nauczycielka przygotowuj\u0105ca dziecko do konkursu.<\/p>\n<p>[\/vc_column_text][vc_gallery type=&#8221;image_grid&#8221; images=&#8221;3726,3727,3728&#8243;][\/vc_column][\/vc_row]<\/p>\n<\/div>","protected":false},"excerpt":{"rendered":"<p>[vc_row][vc_column][vc_column_text] Matylda W. oraz Oliwia D. z gr. IX wzi\u0119\u0142y udzia\u0142 w og\u00f3lnopolskim konkursie plastycznym pod has\u0142em \u201ePrzedszkolak w Europie\u201d. &nbsp; Cele konkursu: &#8211; popularyzacja wiedzy na temat Europy; &#8211; [&hellip;]<\/p>\n","protected":false},"author":264,"featured_media":0,"parent":0,"menu_order":0,"comment_status":"closed","ping_status":"closed","template":"","meta":{"ngg_post_thumbnail":0,"footnotes":""},"class_list":["post-3725","page","type-page","status-publish","hentry","clearfix"],"_links":{"self":[{"href":"https:\/\/przedszkole150.edu.wroclaw.pl\/index.php\/wp-json\/wp\/v2\/pages\/3725","targetHints":{"allow":["GET"]}}],"collection":[{"href":"https:\/\/przedszkole150.edu.wroclaw.pl\/index.php\/wp-json\/wp\/v2\/pages"}],"about":[{"href":"https:\/\/przedszkole150.edu.wroclaw.pl\/index.php\/wp-json\/wp\/v2\/types\/page"}],"author":[{"embeddable":true,"href":"https:\/\/przedszkole150.edu.wroclaw.pl\/index.php\/wp-json\/wp\/v2\/users\/264"}],"replies":[{"embeddable":true,"href":"https:\/\/przedszkole150.edu.wroclaw.pl\/index.php\/wp-json\/wp\/v2\/comments?post=3725"}],"version-history":[{"count":1,"href":"https:\/\/przedszkole150.edu.wroclaw.pl\/index.php\/wp-json\/wp\/v2\/pages\/3725\/revisions"}],"predecessor-version":[{"id":3729,"href":"https:\/\/przedszkole150.edu.wroclaw.pl\/index.php\/wp-json\/wp\/v2\/pages\/3725\/revisions\/3729"}],"wp:attachment":[{"href":"https:\/\/przedszkole150.edu.wroclaw.pl\/index.php\/wp-json\/wp\/v2\/media?parent=3725"}],"curies":[{"name":"wp","href":"https:\/\/api.w.org\/{rel}","templated":true}]}}