
{"id":3731,"date":"2023-03-28T13:27:43","date_gmt":"2023-03-28T11:27:43","guid":{"rendered":"https:\/\/przedszkole150.edu.wroclaw.pl\/?page_id=3731"},"modified":"2023-03-28T13:27:43","modified_gmt":"2023-03-28T11:27:43","slug":"zajecia-biblioteczne","status":"publish","type":"page","link":"https:\/\/przedszkole150.edu.wroclaw.pl\/index.php\/zajecia-biblioteczne\/","title":{"rendered":"Zaj\u0119cia biblioteczne"},"content":{"rendered":"<div class=\"wpb-content-wrapper\"><p>[vc_row][vc_column][vc_column_text]ZAJ\u0118CIA W MIEJSKIEJ BIBLIOTECE PUBLICZNEJ<\/p>\n<p>Dnia 08.03.2023r. dzieci z gr. IX uda\u0142y si\u0119 do Miejskiej Biblioteki Publicznej Filia Nr 16, aby wzi\u0105\u0107 udzia\u0142 w zaj\u0119ciach czytelniczych.<\/p>\n<p>Motywem przewodnim zaj\u0119\u0107 by\u0142a ksi\u0105\u017cka Kumiko Yamamoto prezentowana w formie ilustrowanych kart narracyjnych pt. \u201cSzukaj\u0105c Marudka\u201d. Po wys\u0142uchaniu, dzieci ch\u0119tnie udziela\u0142y odpowiedzi na pytania dotycz\u0105ce utworu. Warsztatem plastycznym by\u0142o wykonanie kartki, z numerem alarmowym 112. Dzieci mia\u0142y r\u00f3wnie\u017c mo\u017cliwo\u015b\u0107 zapoznania si\u0119 z ksi\u0119gozbiorem biblioteki.<\/p>\n<p>Na zako\u0144czenie, ka\u017cdy uczestnik otrzyma\u0142 zak\u0142adk\u0119 do ksi\u0105\u017cki.[\/vc_column_text][vc_gallery type=&#8221;image_grid&#8221; images=&#8221;3732,3733,3734,3735&#8243;][\/vc_column][\/vc_row]<\/p>\n<\/div>","protected":false},"excerpt":{"rendered":"<p>[vc_row][vc_column][vc_column_text]ZAJ\u0118CIA W MIEJSKIEJ BIBLIOTECE PUBLICZNEJ Dnia 08.03.2023r. dzieci z gr. IX uda\u0142y si\u0119 do Miejskiej Biblioteki Publicznej Filia Nr 16, aby wzi\u0105\u0107 udzia\u0142 w zaj\u0119ciach czytelniczych. Motywem przewodnim zaj\u0119\u0107 by\u0142a [&hellip;]<\/p>\n","protected":false},"author":264,"featured_media":0,"parent":0,"menu_order":0,"comment_status":"closed","ping_status":"closed","template":"","meta":{"ngg_post_thumbnail":0,"footnotes":""},"class_list":["post-3731","page","type-page","status-publish","hentry","clearfix"],"_links":{"self":[{"href":"https:\/\/przedszkole150.edu.wroclaw.pl\/index.php\/wp-json\/wp\/v2\/pages\/3731","targetHints":{"allow":["GET"]}}],"collection":[{"href":"https:\/\/przedszkole150.edu.wroclaw.pl\/index.php\/wp-json\/wp\/v2\/pages"}],"about":[{"href":"https:\/\/przedszkole150.edu.wroclaw.pl\/index.php\/wp-json\/wp\/v2\/types\/page"}],"author":[{"embeddable":true,"href":"https:\/\/przedszkole150.edu.wroclaw.pl\/index.php\/wp-json\/wp\/v2\/users\/264"}],"replies":[{"embeddable":true,"href":"https:\/\/przedszkole150.edu.wroclaw.pl\/index.php\/wp-json\/wp\/v2\/comments?post=3731"}],"version-history":[{"count":1,"href":"https:\/\/przedszkole150.edu.wroclaw.pl\/index.php\/wp-json\/wp\/v2\/pages\/3731\/revisions"}],"predecessor-version":[{"id":3736,"href":"https:\/\/przedszkole150.edu.wroclaw.pl\/index.php\/wp-json\/wp\/v2\/pages\/3731\/revisions\/3736"}],"wp:attachment":[{"href":"https:\/\/przedszkole150.edu.wroclaw.pl\/index.php\/wp-json\/wp\/v2\/media?parent=3731"}],"curies":[{"name":"wp","href":"https:\/\/api.w.org\/{rel}","templated":true}]}}