
{"id":3872,"date":"2023-04-05T16:07:10","date_gmt":"2023-04-05T14:07:10","guid":{"rendered":"https:\/\/przedszkole150.edu.wroclaw.pl\/?page_id=3872"},"modified":"2023-04-05T16:12:04","modified_gmt":"2023-04-05T14:12:04","slug":"ucze-sie-bezpiecznie-zyc","status":"publish","type":"page","link":"https:\/\/przedszkole150.edu.wroclaw.pl\/index.php\/ucze-sie-bezpiecznie-zyc\/","title":{"rendered":"Ucze si\u0119 bezpiecznie \u017cy\u0107"},"content":{"rendered":"<div class=\"wpb-content-wrapper\"><p>[vc_row][vc_column][vc_column_text]Dnia 03.04.2023r. dru\u017cyna dzieci z gr. IX w sk\u0142adzie: Urszula \u015a., Mieszko B., Piotr K., wzi\u0119li udzia\u0142 w P\u00f3\u0142finale wojew\u00f3dztwa dolno\u015bl\u0105skiego XVIII Konkursu dla Dzieci i M\u0142odzie\u017cy pn. \u201cUcz\u0119 si\u0119 bezpiecznie \u017cy\u0107\u201d pod honorowym patronatem Ma\u0142\u017conki Prezydenta RP, Pani Agaty Kornhauser \u2013 Dudy.<\/p>\n<p>Zmagania dru\u017cyn odbywa\u0142y si\u0119 w gmachu Uniwersytetu Przyrodniczego we Wroc\u0142awiu.<\/p>\n<p>Obszary Programu zawartego w Za\u0142o\u017ceniach Programowych w ramach Konkursu \u201eUcz\u0119 si\u0119 bezpiecznie \u017cy\u0107\u201d 2023:<\/p>\n<p>\u00b7 Bezpiecze\u0144stwo ekologiczne \u2013 edukacja ekologiczna<\/p>\n<p>\u00b7 Bezpiecze\u0144stwo dnia codziennego<\/p>\n<p>Cel: Podnoszenie poziomu \u015bwiadomo\u015bci kultury bezpiecze\u0144stwa ekologicznego w warunkach zr\u00f3wnowa\u017conego rozwoju.<\/p>\n<p>Konkurs jest sprawdzianem wiedzy i umiej\u0119tno\u015bci. Sprawdzian dotyczy rozwi\u0105zywania problem\u00f3w na stacjach konkursowych. Odbywa si\u0119 w ramach realizacji programu edukacyjnego: Ochrona ludno\u015bci w edukacji przedszkolnej i szkolnej.<\/p>\n<p>Podczas zmaga\u0144 konkursowych dzieci stan\u0119\u0142y przed wyzwaniami praktycznymi:<\/p>\n<p>&#8211; Segregacja odpad\u00f3w,<\/p>\n<p>&#8211; Udzielanie pierwszej pomocy potrzebuj\u0105cym: w sytuacji oparzenia gor\u0105c\u0105 wod\u0105, w sytuacji skaleczenia,<\/p>\n<p>&#8211; Bezpiecze\u0144stwo w kontakcie z psem, opieka nad zwierz\u0119tami w domu,<\/p>\n<p>&#8211; Zachowanie w sytuacji zagro\u017cenia: po\u017car w mieszkaniu,<\/p>\n<p>&#8211; Oszcz\u0119dzanie energii elektrycznej \u2013 quiz wiedzy.<\/p>\n<p>Organizatorem Konkursu na obszarze Wojew\u00f3dztwa Dolno\u015bl\u0105skiego jest Euroregion Nysa wsp\u00f3lnie z Zarz\u0105dem Wojew\u00f3dztwa Dolno\u015bl\u0105skiego.<\/p>\n<p>Wsp\u00f3\u0142praca: Kuratorium O\u015bwiaty we Wroc\u0142awiu.<\/p>\n<p>Dru\u017cyna zosta\u0142a przygotowana przez nauczycielk\u0119: Katarzyn\u0119 Ciastek.<\/p>\n<p>Do realizacji konkursu w\u0142\u0105czy\u0142y si\u0119 nast\u0119puj\u0105ce instytucje:<\/p>\n<p>&#8211; Pogotowie Ratunkowe Wroc\u0142aw,<\/p>\n<p>&#8211; Komenda Wojew\u00f3dzka Policji we Wroc\u0142awiu,<\/p>\n<p>&#8211; Wodne Ochotnicze Pogotowie Ratunkowe,<\/p>\n<p>&#8211; Stra\u017c Graniczna Wroc\u0142aw,<\/p>\n<p>&#8211; Wojew\u00f3dzka stacja sanitarno \u2013 epidemiologiczna,<\/p>\n<p>&#8211; Stra\u017c Miejska Wroc\u0142aw,<\/p>\n<p>&#8211; MPK Wroc\u0142aw,<\/p>\n<p>&#8211; Komendy Miejskiej Pa\u0144stwowej Stra\u017cy Po\u017carnej<\/p>\n<p>&#8211; Stra\u017c Ochrony Kolei Wroc\u0142aw i Jelenia G\u00f3ra<\/p>\n<p>&#8211; Lasy Pa\u0144stwowe<\/p>\n<p>Wspomaganie dzia\u0142a\u0144: studenci Dolno\u015bl\u0105skiej Policealnej Szko\u0142y Medycznej we Wroc\u0142awiu.<\/p>\n<p>&nbsp;<\/p>\n<p>GRATULUJEMY UDZIA\u0141U![\/vc_column_text][vc_gallery type=&#8221;image_grid&#8221; images=&#8221;3879,3880,3881,3882,3883,3884,3873,3874,3875&#8243;][\/vc_column][\/vc_row]<\/p>\n<\/div>","protected":false},"excerpt":{"rendered":"<p>[vc_row][vc_column][vc_column_text]Dnia 03.04.2023r. dru\u017cyna dzieci z gr. IX w sk\u0142adzie: Urszula \u015a., Mieszko B., Piotr K., wzi\u0119li udzia\u0142 w P\u00f3\u0142finale wojew\u00f3dztwa dolno\u015bl\u0105skiego XVIII Konkursu dla Dzieci i M\u0142odzie\u017cy pn. \u201cUcz\u0119 si\u0119 [&hellip;]<\/p>\n","protected":false},"author":201,"featured_media":0,"parent":0,"menu_order":0,"comment_status":"closed","ping_status":"closed","template":"","meta":{"ngg_post_thumbnail":0,"footnotes":""},"class_list":["post-3872","page","type-page","status-publish","hentry","clearfix"],"_links":{"self":[{"href":"https:\/\/przedszkole150.edu.wroclaw.pl\/index.php\/wp-json\/wp\/v2\/pages\/3872","targetHints":{"allow":["GET"]}}],"collection":[{"href":"https:\/\/przedszkole150.edu.wroclaw.pl\/index.php\/wp-json\/wp\/v2\/pages"}],"about":[{"href":"https:\/\/przedszkole150.edu.wroclaw.pl\/index.php\/wp-json\/wp\/v2\/types\/page"}],"author":[{"embeddable":true,"href":"https:\/\/przedszkole150.edu.wroclaw.pl\/index.php\/wp-json\/wp\/v2\/users\/201"}],"replies":[{"embeddable":true,"href":"https:\/\/przedszkole150.edu.wroclaw.pl\/index.php\/wp-json\/wp\/v2\/comments?post=3872"}],"version-history":[{"count":3,"href":"https:\/\/przedszkole150.edu.wroclaw.pl\/index.php\/wp-json\/wp\/v2\/pages\/3872\/revisions"}],"predecessor-version":[{"id":3886,"href":"https:\/\/przedszkole150.edu.wroclaw.pl\/index.php\/wp-json\/wp\/v2\/pages\/3872\/revisions\/3886"}],"wp:attachment":[{"href":"https:\/\/przedszkole150.edu.wroclaw.pl\/index.php\/wp-json\/wp\/v2\/media?parent=3872"}],"curies":[{"name":"wp","href":"https:\/\/api.w.org\/{rel}","templated":true}]}}