
{"id":3971,"date":"2023-04-18T15:05:43","date_gmt":"2023-04-18T13:05:43","guid":{"rendered":"https:\/\/przedszkole150.edu.wroclaw.pl\/?page_id=3971"},"modified":"2023-04-18T15:05:43","modified_gmt":"2023-04-18T13:05:43","slug":"podziekowania-od-powstancowslaskich","status":"publish","type":"page","link":"https:\/\/przedszkole150.edu.wroclaw.pl\/index.php\/podziekowania-od-powstancowslaskich\/","title":{"rendered":"Podzi\u0119kowania od Powsta\u0144c\u00f3w\u015al\u0105skich"},"content":{"rendered":"<div class=\"wpb-content-wrapper\"><p>[vc_row][vc_column][vc_column_text]Pan Stanis\u0142aw i Pani Maria, nasi zaprzyja\u017anieni Powsta\u0144cy \u015al\u0105scy, dzi\u0119kuj\u0105 wszystkim przedszkolakom za pami\u0119\u0107 i r\u00f3wnie\u017c przes\u0142ali nam wielkanocne \u017cyczenia.<\/p>\n<p>[\/vc_column_text][vc_gallery type=&#8221;image_grid&#8221; images=&#8221;3973&#8243;][\/vc_column][\/vc_row]<\/p>\n<\/div>","protected":false},"excerpt":{"rendered":"<p>[vc_row][vc_column][vc_column_text]Pan Stanis\u0142aw i Pani Maria, nasi zaprzyja\u017anieni Powsta\u0144cy \u015al\u0105scy, dzi\u0119kuj\u0105 wszystkim przedszkolakom za pami\u0119\u0107 i r\u00f3wnie\u017c przes\u0142ali nam wielkanocne \u017cyczenia. [\/vc_column_text][vc_gallery type=&#8221;image_grid&#8221; images=&#8221;3973&#8243;][\/vc_column][\/vc_row]<\/p>\n","protected":false},"author":264,"featured_media":0,"parent":0,"menu_order":0,"comment_status":"closed","ping_status":"closed","template":"","meta":{"ngg_post_thumbnail":0,"footnotes":""},"class_list":["post-3971","page","type-page","status-publish","hentry","clearfix"],"_links":{"self":[{"href":"https:\/\/przedszkole150.edu.wroclaw.pl\/index.php\/wp-json\/wp\/v2\/pages\/3971","targetHints":{"allow":["GET"]}}],"collection":[{"href":"https:\/\/przedszkole150.edu.wroclaw.pl\/index.php\/wp-json\/wp\/v2\/pages"}],"about":[{"href":"https:\/\/przedszkole150.edu.wroclaw.pl\/index.php\/wp-json\/wp\/v2\/types\/page"}],"author":[{"embeddable":true,"href":"https:\/\/przedszkole150.edu.wroclaw.pl\/index.php\/wp-json\/wp\/v2\/users\/264"}],"replies":[{"embeddable":true,"href":"https:\/\/przedszkole150.edu.wroclaw.pl\/index.php\/wp-json\/wp\/v2\/comments?post=3971"}],"version-history":[{"count":1,"href":"https:\/\/przedszkole150.edu.wroclaw.pl\/index.php\/wp-json\/wp\/v2\/pages\/3971\/revisions"}],"predecessor-version":[{"id":3974,"href":"https:\/\/przedszkole150.edu.wroclaw.pl\/index.php\/wp-json\/wp\/v2\/pages\/3971\/revisions\/3974"}],"wp:attachment":[{"href":"https:\/\/przedszkole150.edu.wroclaw.pl\/index.php\/wp-json\/wp\/v2\/media?parent=3971"}],"curies":[{"name":"wp","href":"https:\/\/api.w.org\/{rel}","templated":true}]}}