
{"id":3980,"date":"2023-04-19T13:22:00","date_gmt":"2023-04-19T11:22:00","guid":{"rendered":"https:\/\/przedszkole150.edu.wroclaw.pl\/?page_id=3980"},"modified":"2023-04-19T13:22:07","modified_gmt":"2023-04-19T11:22:07","slug":"niebieskie-igrzyska","status":"publish","type":"page","link":"https:\/\/przedszkole150.edu.wroclaw.pl\/index.php\/niebieskie-igrzyska\/","title":{"rendered":"Niebieskie igrzyska"},"content":{"rendered":"<div class=\"wpb-content-wrapper\"><p>[vc_row][vc_column][vc_column_text]<span style=\"color: #0000ff\"><strong>NIEBIESKIE IGRZYSKA\u00a0 w Przedszkolu nr 150 \u201eWeso\u0142e Nutki\u201d<\/strong><\/span><\/p>\n<p>Z okazji \u015awiatowego Dnia \u015awiadomo\u015bci Autyzmu, kt\u00f3rego obchody przypadaj\u0105 2 kwietnia, nasze przedszkole do\u0142\u0105czy\u0142o do og\u00f3lnopolskiej akcji <span style=\"color: #0000ff\"><strong>Niebieskich Igrzysk 2023<\/strong>.<\/span><\/p>\n<p>Jest to wydarzenie o charakterze edukacyjnym i sportowo-integracyjnym, kt\u00f3rego celem jest pokazanie, \u017ce ka\u017cdy mo\u017ce by\u0107 sportowcem i ka\u017cdy ma szans\u0119 osi\u0105gn\u0105\u0107 sukces na miar\u0119 swoich mo\u017cliwo\u015bci. Konkurencje dru\u017cynowe s\u0142u\u017c\u0105 integracji oraz rozwijaniu i wzmacnianiu wi\u0119zi. Akcja ma r\u00f3wnie\u017c na celu zwi\u0119kszenie wra\u017cliwo\u015bci i \u015bwiadomo\u015bci spo\u0142ecznej na temat autyzmu.<\/p>\n<p>Igrzyska \u00a0zosta\u0142y przeprowadzone w pi\u0105tek 14.04.2023r. \u00a0Tego dnia w naszym przedszkolu kr\u00f3lowa\u0142 kolor niebieski, zar\u00f3wno w\u015br\u00f3d naszych ubra\u0144, jak r\u00f3wnie\u017c dekoracji w salach i korytarzach. Podczas imprezy zorganizowali\u015bmy r\u00f3\u017cnorodne konkurencje sportowe, w kt\u00f3rych dzieci ze wszystkich grup mog\u0142y wykaza\u0107 si\u0119 sprawno\u015bci\u0105 fizyczn\u0105 oraz zdolno\u015bci\u0105 do podejmowania dzia\u0142a\u0144 w r\u00f3\u017cnych sytuacjach. By\u0142a to te\u017c doskona\u0142a okazja do uczenia si\u0119 wsp\u00f3\u0142pracy i pokonywania barier. Wszyscy doskonale si\u0119 bawili\u015bmy!<\/p>\n<p>&nbsp;<\/p>\n<p><strong>\u00a0<\/strong>[\/vc_column_text][vc_gallery type=&#8221;image_grid&#8221; images=&#8221;3981,3982,3983,3984,3985,3986,3987,3988,3989,3990,3991,3992,3993,3994,3995&#8243;][\/vc_column][\/vc_row]<\/p>\n<\/div>","protected":false},"excerpt":{"rendered":"<p>[vc_row][vc_column][vc_column_text]NIEBIESKIE IGRZYSKA\u00a0 w Przedszkolu nr 150 \u201eWeso\u0142e Nutki\u201d Z okazji \u015awiatowego Dnia \u015awiadomo\u015bci Autyzmu, kt\u00f3rego obchody przypadaj\u0105 2 kwietnia, nasze przedszkole do\u0142\u0105czy\u0142o do og\u00f3lnopolskiej akcji Niebieskich Igrzysk 2023. Jest to [&hellip;]<\/p>\n","protected":false},"author":264,"featured_media":0,"parent":0,"menu_order":0,"comment_status":"closed","ping_status":"closed","template":"","meta":{"ngg_post_thumbnail":0,"footnotes":""},"class_list":["post-3980","page","type-page","status-publish","hentry","clearfix"],"_links":{"self":[{"href":"https:\/\/przedszkole150.edu.wroclaw.pl\/index.php\/wp-json\/wp\/v2\/pages\/3980","targetHints":{"allow":["GET"]}}],"collection":[{"href":"https:\/\/przedszkole150.edu.wroclaw.pl\/index.php\/wp-json\/wp\/v2\/pages"}],"about":[{"href":"https:\/\/przedszkole150.edu.wroclaw.pl\/index.php\/wp-json\/wp\/v2\/types\/page"}],"author":[{"embeddable":true,"href":"https:\/\/przedszkole150.edu.wroclaw.pl\/index.php\/wp-json\/wp\/v2\/users\/264"}],"replies":[{"embeddable":true,"href":"https:\/\/przedszkole150.edu.wroclaw.pl\/index.php\/wp-json\/wp\/v2\/comments?post=3980"}],"version-history":[{"count":1,"href":"https:\/\/przedszkole150.edu.wroclaw.pl\/index.php\/wp-json\/wp\/v2\/pages\/3980\/revisions"}],"predecessor-version":[{"id":3996,"href":"https:\/\/przedszkole150.edu.wroclaw.pl\/index.php\/wp-json\/wp\/v2\/pages\/3980\/revisions\/3996"}],"wp:attachment":[{"href":"https:\/\/przedszkole150.edu.wroclaw.pl\/index.php\/wp-json\/wp\/v2\/media?parent=3980"}],"curies":[{"name":"wp","href":"https:\/\/api.w.org\/{rel}","templated":true}]}}