
{"id":3998,"date":"2023-04-19T13:27:53","date_gmt":"2023-04-19T11:27:53","guid":{"rendered":"https:\/\/przedszkole150.edu.wroclaw.pl\/?page_id=3998"},"modified":"2023-04-19T13:27:58","modified_gmt":"2023-04-19T11:27:58","slug":"wycieczka-do-krzeptowa","status":"publish","type":"page","link":"https:\/\/przedszkole150.edu.wroclaw.pl\/index.php\/wycieczka-do-krzeptowa\/","title":{"rendered":"Wycieczka do Krzeptowa"},"content":{"rendered":"<div class=\"wpb-content-wrapper\"><p>[vc_row][vc_column][vc_column_text]<span style=\"color: #008000\"><strong>WYCIECZKA DO KRZEPTOWA \u201eZIELONA DOLINA\u201d<\/strong><\/span><\/p>\n<p>W dniu 18.04.2023 r. dzieci z grupy IV wybra\u0142y si\u0119 na wycieczk\u0119 autokarow\u0105 do Krzeptowa do \u201eZielonej Doliny\u201d.<\/p>\n<p>Dzieci mia\u0142y okazj\u0119 zwiedzi\u0107 wraz z przewodnikiem Gospodarstwo, kt\u00f3ry\u00a0 opowiada\u0142 przedszkolakom o \u017cyciu na wsi, obowi\u0105zkach Rolnika i zwierz\u0119tach. Mieli\u015bmy mo\u017cliwo\u015b\u0107 zobaczenia jak zwierz\u0119ta \u017cyj\u0105, gdzie \u015bpi\u0105 oraz w jaki spos\u00f3b doi si\u0119 kozy. Zwiedzili\u015bmy r\u00f3wnie\u017c ogr\u00f3dek wiejski i sadzili\u015bmy w\u0142asn\u0105 ro\u015blink\u0119, fasolk\u0119, kt\u00f3r\u0105 zabrali\u015bmy do przedszkola. Du\u017c\u0105 atrakcj\u0105 cieszy\u0142a si\u0119 konkurencja \u201ePasowanie na koziego genera\u0142a\u201d \u2013 wydojenie (sztucznej) kozy \u0141atki. Mieli\u015bmy r\u00f3wnie\u017c czas wolny na \u015bwie\u017cym powietrzu, kt\u00f3ry sp\u0119dzili\u015bmy na placu zabaw, korzystaj\u0105c z wielu atrakcji.<\/p>\n<p>[\/vc_column_text][vc_gallery type=&#8221;image_grid&#8221; images=&#8221;3999,4000,4001,4002,4003,4004&#8243;][\/vc_column][\/vc_row]<\/p>\n<\/div>","protected":false},"excerpt":{"rendered":"<p>[vc_row][vc_column][vc_column_text]WYCIECZKA DO KRZEPTOWA \u201eZIELONA DOLINA\u201d W dniu 18.04.2023 r. dzieci z grupy IV wybra\u0142y si\u0119 na wycieczk\u0119 autokarow\u0105 do Krzeptowa do \u201eZielonej Doliny\u201d. Dzieci mia\u0142y okazj\u0119 zwiedzi\u0107 wraz z przewodnikiem [&hellip;]<\/p>\n","protected":false},"author":264,"featured_media":0,"parent":0,"menu_order":0,"comment_status":"closed","ping_status":"closed","template":"","meta":{"ngg_post_thumbnail":0,"footnotes":""},"class_list":["post-3998","page","type-page","status-publish","hentry","clearfix"],"_links":{"self":[{"href":"https:\/\/przedszkole150.edu.wroclaw.pl\/index.php\/wp-json\/wp\/v2\/pages\/3998","targetHints":{"allow":["GET"]}}],"collection":[{"href":"https:\/\/przedszkole150.edu.wroclaw.pl\/index.php\/wp-json\/wp\/v2\/pages"}],"about":[{"href":"https:\/\/przedszkole150.edu.wroclaw.pl\/index.php\/wp-json\/wp\/v2\/types\/page"}],"author":[{"embeddable":true,"href":"https:\/\/przedszkole150.edu.wroclaw.pl\/index.php\/wp-json\/wp\/v2\/users\/264"}],"replies":[{"embeddable":true,"href":"https:\/\/przedszkole150.edu.wroclaw.pl\/index.php\/wp-json\/wp\/v2\/comments?post=3998"}],"version-history":[{"count":1,"href":"https:\/\/przedszkole150.edu.wroclaw.pl\/index.php\/wp-json\/wp\/v2\/pages\/3998\/revisions"}],"predecessor-version":[{"id":4005,"href":"https:\/\/przedszkole150.edu.wroclaw.pl\/index.php\/wp-json\/wp\/v2\/pages\/3998\/revisions\/4005"}],"wp:attachment":[{"href":"https:\/\/przedszkole150.edu.wroclaw.pl\/index.php\/wp-json\/wp\/v2\/media?parent=3998"}],"curies":[{"name":"wp","href":"https:\/\/api.w.org\/{rel}","templated":true}]}}