
{"id":40,"date":"2021-04-19T14:43:32","date_gmt":"2021-04-19T12:43:32","guid":{"rendered":"http:\/\/przedszkole150.edu.wroclaw.pl\/?page_id=40"},"modified":"2026-02-05T07:02:23","modified_gmt":"2026-02-05T06:02:23","slug":"grupa-iv","status":"publish","type":"page","link":"https:\/\/przedszkole150.edu.wroclaw.pl\/index.php\/grupy\/grupa-iv\/","title":{"rendered":"Grupa IV"},"content":{"rendered":"<div class=\"wpb-content-wrapper\"><h3><span style=\"color: #008000;font-size: 14pt;font-family: georgia, palatino\"><strong>GRUPA IV 4 &#8211; latki<\/strong><\/span><\/h3>\n<p>&nbsp;<\/p>\n<h3><span style=\"font-size: 14pt;color: #008000;font-family: georgia, palatino\"><strong>NAUCZYCIELE:<\/strong><\/span><\/h3>\n<p>Monika\u00a0\u00a0 Gilarska\u00a0 e-mail: mongil9998@edu.wroclaw.pl<br \/>\nAldona Sawicka\u00a0 \u00a0 e-mail: aldsaw2917@edu.wroclaw.pl<\/p>\n<p>&nbsp;<\/p>\n<p><span style=\"font-family: georgia, palatino;font-size: 14pt;color: #008000\"><strong>GODZINY PRACY ODDZIA\u0141U:<\/strong><\/span><\/p>\n<p><span style=\"font-family: georgia, palatino;font-size: 14pt\"><strong>W godzinach:<\/strong><\/span><\/p>\n<p><span style=\"font-family: georgia, palatino;font-size: 14pt\">\u2660 06:30 &#8211; 08:30;<\/span><\/p>\n<p><span style=\"font-family: georgia, palatino;font-size: 14pt\">\u2660 15:00 &#8211; 17:00;<\/span><\/p>\n<p><span style=\"font-family: georgia, palatino;font-size: 14pt\">\u2660 oraz w ramach potrzeb organizacyjnych Przedszkole funkcjonuje w grupach mi\u0119dzyoddzia\u0142owych.<\/span><\/p>\n<p><span style=\"font-family: georgia, palatino;font-size: 14pt\">Informacja o miejscu przebywania dzieci b\u0119dzie umieszczona na drzwiach sali.<br \/>\n<\/span><\/p>\n<p>&nbsp;<\/p>\n<p>&nbsp;<\/p>\n<p><span style=\"color: #008000\">PLAN DYDAKTYCZNO- WYCHOWAWCZY GRUPY IV:<\/span><\/p>\n<div id=\"pe-content\" class=\"col-md-12\">\n<article class=\"post-392 page type-page status-publish clearfix\">\n<div class=\"pe-article-content\">\n<div class=\"wpb-content-wrapper\">\n<div class=\"vc_row wpb_row vc_row-fluid\">\n<div class=\"wpb_column vc_column_container vc_col-sm-12\">\n<div class=\"vc_column-inner\">\n<div class=\"wpb_wrapper\">\n<div class=\"wpb_text_column wpb_content_element\">\n<div class=\"wpb_wrapper\">\n<div id=\"pe-content-part\" role=\"main\">\n<div id=\"pe-content-part-in\" class=\"pe-container\">\n<div class=\"pe-row\">\n<div id=\"pe-content\" class=\"col-md-12\">\n<article class=\"post-392 page type-page status-publish clearfix\">\n<div class=\"pe-article-content\">\n<div class=\"wpb-content-wrapper\">\n<div class=\"vc_row wpb_row vc_row-fluid\">\n<div class=\"wpb_column vc_column_container vc_col-sm-12\">\n<div class=\"vc_column-inner\">\n<div class=\"wpb_wrapper\">\n<div class=\"wpb_text_column wpb_content_element\">\n<div class=\"wpb_wrapper\">\n<div class=\"pe-article-content\">\n<div class=\"pe-article-content\">\n<h4><b>ZAMIERZENIA WYCHOWAWCZO-DYDAKTYCZNE LUTY<\/b><\/h4>\n<h4><b>Tydzie\u0144 I<\/b><br \/>\n<b>Kr\u0105g tematyczny: Jaka to melodia?<\/b><br \/>\n<b>Cele og\u00f3lne<\/b><\/h4>\n<h4>Obszar fizyczny<\/h4>\n<ul>\n<li>\n<h4><span data-contrast=\"none\"> rozwijanie wielokierunkowej aktywno\u015bci dziecka<\/span><\/h4>\n<\/li>\n<li>\n<h4><span data-contrast=\"none\"> wdra\u017canie do komunikowania potrzeby ruchu i odpoczynku<\/span><\/h4>\n<\/li>\n<li>\n<h4><span data-contrast=\"none\"> kszta\u0142towanie nawyku zg\u0142aszania potrzeb fizjologicznych<\/span><\/h4>\n<\/li>\n<\/ul>\n<h4>Obszar emocjonalny<\/h4>\n<ul>\n<li>\n<h4><span data-contrast=\"none\"> rozwijanie umiej\u0119tno\u015bci rozumienia siebie, swoich uczu\u0107 i emocji<\/span><\/h4>\n<\/li>\n<li>\n<h4><span data-contrast=\"none\"> doskonalenie umiej\u0119tno\u015bci wyra\u017cania w\u0142asnych emocji w spos\u00f3b spo\u0142ecznie akceptowany<\/span><\/h4>\n<\/li>\n<li>\n<h4><span data-contrast=\"none\"> przygotowywanie do rozumienia uczu\u0107 i emocji w\u0142asnych i innych ludzi wywo\u0142anych kontaktem z muzyk\u0105<\/span><\/h4>\n<\/li>\n<\/ul>\n<h4>Obszar spo\u0142eczny<\/h4>\n<ul>\n<li>\n<h4><span data-contrast=\"none\"> wdra\u017canie do czynnego i zgodnego wsp\u00f3\u0142dzia\u0142ania w zespole r\u00f3wie\u015bniczym<\/span><\/h4>\n<\/li>\n<li>\n<h4><span data-contrast=\"none\"> wdra\u017canie do przestrzegania ustalonych regu\u0142 i zasad obowi\u0105zuj\u0105cych podczas pobytu w przedszkolu<\/span><\/h4>\n<\/li>\n<li>\n<h4><span data-contrast=\"none\"> kszta\u0142towanie postaw prospo\u0142ecznych \u2013 czerpanie rado\u015bci ze wsp\u00f3lnego muzykowania<\/span><\/h4>\n<\/li>\n<\/ul>\n<h4>Obszar poznawczy<\/h4>\n<ul>\n<li>\n<h4><span data-contrast=\"none\"> wzbogacanie czynnego i biernego s\u0142ownictwa zwi\u0105zanego z muzyk\u0105 (cisza, d\u017awi\u0119ki wysokie i niskie, ciche i g\u0142o\u015bne, kr\u00f3tkie i d\u0142ugie, nazwy instrument\u00f3w, ta\u0144ce i pl\u0105sy)<\/span><\/h4>\n<\/li>\n<li>\n<h4><span data-contrast=\"none\"> poznanie zawod\u00f3w: muzyk\/muzyczka, pianista\/pianistka, kompozytor\/kompozytorka, piosenkarz\/piosenkarka<\/span><\/h4>\n<\/li>\n<li>\n<h4><span data-contrast=\"none\"> rozwijanie naturalnej kreatywno\u015bci dziecka w r\u00f3\u017cnych formach aktywno\u015bci<\/span><\/h4>\n<\/li>\n<\/ul>\n<h4><b>Tydzie\u0144 II<\/b><br \/>\n<b>Kr\u0105g tematyczny: Plastyczne eksperymenty<\/b><br \/>\n<b>Cele og\u00f3lne<\/b><br \/>\nObszar fizyczny<\/h4>\n<ul>\n<li>\n<h4><span data-contrast=\"none\"> rozwijanie sprawno\u015bci fizycznej oraz koordynacji ruchowej podczas zabaw ruchowych i gimnastycznych<\/span><\/h4>\n<\/li>\n<li>\n<h4><span data-contrast=\"none\"> rozwijanie precyzji i szybko\u015bci ruch\u00f3w (motoryka ma\u0142a)<\/span><\/h4>\n<\/li>\n<li>\n<h4><span data-contrast=\"none\"> kszta\u0142towanie czynno\u015bci samoobs\u0142ugowych \u2013 rozk\u0142adanie przybor\u00f3w do prac plastycznych oraz technicznych i sprz\u0105tanie po zaj\u0119ciach<\/span><\/h4>\n<\/li>\n<li>\n<h4><span data-contrast=\"none\"> kszta\u0142towanie nawyku zg\u0142aszania potrzeb fizjologicznych<\/span><\/h4>\n<\/li>\n<\/ul>\n<h4><span data-contrast=\"none\">Obszar emocjonalny<\/span><br \/>\n\u2022 rozszerzanie s\u0142ownika dziecka o wyra\u017cenia i zwroty dotycz\u0105ce uczu\u0107 i emocji<\/h4>\n<ul>\n<li>\n<h4><span data-contrast=\"none\"> doskonalenie umiej\u0119tno\u015bci rozpoznawania i nazywania podstawowych emocji<\/span><\/h4>\n<\/li>\n<li>\n<h4><span data-contrast=\"none\"> doskonalenie umiej\u0119tno\u015bci werbalizowania swoich my\u015bli i uczu\u0107 poprzez r\u00f3\u017cne \u015brodki wyrazu artystycznego<\/span><\/h4>\n<\/li>\n<\/ul>\n<h4>Obszar spo\u0142eczny<\/h4>\n<ul>\n<li>\n<h4><span data-contrast=\"none\"> wdra\u017canie do wsp\u00f3\u0142dzia\u0142ania w parach, ma\u0142ych grupach i w zespole r\u00f3wie\u015bniczym<\/span><\/h4>\n<\/li>\n<li>\n<h4><span data-contrast=\"none\"> wdra\u017canie do poszanowania pracy ludzi oraz jej wytwor\u00f3w<\/span><\/h4>\n<\/li>\n<li>\n<h4><span data-contrast=\"none\"> kszta\u0142towanie postaw prospo\u0142ecznych, czerpanie rado\u015bci ze wsp\u00f3lnego dzia\u0142ania (dzia\u0142alno\u015b\u0107 plastyczno-techniczna)<\/span><\/h4>\n<\/li>\n<\/ul>\n<h4>Obszar poznawczy<\/h4>\n<ul>\n<li>\n<h4><span data-contrast=\"none\"> budowanie czynnego i biernego s\u0142ownictwa zwi\u0105zanego ze sztuk\u0105 (malarstwo, rze\u017aba, r\u0119kodzie\u0142o, nazwy zawod\u00f3w)<\/span><\/h4>\n<\/li>\n<li>\n<h4><span data-contrast=\"none\"> rozwijanie spostrzegawczo\u015bci i pami\u0119ci wzrokowej, s\u0142uchowej i ruchowej<\/span><\/h4>\n<\/li>\n<li>\n<h4><span data-contrast=\"none\"> doskonalenie umiej\u0119tno\u015bci klasyfikowania przedmiot\u00f3w wed\u0142ug podanego kryterium<\/span><\/h4>\n<\/li>\n<li>\n<h4><span data-contrast=\"none\"> doskonalenie umiej\u0119tno\u015bci odpowiadania na pytania, wypowiadania si\u0119 na dany temat<\/span><\/h4>\n<\/li>\n<li>\n<h4><span data-contrast=\"none\"> rozwijanie zainteresowa\u0144 i uzdolnie\u0144 plastycznych i technicznych<\/span><\/h4>\n<\/li>\n<\/ul>\n<h4><b>Tydzie\u0144 III<\/b><br \/>\n<b>Kr\u0105g tematyczny:<\/b>\u00a0<b>Kurtyna w g\u00f3r\u0119!<\/b><br \/>\n<b>Cele og\u00f3lne<\/b><br \/>\nObszar fizyczny<\/h4>\n<ul>\n<li>\n<h4><span data-contrast=\"none\"> rozwijanie sprawno\u015bci fizycznej, ilustrowanie muzyki ruchem w toku zabaw i \u0107wicze\u0144 ruchowych<\/span><\/h4>\n<\/li>\n<li>\n<h4><span data-contrast=\"none\"> rozwijanie sprawno\u015bci manualnej i inwencji tw\u00f3rczej<\/span><\/h4>\n<\/li>\n<li>\n<h4><span data-contrast=\"none\"> rozwijanie koordynacji wzrokowo-ruchowej<\/span><\/h4>\n<\/li>\n<li>\n<h4><span data-contrast=\"none\"> wdra\u017canie do komunikowania potrzeby ruchu i odpoczynku<\/span><\/h4>\n<\/li>\n<\/ul>\n<h4><span data-contrast=\"none\">Obszar emocjonalny<\/span><br \/>\n\u2022 rozwijanie umiej\u0119tno\u015bci rozumienia swoich uczu\u0107 i emocji<\/h4>\n<ul>\n<li>\n<h4><span data-contrast=\"none\"> przygotowywanie do rozumienia uczu\u0107 i emocji w\u0142asnych i innych ludzi wywo\u0142anych kontaktem ze sztuk\u0105<\/span><\/h4>\n<\/li>\n<li>\n<h4><span data-contrast=\"none\"> rozwijanie kreatywno\u015bci i wyobra\u017ani artystycznej<\/span><\/h4>\n<\/li>\n<li>\n<h4><span data-contrast=\"none\"> rozwijanie uwagi, koncentracji i skupienia<\/span><\/h4>\n<\/li>\n<\/ul>\n<h4>Obszar spo\u0142eczny<\/h4>\n<ul>\n<li>\n<h4><span data-contrast=\"none\"> rozwijanie zainteresowania prac\u0105 zawodow\u0105 ludzi doros\u0142ych (zawody zwi\u0105zane z teatrem, tj. aktor, re\u017cyser, pisarz, choreograf)<\/span><\/h4>\n<\/li>\n<li>\n<h4><span data-contrast=\"none\"> kszta\u0142towanie postaw prospo\u0142ecznych \u2013 rozwijanie umiej\u0119tno\u015bci zgodnego wsp\u00f3\u0142dzia\u0142ania w parach i grupach<\/span><\/h4>\n<\/li>\n<li>\n<h4><span data-contrast=\"none\"> stwarzanie okazji do samodzielnego rozwi\u0105zywania zada\u0144 i czerpania rado\u015bci z efekt\u00f3w pracy<\/span><\/h4>\n<\/li>\n<\/ul>\n<h4>Obszar poznawczy<\/h4>\n<ul>\n<li>\n<h4><span data-contrast=\"none\"> budowanie czynnego i biernego s\u0142ownictwa dziecka, zwi\u0105zanego z teatrem<\/span><\/h4>\n<\/li>\n<li>\n<h4><span data-contrast=\"none\"> rozwijanie spostrzegawczo\u015bci i pami\u0119ci wzrokowej, s\u0142uchowej i ruchowej<\/span><\/h4>\n<\/li>\n<li>\n<h4><span data-contrast=\"none\"> kszta\u0142towanie poj\u0119\u0107 matematycznych<\/span><\/h4>\n<\/li>\n<li>\n<h4><span data-contrast=\"none\"> rozwijanie naturalnej kreatywno\u015bci dziecka w r\u00f3\u017cnych formach aktywno\u015bci<\/span><\/h4>\n<\/li>\n<\/ul>\n<h4><b>Tydzie\u0144 IV<\/b><br \/>\n<b>Kr\u0105g tematyczny:<\/b>\u00a0<b>Dzieci\u0119ce arcydzie\u0142a<\/b><\/h4>\n<h4><b>Cele og\u00f3lne<\/b><\/h4>\n<h4>Obszar fizyczny<\/h4>\n<ul>\n<li>\n<h4><span data-contrast=\"none\"> aktywne uczestnictwo w zabawach ruchowych, w tym rytmicznych, muzycznych, na\u015bladowczych, z przyborami lub bez nich<\/span><\/h4>\n<\/li>\n<li>\n<h4><span data-contrast=\"none\"> wdra\u017canie do komunikowania potrzeby ruchu i odpoczynku<\/span><\/h4>\n<\/li>\n<li>\n<h4><span data-contrast=\"none\"> rozwijanie sprawno\u015bci manualnej (precyzji i szybko\u015bci ruchu)<\/span><\/h4>\n<\/li>\n<\/ul>\n<h4><span data-contrast=\"none\">Obszar emocjonalny<\/span><br \/>\n\u2022 rozpoznawanie i nazywanie podstawowych uczu\u0107 i emocji swoich i innych os\u00f3b<\/h4>\n<ul>\n<li>\n<h4><span data-contrast=\"none\"> rozwijanie wielokierunkowej aktywno\u015bci dziecka w zakresie wyra\u017cania uczu\u0107 i emocji z wykorzystaniem dost\u0119pnych \u015brodk\u00f3w wyrazu<\/span><\/h4>\n<\/li>\n<li>\n<h4><span data-contrast=\"none\"> rozwijanie kreatywno\u015bci i wyobra\u017ani artystycznej<\/span><\/h4>\n<\/li>\n<\/ul>\n<h4>Obszar spo\u0142eczny<\/h4>\n<ul>\n<li>\n<h4><span data-contrast=\"none\"> wdra\u017canie do przestrzegania ustalonych regu\u0142 i zasad obowi\u0105zuj\u0105cych podczas pracy grupowej, w tym do czekania na swoj\u0105 kolej<\/span><\/h4>\n<\/li>\n<li>\n<h4><span data-contrast=\"none\"> wdra\u017canie do oceny w\u0142asnego zachowania w kontek\u015bcie podj\u0119tych czynno\u015bci i zada\u0144 oraz przyj\u0119tych norm grupowych<\/span><\/h4>\n<\/li>\n<li>\n<h4><span data-contrast=\"none\"> budowanie poczucia w\u0142asnej warto\u015bci oraz sprawczo\u015bci<\/span><\/h4>\n<\/li>\n<li>\n<h4><span data-contrast=\"none\"> kszta\u0142towanie umiej\u0119tno\u015bci autoprezentacji<\/span><\/h4>\n<\/li>\n<li>\n<h4><span data-contrast=\"none\"> kszta\u0142towanie umiej\u0119tno\u015bci uwa\u017cnego s\u0142uchania<\/span><\/h4>\n<\/li>\n<\/ul>\n<h4>Obszar poznawczy<\/h4>\n<ul>\n<li>\n<h4><span data-contrast=\"none\"> kszta\u0142towanie umiej\u0119tno\u015bci zadawania pyta\u0144 i odpowiadania na nie<\/span><\/h4>\n<\/li>\n<li>\n<h4><span data-contrast=\"none\"> rozwijanie kreatywno\u015bci \u2013 inspirowanie do wymy\u015blania i przestrzegania regu\u0142 gier matematycznych<\/span><\/h4>\n<\/li>\n<li>\n<h4><span data-contrast=\"none\"> poznawanie nazw zawod\u00f3w wykonywanych przez osoby w jego najbli\u017cszym otoczeniu i nazw tych zawod\u00f3w, kt\u00f3re wzbudzi\u0142y zainteresowanie dziecka<\/span><\/h4>\n<\/li>\n<li>\n<h4><span data-contrast=\"none\"> rozwijanie zainteresowa\u0144 i uzdolnie\u0144<\/span><\/h4>\n<\/li>\n<\/ul>\n<\/div>\n<\/div>\n<\/div>\n<\/div>\n<\/div>\n<\/div>\n<\/div>\n<\/div>\n<\/div>\n<\/div>\n<\/article>\n<\/div>\n<\/div>\n<\/div>\n<\/div>\n<div id=\"text-2\" class=\"col-md-0 col-md-4 pe-widget widget widget_text\">\n<div class=\"pe-widget-in clearfix\">\n<div class=\"textwidget\">\n<p>&nbsp;<\/p>\n<\/div>\n<\/div>\n<\/div>\n<div id=\"text-3\" class=\"col-md-0 col-md-4 pe-widget widget widget_text last\">\n<div class=\"pe-widget-in clearfix\">\n<h3 class=\"pe-title\">Adresprzedszkola<\/h3>\n<div class=\"textwidget\">\n<div>Przedszkole Nr 150 \u201eWeso\u0142e Nutki\u201d<br \/>\nul. P. P. Ignuta 30<br \/>\n54-151 Wroc\u0142aw<\/div>\n<\/div>\n<\/div>\n<\/div>\n<\/div>\n<\/div>\n<\/div>\n<\/div>\n<\/div>\n<\/div>\n<\/div>\n<\/div>\n<\/article>\n<\/div>\n<p>&nbsp;<\/p>\n<h3><span style=\"color: #008000;font-size: 14pt;font-family: georgia, palatino\"><strong>ZAJ\u0118CIA DODATKOWE:<\/strong><\/span><\/h3>\n<p>&nbsp;<\/p>\n<p><span style=\"color: #008000;font-size: 14pt;font-family: georgia, palatino\"><strong>GIMNASTYKA PORANNA:<br \/>\n<\/strong><\/span><span style=\"font-size: 14pt;font-family: georgia, palatino\">Osoby prowadz\u0105ce:\u00a0 A. Sawicka,\u00a0 M.Gilarska<br \/>\n<\/span><strong><span style=\"font-size: 14pt;font-family: georgia, palatino\">poniedzia\u0142ek \u2013 pi\u0105tek 08.00 \u2013 08.15<\/span><\/strong><\/p>\n<p>&nbsp;<\/p>\n<p><span style=\"font-size: 14pt;font-family: georgia, palatino\"><strong><span style=\"color: #008000\">ZAJ\u0118CIA LOGOPEDYCZNE:<br \/>\n<\/span><\/strong><\/span><span style=\"font-size: 14pt;font-family: georgia, palatino\">Osoba prowadz\u0105ca: K. Zahorska<\/span><\/p>\n<p>&nbsp;<\/p>\n<p><span style=\"font-family: georgia, palatino;font-size: 14pt\">\u00a0<\/span><\/p>\n<p><span style=\"color: #008000;font-family: georgia, palatino;font-size: 14pt\"><strong>PSYCHOLOG<br \/>\n<\/strong><\/span><span style=\"font-family: georgia, palatino;font-size: 14pt\">Osoba prowadz\u0105ca J. Ro\u017cdziestwie\u0144ska<br \/>\n<\/span><strong><span style=\"font-size: 14pt;font-family: georgia, palatino\">W toku codziennych zaj\u0119\u0107.<\/span><\/strong><\/p>\n<p>&nbsp;<\/p>\n<p><span style=\"color: #008000\"><strong><span style=\"font-size: 14pt\">PRZYGOTOWANIE DO NAUKI J\u0118ZYKA OBCEGO NOWO\u017bYTNEGO \u2013 J\u0118ZYK ANGIELSKI<\/span><br \/>\n<\/strong><span style=\"font-size: 14pt\"><span style=\"color: #000000\">Osoba prowadz\u0105ca:<\/span><span style=\"color: #000000\"> M. Mlek<\/span><\/span><strong><br \/>\n<\/strong><\/span>Czwartek 11.00-11.15<br \/>\n<strong><span style=\"font-size: 14pt\"><br \/>\n<\/span><\/strong><\/p>\n<p>&nbsp;<\/p>\n<p><span style=\"color: #008000;font-size: 14pt\"><strong>PEDAGOG SPECJALNY:<\/strong><\/span><\/p>\n<p><span style=\"font-size: 14pt\">Osoba prowadz\u0105ca: K. Zahorska<\/span><\/p>\n<p><strong><span style=\"font-size: 14pt\">W toku codziennej pracy z dzie\u0107mi<\/span><\/strong><\/p>\n<p>&nbsp;<\/p>\n<p><span style=\"color: #008000\">Rytmika:<\/span><\/p>\n<p>Osoba prowadz\u0105ca : Anna Smolewska<\/p>\n<p>pi\u0105tek:12.10 &#8211; 12.30<\/p>\n<div class=\"x_elementToProof\">\n<p>&nbsp;<\/p>\n<\/div>\n<header class=\"page-header\"><\/header>\n<p>&nbsp;<\/p>\n<p style=\"text-align: center\" align=\"center\"><strong><span style=\"color: #008000;font-size: 14pt;font-family: georgia, palatino\">Szanowni Rodzice<\/span><\/strong><\/p>\n<p style=\"text-align: left\" align=\"center\"><span style=\"color: #000000;font-size: 14pt;font-family: georgia, palatino\">Bardzo prosimy o systematyczne \u015bledzenie informacji i komunikat\u00f3w na stronie internetowej przedszkola oraz w zak\u0142adce grupy.<\/span><\/p>\n<p>&nbsp;<\/p>\n<p>&nbsp;<\/p>\n<p>Drodzy Rodzice<\/p>\n<p>Od przysz\u0142ego tygodnia\u00a0 ( 15.09.2025 rok ) USTALAMY <span style=\"color: #ff0000\">PI\u0104TEK JAKO DZIE\u0143 ZABAWKI . <\/span><\/p>\n<p><span style=\"color: #ff0000\"><span style=\"color: #000000\">\u00a0\u00a0\u00a0\u00a0\u00a0\u00a0\u00a0\u00a0\u00a0\u00a0\u00a0\u00a0\u00a0\u00a0\u00a0\u00a0\u00a0\u00a0\u00a0\u00a0\u00a0\u00a0\u00a0\u00a0\u00a0\u00a0\u00a0\u00a0\u00a0\u00a0\u00a0\u00a0\u00a0\u00a0\u00a0\u00a0\u00a0\u00a0\u00a0\u00a0\u00a0\u00a0\u00a0\u00a0\u00a0\u00a0\u00a0 \u00a0 \u00a0 \u00a0 \u00a0 \u00a0 \u00a0 \u00a0 \u00a0 W tym dniu dziecko <\/span><\/span>b\u0119dzie mog\u0142o przynie\u015b\u0107 swoj\u0105 zabawki.<\/p>\n<p>&nbsp;<\/p>\n<p><strong>\u00a0 \u00a0 \u00a0 \u00a0 \u00a0<\/strong><\/p>\n<p style=\"text-align: center\" align=\"center\"><span style=\"color: #008000;font-size: 14pt;font-family: georgia, palatino\"><strong>HARMONOGRAM<\/strong><\/span><\/p>\n<p style=\"text-align: center\" align=\"center\"><span style=\"color: #008000;font-size: 14pt;font-family: georgia, palatino\"><strong>KONSULTACJI\u00a0 I\u00a0 ZEBRA\u0143\u00a0 Z\u00a0 RODZICAMI GRUPY IV<\/strong><\/span><\/p>\n<p style=\"text-align: center\" align=\"center\"><span style=\"color: #008000;font-size: 14pt;font-family: georgia, palatino\"><strong>W\u00a0 ROKU\u00a0 SZKOLNYM\u00a0 2025\/2026<\/strong><\/span><\/p>\n<div class=\"pe-article-content\">\n<p>&nbsp;<\/p>\n<\/div>\n<table style=\"width: 97.8369%;height: 261px\" border=\"1\" width=\"580\" cellspacing=\"0\" cellpadding=\"0\">\n<tbody>\n<tr style=\"height: 60px\">\n<td style=\"text-align: center;height: 60px;width: 26.3918%\" width=\"124\">\n<p align=\"center\"><span style=\"font-size: 14pt\"><b>DATA<\/b><\/span><\/p>\n<\/td>\n<td style=\"text-align: center;height: 60px;width: 77.1736%\" width=\"483\">\n<p align=\"center\"><span style=\"font-size: 14pt\"><strong>RODZAJ\u00a0 SPOTKANIA<\/strong><\/span><\/p>\n<\/td>\n<td style=\"width: 10.1827%;height: 60px\"><\/td>\n<\/tr>\n<tr style=\"height: 77px\">\n<td style=\"text-align: center;height: 77px;width: 26.3918%\" width=\"124\"><span style=\"font-size: 14pt;font-family: 'times new roman', times, serif\">\u00a001.09.2025<\/span><\/p>\n<p><span style=\"font-family: 'times new roman', times, serif;font-size: 14pt\">\u00a0<\/span><\/td>\n<td style=\"height: 77px;width: 77.1736%;text-align: left\" width=\"483\"><span style=\"font-family: times new roman, times\"><span style=\"font-size: 12pt\"><em><br \/>\n<\/em><\/span><\/span><span style=\"font-family: times new roman, times\"><strong>Zebranie organizacyjne z nauczycielami, godz. 17.00<br \/>\n<\/strong><\/span><span style=\"font-size: 12pt;font-family: times new roman, times\">Temat: Zapoznanie rodzic\u00f3w z organizacj\u0105 pracy przedszkola na bie\u017c\u0105cy rok szkolny, dokumentami obowi\u0105zuj\u0105cymi w plac\u00f3wce, sprawy r\u00f3\u017cne. <\/span><span style=\"font-size: 12pt;font-family: times new roman, times\"><em>Osoba prowadz\u0105ca:\u00a0 A. Sawicka, M. Gilarska.<br \/>\n<\/em><\/span><\/td>\n<td style=\"width: 10.1827%;height: 77px\"><\/td>\n<\/tr>\n<tr style=\"height: 25px\">\n<td style=\"text-align: center;height: 85px;width: 26.3918%\" width=\"124\"><strong>11.2025<br \/>\n<\/strong><strong><br \/>\n<\/strong><\/td>\n<td style=\"height: 85px;width: 77.1736%;text-align: left\" width=\"483\"><span style=\"font-size: 14pt;font-family: 'times new roman', times, serif\"><span style=\"font-size: 14pt;font-family: 'times new roman', times, serif\"> <strong>Konsultacje indywidualne<\/strong><\/span><\/span><\/p>\n<p><span style=\"font-size: 12pt;font-family: times new roman, times\">Temat: Przedstawienie i om\u00f3wienie wynik\u00f3w wst\u0119pnej obserwacji dziecka.<\/span><\/p>\n<p><span style=\"font-size: 12pt;font-family: times new roman, times\"><em>Osoba prowadz\u0105ca: A.Sawicka, M. Gilarska<br \/>\n<\/em><\/span><\/td>\n<td style=\"width: 10.1827%;height: 85px\"><\/td>\n<\/tr>\n<tr style=\"height: 26px\">\n<td style=\"text-align: center;height: 29px;width: 26.3918%\" width=\"124\">&nbsp;<\/p>\n<p><strong><span style=\"font-family: 'times new roman', times, serif;font-size: 14pt\">05.2026<br \/>\n<\/span><\/strong><\/p>\n<p>&nbsp;<\/p>\n<p><span style=\"font-family: 'times new roman', times, serif;font-size: 14pt\">\u00a0<\/span><\/td>\n<td style=\"width: 77.1736%;text-align: left;height: 29px\"><strong>Konsultacje indywidualne<\/strong><\/p>\n<p><span style=\"font-family: times new roman, times\">Temat: Przedstawienie i om\u00f3wienie wynik\u00f3w ko\u0144cowej obserwacji dziecka.<\/span><\/p>\n<p><span style=\"font-family: times new roman, times\"><em>Osoba prowadz\u0105ca: A. Sawicka, M. Gilarska<br \/>\n<\/em><\/span><\/td>\n<td style=\"width: 10.1827%;height: 29px\"><\/td>\n<\/tr>\n<tr style=\"height: 26px\">\n<td style=\"text-align: center;height: 10px;width: 26.3918%\" width=\"124\"><\/td>\n<td style=\"width: 77.1736%;text-align: left;height: 10px\" width=\"118\"><\/td>\n<td style=\"width: 10.1827%;height: 10px\" width=\"439\"><span style=\"font-size: 18pt\"><strong>.<\/strong><\/span><\/td>\n<\/tr>\n<\/tbody>\n<\/table>\n<div class=\"pe-article-content\">\n<table style=\"border-collapse: collapse;width: 97.5225%;height: 24px\">\n<tbody>\n<tr style=\"height: 24px\">\n<td style=\"width: 100%;height: 24px\"><\/td>\n<\/tr>\n<\/tbody>\n<\/table>\n<p><span style=\"font-size: 14pt;font-family: 'times new roman', times, serif\">W razie potrzeby istnieje mo\u017cliwo\u015b\u0107 um\u00f3wienia konsultacji na pro\u015bb\u0119 rodzica.<\/span><\/p>\n<\/div>\n<\/div>","protected":false},"excerpt":{"rendered":"<p>GRUPA IV 4 &#8211; latki &nbsp; NAUCZYCIELE: Monika\u00a0\u00a0 Gilarska\u00a0 e-mail: mongil9998@edu.wroclaw.pl Aldona Sawicka\u00a0 \u00a0 e-mail: aldsaw2917@edu.wroclaw.pl &nbsp; GODZINY PRACY ODDZIA\u0141U: W godzinach: \u2660 06:30 &#8211; 08:30; \u2660 15:00 &#8211; 17:00; [&hellip;]<\/p>\n","protected":false},"author":72,"featured_media":0,"parent":32,"menu_order":0,"comment_status":"closed","ping_status":"closed","template":"","meta":{"ngg_post_thumbnail":0,"footnotes":""},"class_list":["post-40","page","type-page","status-publish","hentry","clearfix"],"_links":{"self":[{"href":"https:\/\/przedszkole150.edu.wroclaw.pl\/index.php\/wp-json\/wp\/v2\/pages\/40","targetHints":{"allow":["GET"]}}],"collection":[{"href":"https:\/\/przedszkole150.edu.wroclaw.pl\/index.php\/wp-json\/wp\/v2\/pages"}],"about":[{"href":"https:\/\/przedszkole150.edu.wroclaw.pl\/index.php\/wp-json\/wp\/v2\/types\/page"}],"author":[{"embeddable":true,"href":"https:\/\/przedszkole150.edu.wroclaw.pl\/index.php\/wp-json\/wp\/v2\/users\/72"}],"replies":[{"embeddable":true,"href":"https:\/\/przedszkole150.edu.wroclaw.pl\/index.php\/wp-json\/wp\/v2\/comments?post=40"}],"version-history":[{"count":159,"href":"https:\/\/przedszkole150.edu.wroclaw.pl\/index.php\/wp-json\/wp\/v2\/pages\/40\/revisions"}],"predecessor-version":[{"id":8563,"href":"https:\/\/przedszkole150.edu.wroclaw.pl\/index.php\/wp-json\/wp\/v2\/pages\/40\/revisions\/8563"}],"up":[{"embeddable":true,"href":"https:\/\/przedszkole150.edu.wroclaw.pl\/index.php\/wp-json\/wp\/v2\/pages\/32"}],"wp:attachment":[{"href":"https:\/\/przedszkole150.edu.wroclaw.pl\/index.php\/wp-json\/wp\/v2\/media?parent=40"}],"curies":[{"name":"wp","href":"https:\/\/api.w.org\/{rel}","templated":true}]}}