
{"id":4114,"date":"2023-05-07T07:06:52","date_gmt":"2023-05-07T05:06:52","guid":{"rendered":"https:\/\/przedszkole150.edu.wroclaw.pl\/?page_id=4114"},"modified":"2023-05-07T07:06:52","modified_gmt":"2023-05-07T05:06:52","slug":"klauzula-informacyjna-korespondencja-elektroniczna","status":"publish","type":"page","link":"https:\/\/przedszkole150.edu.wroclaw.pl\/index.php\/klauzula-informacyjna-korespondencja-elektroniczna\/","title":{"rendered":"Klauzula informacyjna- Korespondencja elektroniczna"},"content":{"rendered":"<p>Polityka Ochrony Danych Osobowych \u2013 Za\u0142\u0105cznik nr 7c \u2013 Przedszkole nr 150<br \/>\nKLAUZULA INFORMACYJNA \u2013 KORESPONDENCJA ELEKTRONICZNA<br \/>\n1. Administratorem Twoich danych jest Przedszkole nr 150 \u201eWeso\u0142e Nutki\u201d we Wroc\u0142awiu,<br \/>\nul. P.P. Ignuta 30, 54-151 Wroc\u0142aw (dalej: My). Kontakt z nami mo\u017cliwy jest pod mailem:<br \/>\nsekretariat.p150@wroclawskaedukacja.pl.<br \/>\n2. Dane kontaktowe do naszego inspektora ochrony danych to: inspektor@coreconsulting.pl<br \/>\nalbo CORE Consulting, ul. Wy\u0142om 16, 61-671 Pozna\u0144.<br \/>\n3. Twoje dane osobowe przetwarzamy w celu zwi\u0105zanym z dan\u0105 korespondencj\u0105. Mo\u017ce to by\u0107<br \/>\nwykonywanie przez nas us\u0142ug, zamawianie okre\u015blonych \u015bwiadcze\u0144 lub dostaw, rekrutacja,<br \/>\nalbo inne dzia\u0142anie zwi\u0105zane z nasz\u0105 plac\u00f3wk\u0105.<br \/>\n4. Twoje dane przetwarzamy w celu:<br \/>\na) wywi\u0105zania si\u0119 przez nas z obowi\u0105zku na\u0142o\u017conego przez przepisy prawa albo w ramach<br \/>\nrealizacji dzia\u0142a\u0144 w interesie publicznym (art. 6 ust. 1 lit c. RODO albo art. 6 ust. 1 lit. e RODO);<br \/>\nb) realizacji umowy, kt\u00f3ra nas wi\u0105\u017ce, albo w celu jej zawarcia (art. 6 ust. 1 lit. c RODO);<br \/>\nc) je\u015bli chcesz si\u0119 u nas zatrudni\u0107, Twoje dane podane dla potrzeb rekrutacji przetwarzamy<br \/>\nna podstawie Twojej zgody, kt\u00f3r\u0105 wyrazi\u0142e\u015b poprzez zg\u0142oszenie si\u0119 w procesie rekrutacji<br \/>\ni przes\u0142anie swojego CV lub innej dokumentacji aplikacyjnej (art. 6 ust. 1 lit. a RODO).<br \/>\nPami\u0119taj: udzielona zgoda mo\u017ce zosta\u0107 w ka\u017cdej chwili cofni\u0119ta, jednak bez wp\u0142ywu na legalno\u015b\u0107<br \/>\ndzia\u0142a\u0144 podj\u0119tych przed jej wycofaniem.<br \/>\n5. Dane z korespondencji e-mail przetwarzamy przez okres jej przydatno\u015bci dla wzajemnych<br \/>\nkontakt\u00f3w. Nie mamy sprecyzowanego okresu czasu, po kt\u00f3rym bezwzgl\u0119dnie usuwamy<br \/>\nkorespondencj\u0119. Je\u017celi jednak zako\u0144czymy bie\u017c\u0105cy kontakt, Twoje dane b\u0119dziemy przechowywa\u0107<br \/>\nprzez okres kolejnych 5 lat (w imi\u0119 regu\u0142y rozliczalno\u015bci) i nast\u0119pnie podejmiemy decyzj\u0119<br \/>\no zasadno\u015bci jej usuni\u0119cia.<br \/>\n6. Twoje dane nie b\u0119d\u0105 podlega\u0142y profilowaniu, ani zautomatyzowanemu podejmowaniu decyzji.<br \/>\n7. Nie udost\u0119pniamy na w\u0142asno\u015b\u0107 Twoich danych \u017cadnym podmiotom komercyjnym. Wiedz jednak,<br \/>\n\u017ce dane zawarte w tre\u015bci Twojej korespondencji mog\u0105 by\u0107 ujawnione:<br \/>\na. firmom utrzymuj\u0105cym i serwisuj\u0105cym nasze serwery informatyczne,<br \/>\nb. kancelariom prawnym, kt\u00f3re wspieraj\u0105 nas w obszarze bie\u017c\u0105cej dzia\u0142alno\u015bci,<br \/>\nc. firmom obs\u0142uguj\u0105cym nas w obszarze IT, w tym serwisuj\u0105cym urz\u0105dzenia wykorzystywane przez<br \/>\nnas w bie\u017c\u0105cej dzia\u0142alno\u015bci,<br \/>\nd. podmiotom utrzymuj\u0105cym oprogramowanie, z kt\u00f3rego korzystamy w ramach bie\u017c\u0105cej<br \/>\ndzia\u0142alno\u015bci.<br \/>\nDodatkowo, Twoje dane osobowe w ramach wykonywanych przez nas zada\u0144 w obszarze<br \/>\nsprawowania w\u0142adzy publicznej i realizacji interesu publicznego, s\u0105 r\u00f3wnie\u017c udost\u0119pniane innym<br \/>\njednostkom organizacyjnym w ramach naszej jednostki samorz\u0105du terytorialnego.<br \/>\nJe\u015bli jeste\u015b zainteresowany jakie s\u0105 to podmioty napisz na adres naszej plac\u00f3wki: Przedszkole nr 150<br \/>\n\u201eWeso\u0142e Nutki\u201d we Wroc\u0142awiu, ul. P.P. Ignuta 30, 54-151 Wroc\u0142aw b\u0105d\u017a skontaktuj si\u0119 mailowo,<br \/>\nza po\u015brednictwem naszej skrzynki: sekretariat.p150@wroclawskaedukacja.pl.<br \/>\n8. Przys\u0142uguj\u0105 Ci nast\u0119puj\u0105ce prawa, w zale\u017cno\u015bci od podstawy przetwarzania Twoich danych:<br \/>\na) wype\u0142nienie obowi\u0105zku prawnego, prawo do \u017c\u0105dania dost\u0119pu do tre\u015bci swoich danych<br \/>\nosobowych, ich sprostowania, usuni\u0119cia lub ograniczenia przetwarzania;<br \/>\nPolityka Ochrony Danych Osobowych \u2013 Za\u0142\u0105cznik nr 7c \u2013 Przedszkole nr 150<br \/>\nb) realizacja interesu publicznego lub sprawowanie w\u0142adzy publicznej, prawo do \u017c\u0105dania dost\u0119pu<br \/>\ndo tre\u015bci swoich danych osobowych, ich sprostowania, usuni\u0119cia lub ograniczenia<br \/>\nprzetwarzania;<br \/>\nc) wykonanie umowy lub podj\u0119cie dzia\u0142a\u0144 przed zawarciem umowy, prawo do \u017c\u0105dania dost\u0119pu<br \/>\ndo tre\u015bci swoich danych osobowych, ich sprostowania, usuni\u0119cia lub ograniczenia<br \/>\nprzetwarzania, jak r\u00f3wnie\u017c prawo do przenoszenia danych do innego administratora;<br \/>\nd) zgoda, prawo do \u017c\u0105dania dost\u0119pu do tre\u015bci swoich danych osobowych, ich sprostowania,<br \/>\nusuni\u0119cia lub ograniczenia przetwarzania, jak r\u00f3wnie\u017c prawo do przenoszenia danych<br \/>\ndo innego administratora.<br \/>\n9. Odr\u0119bnie chcemy Ci\u0119 poinformowa\u0107, \u017ce masz r\u00f3wnie\u017c prawo do tzw. sprzeciwu wobec<br \/>\nprzetwarzania Twoich danych osobowych.<br \/>\n10. Uprawnienia, o kt\u00f3rych mowa powy\u017cej mo\u017cesz wykona\u0107 poprzez kontakt pod adresem e-mail:<br \/>\nsekretariat.p150@wroclawskaedukacja.pl lub listownie na adres: Przedszkole nr 150 \u201eWeso\u0142e<br \/>\nNutki\u201d we Wroc\u0142awiu, ul. P.P. Ignuta 30, 54-151 Wroc\u0142aw.<br \/>\n11. Je\u017celi uznasz, \u017ce w jakikolwiek spos\u00f3b naruszyli\u015bmy regu\u0142y przetwarzania Twoich danych<br \/>\nosobowych to masz prawo do z\u0142o\u017cenia skargi bezpo\u015brednio do organu nadzoru (Prezesa Urz\u0119du<br \/>\nOchrony Danych Osobowych, ul. Stawki 2, 00-193 Warszawa, tel. 22 531-03-00, e-mail:<br \/>\niod@uodo.gov.pl, www.uodo.gov.pl).<\/p>\n","protected":false},"excerpt":{"rendered":"<p>Polityka Ochrony Danych Osobowych \u2013 Za\u0142\u0105cznik nr 7c \u2013 Przedszkole nr 150 KLAUZULA INFORMACYJNA \u2013 KORESPONDENCJA ELEKTRONICZNA 1. Administratorem Twoich danych jest Przedszkole nr 150 \u201eWeso\u0142e Nutki\u201d we Wroc\u0142awiu, ul. [&hellip;]<\/p>\n","protected":false},"author":264,"featured_media":0,"parent":0,"menu_order":0,"comment_status":"closed","ping_status":"closed","template":"","meta":{"ngg_post_thumbnail":0,"footnotes":""},"class_list":["post-4114","page","type-page","status-publish","hentry","clearfix"],"_links":{"self":[{"href":"https:\/\/przedszkole150.edu.wroclaw.pl\/index.php\/wp-json\/wp\/v2\/pages\/4114","targetHints":{"allow":["GET"]}}],"collection":[{"href":"https:\/\/przedszkole150.edu.wroclaw.pl\/index.php\/wp-json\/wp\/v2\/pages"}],"about":[{"href":"https:\/\/przedszkole150.edu.wroclaw.pl\/index.php\/wp-json\/wp\/v2\/types\/page"}],"author":[{"embeddable":true,"href":"https:\/\/przedszkole150.edu.wroclaw.pl\/index.php\/wp-json\/wp\/v2\/users\/264"}],"replies":[{"embeddable":true,"href":"https:\/\/przedszkole150.edu.wroclaw.pl\/index.php\/wp-json\/wp\/v2\/comments?post=4114"}],"version-history":[{"count":1,"href":"https:\/\/przedszkole150.edu.wroclaw.pl\/index.php\/wp-json\/wp\/v2\/pages\/4114\/revisions"}],"predecessor-version":[{"id":4115,"href":"https:\/\/przedszkole150.edu.wroclaw.pl\/index.php\/wp-json\/wp\/v2\/pages\/4114\/revisions\/4115"}],"wp:attachment":[{"href":"https:\/\/przedszkole150.edu.wroclaw.pl\/index.php\/wp-json\/wp\/v2\/media?parent=4114"}],"curies":[{"name":"wp","href":"https:\/\/api.w.org\/{rel}","templated":true}]}}