
{"id":4117,"date":"2023-05-07T07:09:53","date_gmt":"2023-05-07T05:09:53","guid":{"rendered":"https:\/\/przedszkole150.edu.wroclaw.pl\/?page_id=4117"},"modified":"2023-05-07T07:09:53","modified_gmt":"2023-05-07T05:09:53","slug":"klauzula-informacyjna-korzystanie-z-srony-internetowej","status":"publish","type":"page","link":"https:\/\/przedszkole150.edu.wroclaw.pl\/index.php\/klauzula-informacyjna-korzystanie-z-srony-internetowej\/","title":{"rendered":"Klauzula informacyjna- korzystanie z srony internetowej"},"content":{"rendered":"<p>Polityka Ochrony Danych Osobowych \u2013 Za\u0142\u0105cznik nr 7e \u2013 Przedszkole nr 150<br \/>\nKLAUZULA INFORMACYJNA \u2013 KORZYSTANIE ZE STRONY INTERNETOWEJ<\/p>\n<blockquote class=\"wp-embedded-content\" data-secret=\"CibY5ih3zn\"><p><a href=\"https:\/\/przedszkole150.edu.wroclaw.pl\/\">Strona g\u0142\u00f3wna<\/a><\/p><\/blockquote>\n<p><iframe loading=\"lazy\" class=\"wp-embedded-content\" sandbox=\"allow-scripts\" security=\"restricted\" style=\"position: absolute; clip: rect(1px, 1px, 1px, 1px);\" title=\"&#8222;Strona g\u0142\u00f3wna&#8221; &#8212; Strona internetowa Przedszkola nr 150 &quot;Weso\u0142e nutki&quot; we Wroc\u0142awiu\" src=\"https:\/\/przedszkole150.edu.wroclaw.pl\/embed\/#?secret=ObovRc6KG1#?secret=CibY5ih3zn\" data-secret=\"CibY5ih3zn\" width=\"500\" height=\"282\" frameborder=\"0\" marginwidth=\"0\" marginheight=\"0\" scrolling=\"no\"><\/iframe><br \/>\n1. Administratorem Twoich danych jest Przedszkole nr 150 \u201eWeso\u0142e Nutki\u201d we Wroc\u0142awiu,<br \/>\nul. P.P. Ignuta 30, 54-151 Wroc\u0142aw (w\u0142a\u015bciciel serwisu https:\/\/przedszkole150.edu.wroclaw.pl\/).<br \/>\nKontakt z nami mo\u017cliwy jest pod mailem: sekretariat.p150@wroclawskaedukacja.pl.<br \/>\n2. Dane kontaktowe do naszego inspektora ochrony danych to: inspektor@coreconsulting.pl<br \/>\nalbo CORE Consulting, ul. Wy\u0142om 16, 61-671 Pozna\u0144.<br \/>\n3. Twoje dane osobowe przetwarzamy w celu zapewnienia funkcjonalno\u015bci naszego serwisu<br \/>\nhttps:\/\/przedszkole150.edu.wroclaw.pl\/ i umo\u017cliwienia Ci korzystania z jego tre\u015bci.<br \/>\n4. Dane dotycz\u0105ce korzystania przez Ciebie ze strony serwisu, kt\u00f3re uzyskujemy za po\u015brednictwem,<br \/>\ntzw. plik\u00f3w cookies przetwarzamy na podstawie Twojej zgody, wyra\u017conej zgodnie z art. 173 prawa<br \/>\ntelekomunikacyjnego.<br \/>\n5. Okres przez jaki przetwarzamy Twoje dane osobowe jest zale\u017cny od celu przetwarzania. Pozyskane<br \/>\ndane o sposobie korzystania przez Ciebie z naszych serwis\u00f3w (za po\u015brednictwem plik\u00f3w cookies) \u2013<br \/>\nprzez ca\u0142y okres kiedy jeste\u015b u\u017cytkownikiem serwisu oraz p\u00f3\u017aniej przez okres 5 lat licz\u0105c od czasu<br \/>\nkiedy przesta\u0142e\u015b by\u0107 u\u017cytkownikiem serwisu.<br \/>\n6. Twoje dane nie b\u0119d\u0105 podlega\u0142y profilowaniu, ani zautomatyzowanemu podejmowaniu decyzji.<br \/>\n7. Nie udost\u0119pniamy na w\u0142asno\u015b\u0107 Twoich danych \u017cadnym podmiotom komercyjnym. Wiedz jednak,<br \/>\n\u017ce dane zawarte w tre\u015bci Twojej korespondencji mog\u0105 by\u0107 ujawnione:<br \/>\na. firmom utrzymuj\u0105cym i serwisuj\u0105cym nasze serwery informatyczne,<br \/>\nb. kancelariom prawnym, kt\u00f3re wspieraj\u0105 nas w obszarze bie\u017c\u0105cej dzia\u0142alno\u015bci,<br \/>\nc. firmom obs\u0142uguj\u0105cym nas w obszarze IT, w tym serwisuj\u0105cym urz\u0105dzenia wykorzystywane przez<br \/>\nnas w bie\u017c\u0105cej dzia\u0142alno\u015bci,<br \/>\nd. podmiotom utrzymuj\u0105cym oprogramowanie, z kt\u00f3rego korzystamy w ramach bie\u017c\u0105cej<br \/>\ndzia\u0142alno\u015bci,<br \/>\ne. agencjom zajmuj\u0105cym si\u0119 obs\u0142ug\u0105 naszego serwisu.<br \/>\nJe\u015bli jeste\u015b zainteresowany jakie s\u0105 to podmioty napisz na adres naszej plac\u00f3wki: Przedszkole nr 150<br \/>\n\u201eWeso\u0142e Nutki\u201d we Wroc\u0142awiu, ul. P.P. Ignuta 30, 54-151 Wroc\u0142aw b\u0105d\u017a skontaktuj si\u0119 mailowo,<br \/>\nza po\u015brednictwem naszej skrzynki: sekretariat.p150@wroclawskaedukacja.pl.<br \/>\n8. Przys\u0142uguj\u0105 Ci nast\u0119puj\u0105ce prawa: prawo do \u017c\u0105dania dost\u0119pu do tre\u015bci swoich danych osobowych,<br \/>\nich sprostowania, usuni\u0119cia lub ograniczenia przetwarzania, jak r\u00f3wnie\u017c prawo do przenoszenia<br \/>\ndanych do innego administratora.<br \/>\n9. Odr\u0119bnie chcemy Ci\u0119 poinformowa\u0107, \u017ce masz r\u00f3wnie\u017c prawo do sprzeciwu wobec przetwarzania<br \/>\nTwoich danych osobowych.<br \/>\n10. Uprawnienia, o kt\u00f3rych mowa powy\u017cej mo\u017cesz wykona\u0107 poprzez kontakt pod adresem e-mail:<br \/>\nsekretariat.p150@wroclawskaedukacja.pl lub listownie na adres: Przedszkole nr 150 \u201eWeso\u0142e<br \/>\nNutki\u201d we Wroc\u0142awiu, ul. P.P. Ignuta 30, 54-151 Wroc\u0142aw.<br \/>\n11. Je\u017celi uznasz, \u017ce w jakikolwiek spos\u00f3b naruszyli\u015bmy regu\u0142y przetwarzania Twoich danych<br \/>\nosobowych to masz prawo do z\u0142o\u017cenia skargi bezpo\u015brednio do organu nadzoru (Prezesa Urz\u0119du<br \/>\nOchrony Danych Osobowych, ul. Stawki 2, 00-193 Warszawa, tel. 22 531-03-00, e-mail:<br \/>\niod@uodo.gov.pl, www.uodo.gov.pl).<\/p>\n","protected":false},"excerpt":{"rendered":"<p>Polityka Ochrony Danych Osobowych \u2013 Za\u0142\u0105cznik nr 7e \u2013 Przedszkole nr 150 KLAUZULA INFORMACYJNA \u2013 KORZYSTANIE ZE STRONY INTERNETOWEJ Strona g\u0142\u00f3wna 1. Administratorem Twoich danych jest Przedszkole nr 150 \u201eWeso\u0142e [&hellip;]<\/p>\n","protected":false},"author":264,"featured_media":0,"parent":0,"menu_order":0,"comment_status":"closed","ping_status":"closed","template":"","meta":{"ngg_post_thumbnail":0,"footnotes":""},"class_list":["post-4117","page","type-page","status-publish","hentry","clearfix"],"_links":{"self":[{"href":"https:\/\/przedszkole150.edu.wroclaw.pl\/index.php\/wp-json\/wp\/v2\/pages\/4117","targetHints":{"allow":["GET"]}}],"collection":[{"href":"https:\/\/przedszkole150.edu.wroclaw.pl\/index.php\/wp-json\/wp\/v2\/pages"}],"about":[{"href":"https:\/\/przedszkole150.edu.wroclaw.pl\/index.php\/wp-json\/wp\/v2\/types\/page"}],"author":[{"embeddable":true,"href":"https:\/\/przedszkole150.edu.wroclaw.pl\/index.php\/wp-json\/wp\/v2\/users\/264"}],"replies":[{"embeddable":true,"href":"https:\/\/przedszkole150.edu.wroclaw.pl\/index.php\/wp-json\/wp\/v2\/comments?post=4117"}],"version-history":[{"count":1,"href":"https:\/\/przedszkole150.edu.wroclaw.pl\/index.php\/wp-json\/wp\/v2\/pages\/4117\/revisions"}],"predecessor-version":[{"id":4118,"href":"https:\/\/przedszkole150.edu.wroclaw.pl\/index.php\/wp-json\/wp\/v2\/pages\/4117\/revisions\/4118"}],"wp:attachment":[{"href":"https:\/\/przedszkole150.edu.wroclaw.pl\/index.php\/wp-json\/wp\/v2\/media?parent=4117"}],"curies":[{"name":"wp","href":"https:\/\/api.w.org\/{rel}","templated":true}]}}