
{"id":4161,"date":"2023-05-07T07:43:20","date_gmt":"2023-05-07T05:43:20","guid":{"rendered":"https:\/\/przedszkole150.edu.wroclaw.pl\/?page_id=4161"},"modified":"2023-05-07T07:43:20","modified_gmt":"2023-05-07T05:43:20","slug":"klauzla-informacyjna-ppk","status":"publish","type":"page","link":"https:\/\/przedszkole150.edu.wroclaw.pl\/index.php\/klauzla-informacyjna-ppk\/","title":{"rendered":"Klauzla informacyjna- PPK"},"content":{"rendered":"<p>Polityka Ochrony Danych Osobowych \u2013 Za\u0142\u0105cznik nr 7y \u2013 Przedszkole nr 150<br \/>\nKLAUZULA INFORMACYJNA &#8211; PRACOWNICZE PLANY KAPITA\u0141OWE (PPK)<br \/>\n1. Administratorem Twoich danych\u202fjest Przedszkole nr 150 \u201eWeso\u0142e Nutki\u201d we Wroc\u0142awiu,<br \/>\nul. P.P. Ignuta 30, 54-151 Wroc\u0142aw (dalej:\u202fMy). Kontakt z nami mo\u017cliwy jest<br \/>\npod mailem: sekretariat.p150@wroclawskaedukacja.pl. Dane kontaktowe do naszego inspektora<br \/>\nochrony danych to: inspektor@coreconsulting.pl albo CORE Consulting, ul. Wy\u0142om 16,<br \/>\n61-671 Pozna\u0144.<br \/>\n2. Twoje dane osobowe przetwarzamy w celu realizacji obowi\u0105zk\u00f3w wynikaj\u0105cych z Ustawy z dnia<br \/>\nz dnia 4 pa\u017adziernika 2018 r. o pracowniczych planach kapita\u0142owych.<br \/>\n3. Podstaw\u0105 prawn\u0105 przetwarzania Twoich danych jest wype\u0142nienie obowi\u0105zku prawnego ci\u0105\u017c\u0105cego<br \/>\nna administratorze (art. 6 ust. 1 lit. c RODO).<br \/>\n4. Podanie danych jest wymogiem ustawowym i jest obowi\u0105zkowe. Podanie adresu poczty<br \/>\nelektronicznej oraz numeru telefonu jest dobrowolne. W przypadku niepodania tych danych<br \/>\nuczestnictwo w PPK jest mo\u017cliwe, jednak\u017ce dokumenty od instytucji finansowej b\u0119d\u0105<br \/>\nprzekazywane do Ciebie drog\u0105 tradycyjn\u0105 (papierow\u0105).<br \/>\n5. B\u0119dziemy przetwarza\u0107 Twoje dane osobowe przez okres zatrudnienia, nast\u0119pnie za\u015b przez okres<br \/>\n10 lat (w przypadku os\u00f3b zatrudnionych od 1.01.2019 r.) lub 50 lat (w przypadku os\u00f3b<br \/>\nzatrudnionych wcze\u015bniej).<br \/>\n6. Twoje dane nie b\u0119d\u0105 podlega\u0142y profilowaniu ani zautomatyzowanemu podejmowaniu decyzji.<br \/>\n7. Twoje dane mog\u0105 zosta\u0107 ujawnione:<br \/>\na) Instytucji finansowej prowadz\u0105cej PPK,<br \/>\nb) firmom utrzymuj\u0105cym i serwisuj\u0105cym nasze serwery informatyczne,<br \/>\nc) kancelariom prawnym, kt\u00f3re wspieraj\u0105 nas w obszarze bie\u017c\u0105cej dzia\u0142alno\u015bci,<br \/>\nd) firmom obs\u0142uguj\u0105cym nas w obszarze IT, w tym serwisuj\u0105cym urz\u0105dzenia wykorzystywane<br \/>\nprzez nas w\u202fbie\u017c\u0105cej dzia\u0142alno\u015bci,<br \/>\ne) podmiotom utrzymuj\u0105cym oprogramowanie, z kt\u00f3rego korzystamy w ramach bie\u017c\u0105cej<br \/>\ndzia\u0142alno\u015bci,<br \/>\nf) kurierom i poczcie polskiej \u2013 w zwi\u0105zku z przesy\u0142an\u0105 korespondencj\u0105.<br \/>\nJe\u015bli jeste\u015b zainteresowany jakie s\u0105 to podmioty napisz na adres naszej plac\u00f3wki:\u202fPrzedszkole<br \/>\nnr 150 \u201eWeso\u0142e Nutki\u201d we Wroc\u0142awiu, ul. P.P. Ignuta 30, 54-151 Wroc\u0142aw\u202fb\u0105d\u017a\u202fskontaktuj<br \/>\nsi\u0119 mailowo, za po\u015brednictwem naszej skrzynki:\u202fsekretariat.p150@wroclawskaedukacja.pl.<br \/>\n8. Przys\u0142uguj\u0105 Ci nast\u0119puj\u0105ce prawa: prawo do \u017c\u0105dania: dost\u0119pu do tre\u015bci swoich danych osobowych,<br \/>\nich sprostowania, usuni\u0119cia lub ograniczenia przetwarzania.<br \/>\n9. Uprawnienia, o kt\u00f3rych mowa powy\u017cej mo\u017cesz wykona\u0107 poprzez kontakt pod adresem<br \/>\ne-mail: sekretariat.p150@wroclawskaedukacja.pl lub listownie na adres: Przedszkole nr 150<br \/>\n\u201eWeso\u0142e Nutki\u201d we Wroc\u0142awiu, ul. P.P. Ignuta 30, 54-151 Wroc\u0142aw.<br \/>\n10. Je\u017celi uznasz, \u017ce w jakikolwiek spos\u00f3b naruszyli\u015bmy regu\u0142y przetwarzania Twoich danych<br \/>\nosobowych to masz prawo do z\u0142o\u017cenia skargi bezpo\u015brednio do organu nadzoru (Prezes Urz\u0119du<br \/>\nOchrony Danych Osobowych, ul. Stawki 2, 00-193 Warszawa, tel. 22 531-03-00, e-mail:<br \/>\niod@uodo.gov.pl, www.uodo.gov.pl).<\/p>\n","protected":false},"excerpt":{"rendered":"<p>Polityka Ochrony Danych Osobowych \u2013 Za\u0142\u0105cznik nr 7y \u2013 Przedszkole nr 150 KLAUZULA INFORMACYJNA &#8211; PRACOWNICZE PLANY KAPITA\u0141OWE (PPK) 1. Administratorem Twoich danych\u202fjest Przedszkole nr 150 \u201eWeso\u0142e Nutki\u201d we Wroc\u0142awiu, [&hellip;]<\/p>\n","protected":false},"author":264,"featured_media":0,"parent":0,"menu_order":0,"comment_status":"closed","ping_status":"closed","template":"","meta":{"ngg_post_thumbnail":0,"footnotes":""},"class_list":["post-4161","page","type-page","status-publish","hentry","clearfix"],"_links":{"self":[{"href":"https:\/\/przedszkole150.edu.wroclaw.pl\/index.php\/wp-json\/wp\/v2\/pages\/4161","targetHints":{"allow":["GET"]}}],"collection":[{"href":"https:\/\/przedszkole150.edu.wroclaw.pl\/index.php\/wp-json\/wp\/v2\/pages"}],"about":[{"href":"https:\/\/przedszkole150.edu.wroclaw.pl\/index.php\/wp-json\/wp\/v2\/types\/page"}],"author":[{"embeddable":true,"href":"https:\/\/przedszkole150.edu.wroclaw.pl\/index.php\/wp-json\/wp\/v2\/users\/264"}],"replies":[{"embeddable":true,"href":"https:\/\/przedszkole150.edu.wroclaw.pl\/index.php\/wp-json\/wp\/v2\/comments?post=4161"}],"version-history":[{"count":1,"href":"https:\/\/przedszkole150.edu.wroclaw.pl\/index.php\/wp-json\/wp\/v2\/pages\/4161\/revisions"}],"predecessor-version":[{"id":4162,"href":"https:\/\/przedszkole150.edu.wroclaw.pl\/index.php\/wp-json\/wp\/v2\/pages\/4161\/revisions\/4162"}],"wp:attachment":[{"href":"https:\/\/przedszkole150.edu.wroclaw.pl\/index.php\/wp-json\/wp\/v2\/media?parent=4161"}],"curies":[{"name":"wp","href":"https:\/\/api.w.org\/{rel}","templated":true}]}}