
{"id":4233,"date":"2023-05-12T14:47:31","date_gmt":"2023-05-12T12:47:31","guid":{"rendered":"https:\/\/przedszkole150.edu.wroclaw.pl\/?page_id=4233"},"modified":"2023-05-15T10:59:05","modified_gmt":"2023-05-15T08:59:05","slug":"zimowa-zakladka-do-ksiazki","status":"publish","type":"page","link":"https:\/\/przedszkole150.edu.wroclaw.pl\/index.php\/zimowa-zakladka-do-ksiazki\/","title":{"rendered":"Zimowa zak\u0142adka do ksi\u0105\u017cki"},"content":{"rendered":"<div class=\"wpb-content-wrapper\"><p>[vc_row][vc_column][vc_column_text]<span style=\"font-family: times new roman, times;font-size: 14pt\">Jest nam niezmiernie mi\u0142o poinformowa\u0107, i\u017c <span style=\"color: #008000\"><strong>Antonina T.<\/strong><\/span> z gr. <strong><span style=\"color: #008000\">VII<\/span><\/strong> zaj\u0119\u0142a <span style=\"color: #0000ff\"><strong>3 miejsce<\/strong><\/span> a <span style=\"color: #ff6600\"><strong>Oliwia D<\/strong>.<\/span> z <strong><span style=\"color: #ff6600\">gr. IX<\/span><\/strong> wzi\u0119\u0142a udzia\u0142 w og\u00f3lnopolskim konkursie plastycznym &#8222;Moja zimowa zak\u0142adka do ksi\u0105\u017cki&#8221;. Celem konkursu by\u0142o promowanie talent\u00f3w plastycznych w\u015br\u00f3d dzieci oraz rozwijanie i kszta\u0142towanie wyobra\u017ani plastycznej. Serdecznie gratulujemy!<\/span>[\/vc_column_text][vc_gallery type=&#8221;image_grid&#8221; images=&#8221;4263,4264,4236,4235,4234&#8243;][\/vc_column][\/vc_row]<\/p>\n<\/div>","protected":false},"excerpt":{"rendered":"<p>[vc_row][vc_column][vc_column_text]Jest nam niezmiernie mi\u0142o poinformowa\u0107, i\u017c Antonina T. z gr. VII zaj\u0119\u0142a 3 miejsce a Oliwia D. z gr. IX wzi\u0119\u0142a udzia\u0142 w og\u00f3lnopolskim konkursie plastycznym &#8222;Moja zimowa zak\u0142adka do [&hellip;]<\/p>\n","protected":false},"author":200,"featured_media":0,"parent":0,"menu_order":0,"comment_status":"closed","ping_status":"closed","template":"","meta":{"ngg_post_thumbnail":0,"footnotes":""},"class_list":["post-4233","page","type-page","status-publish","hentry","clearfix"],"_links":{"self":[{"href":"https:\/\/przedszkole150.edu.wroclaw.pl\/index.php\/wp-json\/wp\/v2\/pages\/4233","targetHints":{"allow":["GET"]}}],"collection":[{"href":"https:\/\/przedszkole150.edu.wroclaw.pl\/index.php\/wp-json\/wp\/v2\/pages"}],"about":[{"href":"https:\/\/przedszkole150.edu.wroclaw.pl\/index.php\/wp-json\/wp\/v2\/types\/page"}],"author":[{"embeddable":true,"href":"https:\/\/przedszkole150.edu.wroclaw.pl\/index.php\/wp-json\/wp\/v2\/users\/200"}],"replies":[{"embeddable":true,"href":"https:\/\/przedszkole150.edu.wroclaw.pl\/index.php\/wp-json\/wp\/v2\/comments?post=4233"}],"version-history":[{"count":3,"href":"https:\/\/przedszkole150.edu.wroclaw.pl\/index.php\/wp-json\/wp\/v2\/pages\/4233\/revisions"}],"predecessor-version":[{"id":4262,"href":"https:\/\/przedszkole150.edu.wroclaw.pl\/index.php\/wp-json\/wp\/v2\/pages\/4233\/revisions\/4262"}],"wp:attachment":[{"href":"https:\/\/przedszkole150.edu.wroclaw.pl\/index.php\/wp-json\/wp\/v2\/media?parent=4233"}],"curies":[{"name":"wp","href":"https:\/\/api.w.org\/{rel}","templated":true}]}}