
{"id":4246,"date":"2023-05-15T10:33:43","date_gmt":"2023-05-15T08:33:43","guid":{"rendered":"https:\/\/przedszkole150.edu.wroclaw.pl\/?page_id=4246"},"modified":"2023-05-15T10:33:48","modified_gmt":"2023-05-15T08:33:48","slug":"zajecia-z-ratownikami-medycznymi","status":"publish","type":"page","link":"https:\/\/przedszkole150.edu.wroclaw.pl\/index.php\/zajecia-z-ratownikami-medycznymi\/","title":{"rendered":"ZAJ\u0118CIA Z RATOWNIKAMI MEDYCZNYMI"},"content":{"rendered":"<div class=\"wpb-content-wrapper\"><p>[vc_row][vc_column][vc_column_text]<span style=\"font-family: times new roman, times;font-size: 14pt\">Dnia 12.05.2023r. dzieci z gr. VII i IX odwiedzili wyj\u0105tkowi go\u015bcie &#8211; Ratownicy Medyczni. Celem zaj\u0119\u0107\u00a0by\u0142o przygotowanie przedszkolak\u00f3w do wykonywania prostych czynno\u015bci udzielania pierwszej pomocy oraz prawid\u0142owego zachowania si\u0119 w czasie wypadku, w sytuacjach zagro\u017cenia \u017cycia lub zdrowia.\u00a0<\/span><\/p>\n<p><span style=\"font-family: times new roman, times;font-size: 14pt\">Przedszkolaki najpierw mia\u0142y okazj\u0119\u00a0obejrze\u0107 str\u00f3j ratownika i wys\u0142ucha\u0107 informacji na temat udzielania pierwszej pomocy. Uczy\u0142y si\u0119, w jaki spos\u00f3b mo\u017cna komu\u015b pom\u00f3c zanim przyjedzie pogotowie ratunkowe, jak nale\u017cy sprawdza\u0107 przytomno\u015b\u0107 osoby poszkodowanej oraz w jaki spos\u00f3b wzywa\u0107 pomoc, czyli jak rozmawia\u0107 przez telefon z dyspozytorem. Nast\u0119pnie z wielk\u0105 uwag\u0105 przygl\u0105da\u0142y si\u0119 demonstracji sztucznego oddychania i masa\u017cu serca na fantomie. Przedszkolaki pr\u00f3bowa\u0142y same udziela\u0107 pierwszej pomocy pod bacznym okiem instruktora. Dzieci mia\u0142y te\u017c okazj\u0119 przypomnie\u0107 i utrwali\u0107 sobie numery telefon\u00f3w alarmowych, wykona\u0107 \u201cpo\u0142\u0105czenie alarmowe\u201d. \u00a0<\/span><\/p>\n<p><span style=\"font-family: times new roman, times;font-size: 14pt\">Wa\u017cnym elementem zaj\u0119\u0107 by\u0142o tak\u017ce wys\u0142uchanie informacji na temat udzielania pierwszej pomocy w przypadku oparze\u0144, skalecze\u0144, zas\u0142abni\u0119\u0107 i z\u0142ama\u0144. Podczas tego spotkania dzieci nauczy\u0142y si\u0119 wielu wa\u017cnych rzeczy, kt\u00f3re w przysz\u0142o\u015bci by\u0107 mo\u017ce przyczyni\u0105 si\u0119 do uratowania komu\u015b \u017cycia.\u00a0<\/span><br \/>\n<span style=\"font-family: times new roman, times;font-size: 14pt\" data-ccp-props=\"{&quot;201341983&quot;:0,&quot;335551550&quot;:0,&quot;335551620&quot;:0,&quot;335559739&quot;:160,&quot;335559740&quot;:259}\">\u00a0<\/span><\/p>\n<p><span style=\"font-family: times new roman, times;font-size: 14pt\"><b>DZI\u0118KUJEMY !<\/b> To by\u0142a dla nas wszystkich bardzo cenna lekcja<\/span>.[\/vc_column_text][vc_gallery type=&#8221;image_grid&#8221; images=&#8221;4247,4248,4249,4250,4256,4255,4254,4253,4252,4251&#8243;][\/vc_column][\/vc_row]<\/p>\n<\/div>","protected":false},"excerpt":{"rendered":"<p>[vc_row][vc_column][vc_column_text]Dnia 12.05.2023r. dzieci z gr. VII i IX odwiedzili wyj\u0105tkowi go\u015bcie &#8211; Ratownicy Medyczni. Celem zaj\u0119\u0107\u00a0by\u0142o przygotowanie przedszkolak\u00f3w do wykonywania prostych czynno\u015bci udzielania pierwszej pomocy oraz prawid\u0142owego zachowania si\u0119 w [&hellip;]<\/p>\n","protected":false},"author":211,"featured_media":0,"parent":0,"menu_order":0,"comment_status":"closed","ping_status":"closed","template":"","meta":{"ngg_post_thumbnail":0,"footnotes":""},"class_list":["post-4246","page","type-page","status-publish","hentry","clearfix"],"_links":{"self":[{"href":"https:\/\/przedszkole150.edu.wroclaw.pl\/index.php\/wp-json\/wp\/v2\/pages\/4246","targetHints":{"allow":["GET"]}}],"collection":[{"href":"https:\/\/przedszkole150.edu.wroclaw.pl\/index.php\/wp-json\/wp\/v2\/pages"}],"about":[{"href":"https:\/\/przedszkole150.edu.wroclaw.pl\/index.php\/wp-json\/wp\/v2\/types\/page"}],"author":[{"embeddable":true,"href":"https:\/\/przedszkole150.edu.wroclaw.pl\/index.php\/wp-json\/wp\/v2\/users\/211"}],"replies":[{"embeddable":true,"href":"https:\/\/przedszkole150.edu.wroclaw.pl\/index.php\/wp-json\/wp\/v2\/comments?post=4246"}],"version-history":[{"count":2,"href":"https:\/\/przedszkole150.edu.wroclaw.pl\/index.php\/wp-json\/wp\/v2\/pages\/4246\/revisions"}],"predecessor-version":[{"id":4258,"href":"https:\/\/przedszkole150.edu.wroclaw.pl\/index.php\/wp-json\/wp\/v2\/pages\/4246\/revisions\/4258"}],"wp:attachment":[{"href":"https:\/\/przedszkole150.edu.wroclaw.pl\/index.php\/wp-json\/wp\/v2\/media?parent=4246"}],"curies":[{"name":"wp","href":"https:\/\/api.w.org\/{rel}","templated":true}]}}