
{"id":4284,"date":"2023-05-17T11:20:26","date_gmt":"2023-05-17T09:20:26","guid":{"rendered":"https:\/\/przedszkole150.edu.wroclaw.pl\/?page_id=4284"},"modified":"2023-05-17T11:26:33","modified_gmt":"2023-05-17T09:26:33","slug":"stomatolog-17-05-2023r","status":"publish","type":"page","link":"https:\/\/przedszkole150.edu.wroclaw.pl\/index.php\/stomatolog-17-05-2023r\/","title":{"rendered":"Zaj\u0119cia ze stomatologiem"},"content":{"rendered":"<div class=\"wpb-content-wrapper\"><p>[vc_row][vc_column][vc_column_text]<span style=\"font-family: times new roman, times;font-size: 14pt\">Dnia 17.05.2023r. dzieci wzi\u0119\u0142y udzia\u0142 w zaj\u0119ciach edukacyjnych ze stomatologiem dzieci\u0119cym. Tematyk\u0105 zaj\u0119\u0107 by\u0142a higiena jamy ustnej oraz nauka prawid\u0142owego szczotkowania z\u0119b\u00f3w. Podczas zaj\u0119\u0107, dzieci mog\u0142y dowiedzie\u0107 si\u0119, jak dba\u0107 o higien\u0119 jamy ustnej oraz co trzeba robi\u0107, aby z\u0119by by\u0142y zdrowe.\u00a0<\/span><\/p>\n<p><span style=\"font-family: times new roman, times;font-size: 14pt\" data-ccp-props=\"{&quot;201341983&quot;:0,&quot;335559739&quot;:160,&quot;335559740&quot;:259}\">\u00a0<\/span><\/p>\n<p><span style=\"font-family: times new roman, times;font-size: 14pt\" data-contrast=\"auto\">Zaj\u0119cia odby\u0142y si\u0119 w ramach programu miejskiego \u201cProfilaktyka pr\u00f3chnicy z\u0119b\u00f3w u dzieci w wieku przedszkolnym\u201d.<\/span><span data-ccp-props=\"{&quot;201341983&quot;:0,&quot;335559739&quot;:160,&quot;335559740&quot;:259}\">\u00a0<\/span>[\/vc_column_text][vc_gallery type=&#8221;image_grid&#8221; images=&#8221;4285,4286,4287,4288&#8243;][\/vc_column][\/vc_row]<\/p>\n<\/div>","protected":false},"excerpt":{"rendered":"<p>[vc_row][vc_column][vc_column_text]Dnia 17.05.2023r. dzieci wzi\u0119\u0142y udzia\u0142 w zaj\u0119ciach edukacyjnych ze stomatologiem dzieci\u0119cym. Tematyk\u0105 zaj\u0119\u0107 by\u0142a higiena jamy ustnej oraz nauka prawid\u0142owego szczotkowania z\u0119b\u00f3w. Podczas zaj\u0119\u0107, dzieci mog\u0142y dowiedzie\u0107 si\u0119, jak dba\u0107 [&hellip;]<\/p>\n","protected":false},"author":211,"featured_media":0,"parent":0,"menu_order":0,"comment_status":"closed","ping_status":"closed","template":"","meta":{"ngg_post_thumbnail":0,"footnotes":""},"class_list":["post-4284","page","type-page","status-publish","hentry","clearfix"],"_links":{"self":[{"href":"https:\/\/przedszkole150.edu.wroclaw.pl\/index.php\/wp-json\/wp\/v2\/pages\/4284","targetHints":{"allow":["GET"]}}],"collection":[{"href":"https:\/\/przedszkole150.edu.wroclaw.pl\/index.php\/wp-json\/wp\/v2\/pages"}],"about":[{"href":"https:\/\/przedszkole150.edu.wroclaw.pl\/index.php\/wp-json\/wp\/v2\/types\/page"}],"author":[{"embeddable":true,"href":"https:\/\/przedszkole150.edu.wroclaw.pl\/index.php\/wp-json\/wp\/v2\/users\/211"}],"replies":[{"embeddable":true,"href":"https:\/\/przedszkole150.edu.wroclaw.pl\/index.php\/wp-json\/wp\/v2\/comments?post=4284"}],"version-history":[{"count":4,"href":"https:\/\/przedszkole150.edu.wroclaw.pl\/index.php\/wp-json\/wp\/v2\/pages\/4284\/revisions"}],"predecessor-version":[{"id":4294,"href":"https:\/\/przedszkole150.edu.wroclaw.pl\/index.php\/wp-json\/wp\/v2\/pages\/4284\/revisions\/4294"}],"wp:attachment":[{"href":"https:\/\/przedszkole150.edu.wroclaw.pl\/index.php\/wp-json\/wp\/v2\/media?parent=4284"}],"curies":[{"name":"wp","href":"https:\/\/api.w.org\/{rel}","templated":true}]}}