
{"id":4295,"date":"2023-05-17T12:18:46","date_gmt":"2023-05-17T10:18:46","guid":{"rendered":"https:\/\/przedszkole150.edu.wroclaw.pl\/?page_id=4295"},"modified":"2023-05-17T12:26:39","modified_gmt":"2023-05-17T10:26:39","slug":"giga-laurka-dla-straznikow-lasow","status":"publish","type":"page","link":"https:\/\/przedszkole150.edu.wroclaw.pl\/index.php\/giga-laurka-dla-straznikow-lasow\/","title":{"rendered":"GIGA LAURKA DLA STRA\u017bNIK\u00d3W LAS\u00d3W"},"content":{"rendered":"<div class=\"wpb-content-wrapper\"><p>[vc_row][vc_column][vc_column_text]<span style=\"font-family: times new roman, times;font-size: 14pt\">Nasze Przedszkole otrzyma\u0142o Certyfikat udzia\u0142u w II edycji og\u00f3lnopolskiej akcji \u201eLaurka dla Stra\u017cnik\u00f3w Las\u00f3w\u201d.\u00a0<\/span><\/p>\n<p><span style=\"font-family: times new roman, times;font-size: 14pt\">Certyfikat otrzyma\u0142a r\u00f3wnie\u017c gr. IX oraz nauczyciel K. Ciastek.\u00a0<\/span><\/p>\n<p><span style=\"font-family: times new roman, times;font-size: 14pt\">\u00a0Akcja kolejny raz odby\u0142a si\u0119 w zwi\u0105zku z przypadaj\u0105cym na dzie\u0144 4 maja dzie\u0144 Stra\u017caka oraz przypadaj\u0105cym na dzie\u0144 5 maja dzie\u0144 Le\u015bnika. Celem jest zwr\u00f3cenie uwagi wok\u00f3\u0142 problemu po\u017car\u00f3w le\u015bnych i podzi\u0119kowanie Stra\u017cnikom Las\u00f3w, czyli Stra\u017cakom i Le\u015bnikom, kt\u00f3rzy na co dzie\u0144 ochraniaj\u0105 lasy przed po\u017carami. W ramach akcji przygotowana zosta\u0142a wirtualna Giga interaktywna laurka, kt\u00f3ra sk\u0142ada\u0142a si\u0119 z laurek namalowanych przez przedszkolaki i dzieci m\u0142odszych klas szk\u00f3\u0142 podstawowych z ca\u0142ego kraju. Nasze Przedszkole reprezentowa\u0142y laurki, wykonane przez dzieci z gr. IX.\u00a0<\/span><\/p>\n<p><span style=\"font-family: times new roman, times;font-size: 14pt\">Giga laurka zosta\u0142a rozes\u0142ana do wszystkich plac\u00f3wek Stra\u017cy Po\u017carnej (4 maja 2023r.) oraz Nadle\u015bnictw (5 maja 2023r.) na terenie ca\u0142ej Polski.\u00a0<\/span><\/p>\n<p><span style=\"font-family: times new roman, times;font-size: 14pt\">W tym roku do akcji przy\u0142\u0105czy\u0142o si\u0119 3165 plac\u00f3wek edukacyjnych \u2013 przedszkoli, szk\u00f3\u0142, \u015bwietlic i sekcji dzieci\u0119cych dzia\u0142aj\u0105cych w Domach Kultury na terenie ca\u0142ej Polski. Dzieci bior\u0105ce udzia\u0142 w akcji namalowa\u0142y 25920 laurek.\u00a0\u00a0<\/span><\/p>\n<p><span style=\"font-family: times new roman, times;font-size: 14pt\">\u00a0Organizatorem akcji by\u0142a Fabryka Aktywno\u015bci M\u0142odych w Gorzowie Wielkopolskim.\u00a0<\/span><\/p>\n<p><span style=\"font-family: times new roman, times;font-size: 14pt\">Koordynatorem akcji w naszym przedszkolu by\u0142a Katarzyna Ciastek .<\/span>[\/vc_column_text][vc_gallery type=&#8221;image_grid&#8221; images=&#8221;4296,4297,4298&#8243;][\/vc_column][\/vc_row]<\/p>\n<\/div>","protected":false},"excerpt":{"rendered":"<p>[vc_row][vc_column][vc_column_text]Nasze Przedszkole otrzyma\u0142o Certyfikat udzia\u0142u w II edycji og\u00f3lnopolskiej akcji \u201eLaurka dla Stra\u017cnik\u00f3w Las\u00f3w\u201d.\u00a0 Certyfikat otrzyma\u0142a r\u00f3wnie\u017c gr. IX oraz nauczyciel K. Ciastek.\u00a0 \u00a0Akcja kolejny raz odby\u0142a si\u0119 w zwi\u0105zku [&hellip;]<\/p>\n","protected":false},"author":211,"featured_media":0,"parent":0,"menu_order":0,"comment_status":"closed","ping_status":"closed","template":"","meta":{"ngg_post_thumbnail":0,"footnotes":""},"class_list":["post-4295","page","type-page","status-publish","hentry","clearfix"],"_links":{"self":[{"href":"https:\/\/przedszkole150.edu.wroclaw.pl\/index.php\/wp-json\/wp\/v2\/pages\/4295","targetHints":{"allow":["GET"]}}],"collection":[{"href":"https:\/\/przedszkole150.edu.wroclaw.pl\/index.php\/wp-json\/wp\/v2\/pages"}],"about":[{"href":"https:\/\/przedszkole150.edu.wroclaw.pl\/index.php\/wp-json\/wp\/v2\/types\/page"}],"author":[{"embeddable":true,"href":"https:\/\/przedszkole150.edu.wroclaw.pl\/index.php\/wp-json\/wp\/v2\/users\/211"}],"replies":[{"embeddable":true,"href":"https:\/\/przedszkole150.edu.wroclaw.pl\/index.php\/wp-json\/wp\/v2\/comments?post=4295"}],"version-history":[{"count":3,"href":"https:\/\/przedszkole150.edu.wroclaw.pl\/index.php\/wp-json\/wp\/v2\/pages\/4295\/revisions"}],"predecessor-version":[{"id":4302,"href":"https:\/\/przedszkole150.edu.wroclaw.pl\/index.php\/wp-json\/wp\/v2\/pages\/4295\/revisions\/4302"}],"wp:attachment":[{"href":"https:\/\/przedszkole150.edu.wroclaw.pl\/index.php\/wp-json\/wp\/v2\/media?parent=4295"}],"curies":[{"name":"wp","href":"https:\/\/api.w.org\/{rel}","templated":true}]}}