
{"id":4444,"date":"2023-06-10T18:00:19","date_gmt":"2023-06-10T16:00:19","guid":{"rendered":"https:\/\/przedszkole150.edu.wroclaw.pl\/?page_id=4444"},"modified":"2023-06-10T18:00:19","modified_gmt":"2023-06-10T16:00:19","slug":"przygoda-na-wsi","status":"publish","type":"page","link":"https:\/\/przedszkole150.edu.wroclaw.pl\/index.php\/przygoda-na-wsi\/","title":{"rendered":"Przygoda na wsi"},"content":{"rendered":"<div class=\"wpb-content-wrapper\"><p>[vc_row][vc_column][vc_column_text]<span style=\"font-family: times new roman, times;font-size: 14pt\">Dn. 05.06.2023r. dzieci z gr. II i VII uda\u0142y si\u0119 na wycieczk\u0119 edukacyjn\u0105 do Chwalimierza. Podczas pobytu w o\u015brodku &#8222;Pola wyobra\u017ani&#8221; dzieci aktywnie uczestniczy\u0142y w r\u00f3\u017cnorodnych zaj\u0119ciach. Wykorzystuj\u0105c skarby natury ka\u017cde dziecko stworzy\u0142o domek dla motyli, poznaj\u0105c wiejskie zio\u0142a oraz kwiaty stworzy\u0142y niepowtarzalne zielniki. Gospodarz przedstawi\u0142 dzieciom ma\u0142ych mieszka\u0144c\u00f3w swojej zagrody i pokaza\u0142 jak si\u0119 nimi opiekowa\u0107, jak zadba\u0107 o ich legowiska, jak je czy\u015bci\u0107 i karmi\u0107. To by\u0142 mi\u0142o i po\u017cytecznie sp\u0119dzony czas!<\/span><\/p>\n<p>[\/vc_column_text][vc_gallery type=&#8221;image_grid&#8221; images=&#8221;4445,4446,4447,4448,4449,4450&#8243;][\/vc_column][\/vc_row]<\/p>\n<\/div>","protected":false},"excerpt":{"rendered":"<p>[vc_row][vc_column][vc_column_text]Dn. 05.06.2023r. dzieci z gr. II i VII uda\u0142y si\u0119 na wycieczk\u0119 edukacyjn\u0105 do Chwalimierza. Podczas pobytu w o\u015brodku &#8222;Pola wyobra\u017ani&#8221; dzieci aktywnie uczestniczy\u0142y w r\u00f3\u017cnorodnych zaj\u0119ciach. Wykorzystuj\u0105c skarby natury [&hellip;]<\/p>\n","protected":false},"author":200,"featured_media":0,"parent":0,"menu_order":0,"comment_status":"closed","ping_status":"closed","template":"","meta":{"ngg_post_thumbnail":0,"footnotes":""},"class_list":["post-4444","page","type-page","status-publish","hentry","clearfix"],"_links":{"self":[{"href":"https:\/\/przedszkole150.edu.wroclaw.pl\/index.php\/wp-json\/wp\/v2\/pages\/4444","targetHints":{"allow":["GET"]}}],"collection":[{"href":"https:\/\/przedszkole150.edu.wroclaw.pl\/index.php\/wp-json\/wp\/v2\/pages"}],"about":[{"href":"https:\/\/przedszkole150.edu.wroclaw.pl\/index.php\/wp-json\/wp\/v2\/types\/page"}],"author":[{"embeddable":true,"href":"https:\/\/przedszkole150.edu.wroclaw.pl\/index.php\/wp-json\/wp\/v2\/users\/200"}],"replies":[{"embeddable":true,"href":"https:\/\/przedszkole150.edu.wroclaw.pl\/index.php\/wp-json\/wp\/v2\/comments?post=4444"}],"version-history":[{"count":1,"href":"https:\/\/przedszkole150.edu.wroclaw.pl\/index.php\/wp-json\/wp\/v2\/pages\/4444\/revisions"}],"predecessor-version":[{"id":4451,"href":"https:\/\/przedszkole150.edu.wroclaw.pl\/index.php\/wp-json\/wp\/v2\/pages\/4444\/revisions\/4451"}],"wp:attachment":[{"href":"https:\/\/przedszkole150.edu.wroclaw.pl\/index.php\/wp-json\/wp\/v2\/media?parent=4444"}],"curies":[{"name":"wp","href":"https:\/\/api.w.org\/{rel}","templated":true}]}}