
{"id":4464,"date":"2023-06-20T07:47:27","date_gmt":"2023-06-20T05:47:27","guid":{"rendered":"https:\/\/przedszkole150.edu.wroclaw.pl\/?page_id=4464"},"modified":"2023-06-20T07:56:50","modified_gmt":"2023-06-20T05:56:50","slug":"zdrowo-jem-wiecej-wiem","status":"publish","type":"page","link":"https:\/\/przedszkole150.edu.wroclaw.pl\/index.php\/zdrowo-jem-wiecej-wiem\/","title":{"rendered":"ZDROWO JEM, WI\u0118CEJ WIEM!"},"content":{"rendered":"<div class=\"wpb-content-wrapper\"><p>[vc_row][vc_column][vc_column_text]<\/p>\n<p style=\"text-align: center\"><span style=\"font-family: times new roman, times;font-size: 12pt\"><b>ZDROWO JEM, WI\u0118CEJ WIEM!<\/b>\u00a0<\/span><\/p>\n<p><span style=\"font-family: times new roman, times;font-size: 12pt\"><b>Dzieci z gr. IX otrzyma\u0142y dyplom udzia\u0142u w 13 edycji projektu pn. \u201cZdrowo jem, wi\u0119cej wiem!\u201d.<\/b>\u00a0<\/span><\/p>\n<p><span style=\"font-size: 12pt;font-family: times new roman, times\"><b>Projekt obj\u0119\u0142a honorowym patronatem Pierwsza Dama RP, Pani Agata Kornahauser-Duda.<\/b>\u00a0<\/span><\/p>\n<p><span style=\"font-family: times new roman, times;font-size: 12pt\">Organizatorem Projektu jest Fundacja Banku Ochrony \u015arodowiska.<\/span><\/p>\n<p><span style=\"font-family: times new roman, times;font-size: 12pt\" data-ccp-props=\"{&quot;201341983&quot;:0,&quot;335551550&quot;:0,&quot;335551620&quot;:0,&quot;335559739&quot;:160,&quot;335559740&quot;:259}\">\u00a0<\/span><\/p>\n<p><span style=\"font-family: times new roman, times;font-size: 12pt\">G\u0142\u00f3wnym celem projektu by\u0142o wykszta\u0142cenie u dzieci postaw prozdrowotnych poprzez uczenie zasad zdrowego od\u017cywiania. Przekazywanie wiedzy na temat produkt\u00f3w s\u0142u\u017c\u0105cych zdrowiu i produkt\u00f3w dla zdrowia szkodliwych.\u00a0<\/span><\/p>\n<p><span style=\"font-family: times new roman, times;font-size: 12pt\">Wa\u017cnym celem by\u0142o r\u00f3wnie\u017c u\u015bwiadomienie zwi\u0105zku pomi\u0119dzy \u017cywieniem, a wyst\u0119powaniem wielu chor\u00f3b i dolegliwo\u015bci oraz podkre\u015blenie roli codziennej aktywno\u015bci fizycznej w profilaktyce zdrowotnej.\u00a0<\/span><\/p>\n<p><span style=\"font-family: times new roman, times;font-size: 12pt\">Wa\u017cn\u0105 role w realizacji projektu pe\u0142nili Rodzice, od kt\u00f3rych zale\u017cy ca\u0142okszta\u0142t stylu \u017cycia rodziny i przekonanie, \u017ce warto zadba\u0107 o zdrowe od\u017cywianie i regularn\u0105 aktywno\u015b\u0107 fizyczn\u0105.\u00a0<\/span><\/p>\n<p><span style=\"font-family: times new roman, times;font-size: 12pt\" data-ccp-props=\"{&quot;201341983&quot;:0,&quot;335559739&quot;:160,&quot;335559740&quot;:259}\">\u00a0<\/span><\/p>\n<p><span style=\"font-size: 12pt\"><span style=\"font-family: times new roman, times\" data-contrast=\"auto\">Dyplom otrzyma\u0142a r\u00f3wnie\u017c Katarzyna Ciastek \u2013 opiekun zespo\u0142u.<\/span>\u00a0<\/span>[\/vc_column_text][\/vc_column][\/vc_row][vc_row][vc_column][vc_gallery type=&#8221;image_grid&#8221; images=&#8221;4465,4466&#8243;][\/vc_column][\/vc_row]<\/p>\n<\/div>","protected":false},"excerpt":{"rendered":"<p>[vc_row][vc_column][vc_column_text] ZDROWO JEM, WI\u0118CEJ WIEM!\u00a0 Dzieci z gr. IX otrzyma\u0142y dyplom udzia\u0142u w 13 edycji projektu pn. \u201cZdrowo jem, wi\u0119cej wiem!\u201d.\u00a0 Projekt obj\u0119\u0142a honorowym patronatem Pierwsza Dama RP, Pani Agata [&hellip;]<\/p>\n","protected":false},"author":211,"featured_media":0,"parent":0,"menu_order":0,"comment_status":"closed","ping_status":"closed","template":"","meta":{"ngg_post_thumbnail":0,"footnotes":""},"class_list":["post-4464","page","type-page","status-publish","hentry","clearfix"],"_links":{"self":[{"href":"https:\/\/przedszkole150.edu.wroclaw.pl\/index.php\/wp-json\/wp\/v2\/pages\/4464","targetHints":{"allow":["GET"]}}],"collection":[{"href":"https:\/\/przedszkole150.edu.wroclaw.pl\/index.php\/wp-json\/wp\/v2\/pages"}],"about":[{"href":"https:\/\/przedszkole150.edu.wroclaw.pl\/index.php\/wp-json\/wp\/v2\/types\/page"}],"author":[{"embeddable":true,"href":"https:\/\/przedszkole150.edu.wroclaw.pl\/index.php\/wp-json\/wp\/v2\/users\/211"}],"replies":[{"embeddable":true,"href":"https:\/\/przedszkole150.edu.wroclaw.pl\/index.php\/wp-json\/wp\/v2\/comments?post=4464"}],"version-history":[{"count":4,"href":"https:\/\/przedszkole150.edu.wroclaw.pl\/index.php\/wp-json\/wp\/v2\/pages\/4464\/revisions"}],"predecessor-version":[{"id":4474,"href":"https:\/\/przedszkole150.edu.wroclaw.pl\/index.php\/wp-json\/wp\/v2\/pages\/4464\/revisions\/4474"}],"wp:attachment":[{"href":"https:\/\/przedszkole150.edu.wroclaw.pl\/index.php\/wp-json\/wp\/v2\/media?parent=4464"}],"curies":[{"name":"wp","href":"https:\/\/api.w.org\/{rel}","templated":true}]}}