
{"id":4556,"date":"2023-08-27T08:29:46","date_gmt":"2023-08-27T06:29:46","guid":{"rendered":"https:\/\/przedszkole150.edu.wroclaw.pl\/?page_id=4556"},"modified":"2023-08-27T08:29:55","modified_gmt":"2023-08-27T06:29:55","slug":"zabawy-z-masami-plastycznymi-w-gr-iv","status":"publish","type":"page","link":"https:\/\/przedszkole150.edu.wroclaw.pl\/index.php\/zabawy-z-masami-plastycznymi-w-gr-iv\/","title":{"rendered":"Zabawy z masami plastycznymi w gr. IV"},"content":{"rendered":"<div class=\"wpb-content-wrapper\"><p>[vc_row][vc_column][vc_column_text]<\/p>\n<p>Dzieci z gr. IV pod kierunkiem nauczycielki Agnieszki Jasku\u0142owskiej mia\u0142y mo\u017cliwo\u015b\u0107 tworzenia i zabawy z masami sensoplastycznymi.<\/p>\n<p>Dzieci bawi\u0105c si\u0119 i tworz\u0105c czerpi\u0105 z tego du\u017co rado\u015bci. Wp\u0142ywa to pozytywnie na ich rozw\u00f3j. Bardzo dobrze wpisuj\u0105 si\u0119 tutaj s\u0142owa J. Korczaka ,,Kiedy \u015bmieje si\u0119 dziecko, \u015bmieje si\u0119 ca\u0142y \u015bwiat\u2019\u2019.<\/p>\n<p>Korzy\u015bci wynikaj\u0105ce z zabawy sensorycznej to:<\/p>\n<ul>\n<li>bezpiecze\u0144stwo \u2013 masy plastyczne przygotowane s\u0105 z naturalnych produkt\u00f3w spo\u017cywczych np. kasza,\u00a0 m\u0105ka, makaron, galaretki itp.;<\/li>\n<li>rozw\u00f3j sensoryczny \u2013 wspieramy rozw\u00f3j zmys\u0142\u00f3w (w\u0119chu, wzroku, dotyku, s\u0142uchu, smaku);<\/li>\n<li>wyra\u017canie emocji \u2013 ujawnianie uczu\u0107;<\/li>\n<li>budowanie \u015bwiadomo\u015bci cia\u0142a i przestrzeni przez dzieci;<\/li>\n<li>rozwijanie ma\u0142ej motoryki (prac\u0119 d\u0142oni: ugniatanie, lepienie);<\/li>\n<li>wspieranie rozwoju poznawczego \u2013 opisujemy elementy \u015bwiata, pokazujemy proces przemian substancji, obserwujemy, co si\u0119 dzieje po dodaniu oleju, m\u0105ki lub barwnika spo\u017cywczego.<\/li>\n<\/ul>\n<p>[\/vc_column_text][vc_gallery type=&#8221;image_grid&#8221; images=&#8221;4557,4558,4559,4560,4561&#8243;][\/vc_column][\/vc_row]<\/p>\n<\/div>","protected":false},"excerpt":{"rendered":"<p>[vc_row][vc_column][vc_column_text] Dzieci z gr. IV pod kierunkiem nauczycielki Agnieszki Jasku\u0142owskiej mia\u0142y mo\u017cliwo\u015b\u0107 tworzenia i zabawy z masami sensoplastycznymi. Dzieci bawi\u0105c si\u0119 i tworz\u0105c czerpi\u0105 z tego du\u017co rado\u015bci. Wp\u0142ywa to [&hellip;]<\/p>\n","protected":false},"author":264,"featured_media":0,"parent":0,"menu_order":0,"comment_status":"closed","ping_status":"closed","template":"","meta":{"ngg_post_thumbnail":0,"footnotes":""},"class_list":["post-4556","page","type-page","status-publish","hentry","clearfix"],"_links":{"self":[{"href":"https:\/\/przedszkole150.edu.wroclaw.pl\/index.php\/wp-json\/wp\/v2\/pages\/4556","targetHints":{"allow":["GET"]}}],"collection":[{"href":"https:\/\/przedszkole150.edu.wroclaw.pl\/index.php\/wp-json\/wp\/v2\/pages"}],"about":[{"href":"https:\/\/przedszkole150.edu.wroclaw.pl\/index.php\/wp-json\/wp\/v2\/types\/page"}],"author":[{"embeddable":true,"href":"https:\/\/przedszkole150.edu.wroclaw.pl\/index.php\/wp-json\/wp\/v2\/users\/264"}],"replies":[{"embeddable":true,"href":"https:\/\/przedszkole150.edu.wroclaw.pl\/index.php\/wp-json\/wp\/v2\/comments?post=4556"}],"version-history":[{"count":1,"href":"https:\/\/przedszkole150.edu.wroclaw.pl\/index.php\/wp-json\/wp\/v2\/pages\/4556\/revisions"}],"predecessor-version":[{"id":4562,"href":"https:\/\/przedszkole150.edu.wroclaw.pl\/index.php\/wp-json\/wp\/v2\/pages\/4556\/revisions\/4562"}],"wp:attachment":[{"href":"https:\/\/przedszkole150.edu.wroclaw.pl\/index.php\/wp-json\/wp\/v2\/media?parent=4556"}],"curies":[{"name":"wp","href":"https:\/\/api.w.org\/{rel}","templated":true}]}}