
{"id":5079,"date":"2023-11-05T10:58:50","date_gmt":"2023-11-05T09:58:50","guid":{"rendered":"https:\/\/przedszkole150.edu.wroclaw.pl\/?page_id=5079"},"modified":"2023-11-05T10:58:50","modified_gmt":"2023-11-05T09:58:50","slug":"uczymy-dzieci-programowac-jesienne-kodowanie","status":"publish","type":"page","link":"https:\/\/przedszkole150.edu.wroclaw.pl\/index.php\/uczymy-dzieci-programowac-jesienne-kodowanie\/","title":{"rendered":"Uczymy Dzieci Programowa\u0107- Jesienne Kodowanie"},"content":{"rendered":"<div class=\"wpb-content-wrapper\"><p>[vc_row][vc_column][vc_column_text]<\/p>\n<div class=\"page\" role=\"region\" data-page-number=\"1\" aria-label=\"1. strona\" data-loaded=\"true\">\n<div class=\"textLayer\">\n<p><span id=\"page335R_mcid36\" class=\"markedContent\"><span dir=\"ltr\" role=\"presentation\">Jesie\u0144, to nie tylko kolorowe li\u015bcie, dojrza\u0142e warzywa <\/span><\/span><span id=\"page335R_mcid38\" class=\"markedContent\"><span dir=\"ltr\" role=\"presentation\">i le\u015bne skarby. To te\u017c ni\u017csze temperatury, czasem deszcz <\/span><\/span><span id=\"page335R_mcid39\" class=\"markedContent\"><span dir=\"ltr\" role=\"presentation\">i wiatr. Musimy zadba\u0107 o swoje zdrowie. Jak mo\u017cemy <\/span><\/span><span id=\"page335R_mcid40\" class=\"markedContent\"><span dir=\"ltr\" role=\"presentation\">to zrobi\u0107? Mi\u0119dzy innymi wybieraj\u0105c odpowiedni\u0105 <\/span><\/span><span id=\"page335R_mcid41\" class=\"markedContent\"><span dir=\"ltr\" role=\"presentation\">garderob\u0119. Na zaj\u0119ciach przeprowadzonych w ramach Programu Uczymy Dzieci Programowa\u0107, przedszkolaki z gr VIII zag\u0119bi\u0142y <\/span><\/span><span id=\"page335R_mcid42\" class=\"markedContent\"><span dir=\"ltr\" role=\"presentation\">\u00a0temat dbania o zdrowie <\/span><\/span><span id=\"page335R_mcid43\" class=\"markedContent\"><span dir=\"ltr\" role=\"presentation\">jesieni\u0105 po\u0142\u0105czone z aktywno\u015bciami rozwijaj\u0105cymi <\/span><\/span><span id=\"page335R_mcid44\" class=\"markedContent\"><span dir=\"ltr\" role=\"presentation\">logiczne my\u015blenie i umiej\u0119tno\u015b\u0107 wsp\u00f3\u0142pracy.<\/span><\/span><\/p>\n<div class=\"endOfContent\"><\/div>\n<\/div>\n<\/div>\n<div class=\"page\" role=\"region\" data-page-number=\"2\" aria-label=\"2. strona\" data-loaded=\"true\">\n<div class=\"canvasWrapper\"><\/div>\n<div class=\"textLayer\"><\/div>\n<\/div>\n<p>[\/vc_column_text][vc_gallery type=&#8221;image_grid&#8221; images=&#8221;5080,5081,5082,5083&#8243;][\/vc_column][\/vc_row]<\/p>\n<\/div>","protected":false},"excerpt":{"rendered":"<p>[vc_row][vc_column][vc_column_text] Jesie\u0144, to nie tylko kolorowe li\u015bcie, dojrza\u0142e warzywa i le\u015bne skarby. To te\u017c ni\u017csze temperatury, czasem deszcz i wiatr. Musimy zadba\u0107 o swoje zdrowie. Jak mo\u017cemy to zrobi\u0107? Mi\u0119dzy [&hellip;]<\/p>\n","protected":false},"author":264,"featured_media":0,"parent":0,"menu_order":0,"comment_status":"closed","ping_status":"closed","template":"","meta":{"ngg_post_thumbnail":0,"footnotes":""},"class_list":["post-5079","page","type-page","status-publish","hentry","clearfix"],"_links":{"self":[{"href":"https:\/\/przedszkole150.edu.wroclaw.pl\/index.php\/wp-json\/wp\/v2\/pages\/5079","targetHints":{"allow":["GET"]}}],"collection":[{"href":"https:\/\/przedszkole150.edu.wroclaw.pl\/index.php\/wp-json\/wp\/v2\/pages"}],"about":[{"href":"https:\/\/przedszkole150.edu.wroclaw.pl\/index.php\/wp-json\/wp\/v2\/types\/page"}],"author":[{"embeddable":true,"href":"https:\/\/przedszkole150.edu.wroclaw.pl\/index.php\/wp-json\/wp\/v2\/users\/264"}],"replies":[{"embeddable":true,"href":"https:\/\/przedszkole150.edu.wroclaw.pl\/index.php\/wp-json\/wp\/v2\/comments?post=5079"}],"version-history":[{"count":1,"href":"https:\/\/przedszkole150.edu.wroclaw.pl\/index.php\/wp-json\/wp\/v2\/pages\/5079\/revisions"}],"predecessor-version":[{"id":5084,"href":"https:\/\/przedszkole150.edu.wroclaw.pl\/index.php\/wp-json\/wp\/v2\/pages\/5079\/revisions\/5084"}],"wp:attachment":[{"href":"https:\/\/przedszkole150.edu.wroclaw.pl\/index.php\/wp-json\/wp\/v2\/media?parent=5079"}],"curies":[{"name":"wp","href":"https:\/\/api.w.org\/{rel}","templated":true}]}}