
{"id":5085,"date":"2023-11-05T11:04:26","date_gmt":"2023-11-05T10:04:26","guid":{"rendered":"https:\/\/przedszkole150.edu.wroclaw.pl\/?page_id=5085"},"modified":"2023-11-05T11:04:26","modified_gmt":"2023-11-05T10:04:26","slug":"dzien-dyni","status":"publish","type":"page","link":"https:\/\/przedszkole150.edu.wroclaw.pl\/index.php\/dzien-dyni\/","title":{"rendered":"Dzie\u0144 Dyni"},"content":{"rendered":"<div class=\"wpb-content-wrapper\"><p>[vc_row][vc_column][vc_column_text]Dnia 31.10.2023 roku w grupie VIII\u00a0 panowa\u0142a weso\u0142a zabawa od rana. Tego dnia obchodzili,\u015bmy \u015awi\u0119to Dyni.\u00a0 Wsp\u00f3lnie uczestniczyli\u015bmy w zaj\u0119ciach, podczas kt\u00f3rych poznali\u015bmy bardzo zdrowe i urodziwe warzywo jakim jest dynia. Dzieci w tym dniu ubrane by\u0142y w kolorze pomara\u0144czowym. Z przyniesionych dyni, wykonali\u015bmy przepi\u0119kne dyniowe cudaki.<\/p>\n<p>[\/vc_column_text][vc_gallery type=&#8221;image_grid&#8221; images=&#8221;5086,5087,5088&#8243;][\/vc_column][\/vc_row]<\/p>\n<\/div>","protected":false},"excerpt":{"rendered":"<p>[vc_row][vc_column][vc_column_text]Dnia 31.10.2023 roku w grupie VIII\u00a0 panowa\u0142a weso\u0142a zabawa od rana. Tego dnia obchodzili,\u015bmy \u015awi\u0119to Dyni.\u00a0 Wsp\u00f3lnie uczestniczyli\u015bmy w zaj\u0119ciach, podczas kt\u00f3rych poznali\u015bmy bardzo zdrowe i urodziwe warzywo jakim jest [&hellip;]<\/p>\n","protected":false},"author":264,"featured_media":0,"parent":0,"menu_order":0,"comment_status":"closed","ping_status":"closed","template":"","meta":{"ngg_post_thumbnail":0,"footnotes":""},"class_list":["post-5085","page","type-page","status-publish","hentry","clearfix"],"_links":{"self":[{"href":"https:\/\/przedszkole150.edu.wroclaw.pl\/index.php\/wp-json\/wp\/v2\/pages\/5085","targetHints":{"allow":["GET"]}}],"collection":[{"href":"https:\/\/przedszkole150.edu.wroclaw.pl\/index.php\/wp-json\/wp\/v2\/pages"}],"about":[{"href":"https:\/\/przedszkole150.edu.wroclaw.pl\/index.php\/wp-json\/wp\/v2\/types\/page"}],"author":[{"embeddable":true,"href":"https:\/\/przedszkole150.edu.wroclaw.pl\/index.php\/wp-json\/wp\/v2\/users\/264"}],"replies":[{"embeddable":true,"href":"https:\/\/przedszkole150.edu.wroclaw.pl\/index.php\/wp-json\/wp\/v2\/comments?post=5085"}],"version-history":[{"count":1,"href":"https:\/\/przedszkole150.edu.wroclaw.pl\/index.php\/wp-json\/wp\/v2\/pages\/5085\/revisions"}],"predecessor-version":[{"id":5089,"href":"https:\/\/przedszkole150.edu.wroclaw.pl\/index.php\/wp-json\/wp\/v2\/pages\/5085\/revisions\/5089"}],"wp:attachment":[{"href":"https:\/\/przedszkole150.edu.wroclaw.pl\/index.php\/wp-json\/wp\/v2\/media?parent=5085"}],"curies":[{"name":"wp","href":"https:\/\/api.w.org\/{rel}","templated":true}]}}