
{"id":5101,"date":"2023-11-06T11:38:13","date_gmt":"2023-11-06T10:38:13","guid":{"rendered":"https:\/\/przedszkole150.edu.wroclaw.pl\/?page_id=5101"},"modified":"2023-11-06T11:39:02","modified_gmt":"2023-11-06T10:39:02","slug":"5101-2","status":"publish","type":"page","link":"https:\/\/przedszkole150.edu.wroclaw.pl\/index.php\/5101-2\/","title":{"rendered":"Szko\u0142a pami\u0119ta"},"content":{"rendered":"<div class=\"wpb-content-wrapper\"><p>[vc_row][vc_column][vc_column_text]Mi\u0142o nam poinformowa\u0107, \u017ce nasze przedszkole otrzyma\u0142o Dyplom od Ministra Edukacji i Nauki\u00a0 za udzia\u0142 w akcji \u201eSzko\u0142a pami\u0119ta\u201d.<\/p>\n<p><a href=\"https:\/\/przedszkole150.edu.wroclaw.pl\/wp-content\/uploads\/sites\/61\/2023\/11\/dyplomszkolapamieta.pdf\">dyplomszkolapamieta<\/a><\/p>\n<\/div>","protected":false},"excerpt":{"rendered":"<p>[vc_row][vc_column][vc_column_text]Mi\u0142o nam poinformowa\u0107, \u017ce nasze przedszkole otrzyma\u0142o Dyplom od Ministra Edukacji i Nauki\u00a0 za udzia\u0142 w akcji \u201eSzko\u0142a pami\u0119ta\u201d. dyplomszkolapamieta<\/p>\n","protected":false},"author":264,"featured_media":0,"parent":0,"menu_order":0,"comment_status":"closed","ping_status":"closed","template":"","meta":{"ngg_post_thumbnail":0,"footnotes":""},"class_list":["post-5101","page","type-page","status-publish","hentry","clearfix"],"_links":{"self":[{"href":"https:\/\/przedszkole150.edu.wroclaw.pl\/index.php\/wp-json\/wp\/v2\/pages\/5101","targetHints":{"allow":["GET"]}}],"collection":[{"href":"https:\/\/przedszkole150.edu.wroclaw.pl\/index.php\/wp-json\/wp\/v2\/pages"}],"about":[{"href":"https:\/\/przedszkole150.edu.wroclaw.pl\/index.php\/wp-json\/wp\/v2\/types\/page"}],"author":[{"embeddable":true,"href":"https:\/\/przedszkole150.edu.wroclaw.pl\/index.php\/wp-json\/wp\/v2\/users\/264"}],"replies":[{"embeddable":true,"href":"https:\/\/przedszkole150.edu.wroclaw.pl\/index.php\/wp-json\/wp\/v2\/comments?post=5101"}],"version-history":[{"count":2,"href":"https:\/\/przedszkole150.edu.wroclaw.pl\/index.php\/wp-json\/wp\/v2\/pages\/5101\/revisions"}],"predecessor-version":[{"id":5104,"href":"https:\/\/przedszkole150.edu.wroclaw.pl\/index.php\/wp-json\/wp\/v2\/pages\/5101\/revisions\/5104"}],"wp:attachment":[{"href":"https:\/\/przedszkole150.edu.wroclaw.pl\/index.php\/wp-json\/wp\/v2\/media?parent=5101"}],"curies":[{"name":"wp","href":"https:\/\/api.w.org\/{rel}","templated":true}]}}