
{"id":5169,"date":"2023-11-17T11:12:14","date_gmt":"2023-11-17T10:12:14","guid":{"rendered":"https:\/\/przedszkole150.edu.wroclaw.pl\/?page_id=5169"},"modified":"2023-11-17T11:12:14","modified_gmt":"2023-11-17T10:12:14","slug":"teatrzyk-jas-i-malgosia","status":"publish","type":"page","link":"https:\/\/przedszkole150.edu.wroclaw.pl\/index.php\/teatrzyk-jas-i-malgosia\/","title":{"rendered":"Teatrzyk &#8222;Ja\u015b i Ma\u0142gosia&#8221;"},"content":{"rendered":"<div class=\"wpb-content-wrapper\"><p>[vc_row][vc_column][vc_column_text]<span style=\"font-family: times new roman, times;font-size: 14pt\">Dn. <span style=\"color: #008000\"><strong>15.11.2023r.<\/strong><\/span> dzieci\u00a0 obejrza\u0142y przedstawienie pt. <strong><span style=\"color: #008000\">&#8222;Ja\u015b i Ma\u0142gosia&#8221;<\/span><\/strong> w wykonaniu nauczycielek naszego przedszkola. Przedszkolaki z entuzjazmem reagowa\u0142y na przygody bohater\u00f3w bajki.\u00a0 Radosnych okrzyk\u00f3w i \u015bmiechu nie by\u0142o ko\u0144ca.<\/span>[\/vc_column_text][vc_gallery type=&#8221;image_grid&#8221; images=&#8221;5170,5171,5172,5173,5174&#8243;][\/vc_column][\/vc_row]<\/p>\n<\/div>","protected":false},"excerpt":{"rendered":"<p>[vc_row][vc_column][vc_column_text]Dn. 15.11.2023r. dzieci\u00a0 obejrza\u0142y przedstawienie pt. &#8222;Ja\u015b i Ma\u0142gosia&#8221; w wykonaniu nauczycielek naszego przedszkola. Przedszkolaki z entuzjazmem reagowa\u0142y na przygody bohater\u00f3w bajki.\u00a0 Radosnych okrzyk\u00f3w i \u015bmiechu nie by\u0142o ko\u0144ca.[\/vc_column_text][vc_gallery type=&#8221;image_grid&#8221; [&hellip;]<\/p>\n","protected":false},"author":200,"featured_media":0,"parent":0,"menu_order":0,"comment_status":"closed","ping_status":"closed","template":"","meta":{"ngg_post_thumbnail":0,"footnotes":""},"class_list":["post-5169","page","type-page","status-publish","hentry","clearfix"],"_links":{"self":[{"href":"https:\/\/przedszkole150.edu.wroclaw.pl\/index.php\/wp-json\/wp\/v2\/pages\/5169","targetHints":{"allow":["GET"]}}],"collection":[{"href":"https:\/\/przedszkole150.edu.wroclaw.pl\/index.php\/wp-json\/wp\/v2\/pages"}],"about":[{"href":"https:\/\/przedszkole150.edu.wroclaw.pl\/index.php\/wp-json\/wp\/v2\/types\/page"}],"author":[{"embeddable":true,"href":"https:\/\/przedszkole150.edu.wroclaw.pl\/index.php\/wp-json\/wp\/v2\/users\/200"}],"replies":[{"embeddable":true,"href":"https:\/\/przedszkole150.edu.wroclaw.pl\/index.php\/wp-json\/wp\/v2\/comments?post=5169"}],"version-history":[{"count":1,"href":"https:\/\/przedszkole150.edu.wroclaw.pl\/index.php\/wp-json\/wp\/v2\/pages\/5169\/revisions"}],"predecessor-version":[{"id":5175,"href":"https:\/\/przedszkole150.edu.wroclaw.pl\/index.php\/wp-json\/wp\/v2\/pages\/5169\/revisions\/5175"}],"wp:attachment":[{"href":"https:\/\/przedszkole150.edu.wroclaw.pl\/index.php\/wp-json\/wp\/v2\/media?parent=5169"}],"curies":[{"name":"wp","href":"https:\/\/api.w.org\/{rel}","templated":true}]}}