
{"id":5416,"date":"2024-01-22T13:23:52","date_gmt":"2024-01-22T12:23:52","guid":{"rendered":"https:\/\/przedszkole150.edu.wroclaw.pl\/?page_id=5416"},"modified":"2024-01-22T15:08:09","modified_gmt":"2024-01-22T14:08:09","slug":"konkurs-plastyczny-drzewa-wokol-nas","status":"publish","type":"page","link":"https:\/\/przedszkole150.edu.wroclaw.pl\/index.php\/konkurs-plastyczny-drzewa-wokol-nas\/","title":{"rendered":"Konkurs plastyczny &#8222;Drzewa wok\u00f3\u0142 nas&#8221;"},"content":{"rendered":"<div class=\"wpb-content-wrapper\"><p>[vc_row][vc_column][vc_column_text]<span style=\"font-family: times new roman, times\">Dzieci z grupy <span style=\"color: #008000\">III, VII i X<\/span>\u00a0 wzi\u0119\u0142y udzia\u0142 w XV edycji konkursu plastycznego<strong><span style=\"color: #008000\"> &#8222;Drzewa wok\u00f3\u0142 nas&#8221;<\/span><\/strong>, kt\u00f3rego organizatorem by\u0142o Przedszkole nr 149 &#8222;T\u0119czowa Polanka&#8221;. <\/span><\/p>\n<p><span style=\"color: #333333\"><strong><span style=\"font-family: times new roman, times\">Miko\u0142aj W. z grupy III zaj\u0105\u0142<span style=\"color: #ff0000\"> 3miejsce<\/span>, Aleksandra F. z grupy VII <span style=\"color: #ff0000\">wyr\u00f3\u017cnienie.<\/span><\/span><\/strong><\/span><\/p>\n<p>Celem konkursu by\u0142o rozwijanie pozytywnej \u015bwiadomo\u015bci ekologicznej oraz rozpoznawanie i wyodr\u0119bnianie ekosystem\u00f3w:las, park,sad.<\/p>\n<p><span style=\"color: #333333\">Serdecznie gratulujemy!<\/span>[\/vc_column_text][vc_gallery type=&#8221;image_grid&#8221; images=&#8221;5425,5424,5423,5422,5421,5420,5419,5418&#8243;][\/vc_column][\/vc_row]<\/p>\n<\/div>","protected":false},"excerpt":{"rendered":"<p>[vc_row][vc_column][vc_column_text]Dzieci z grupy III, VII i X\u00a0 wzi\u0119\u0142y udzia\u0142 w XV edycji konkursu plastycznego &#8222;Drzewa wok\u00f3\u0142 nas&#8221;, kt\u00f3rego organizatorem by\u0142o Przedszkole nr 149 &#8222;T\u0119czowa Polanka&#8221;. Miko\u0142aj W. z grupy III [&hellip;]<\/p>\n","protected":false},"author":200,"featured_media":0,"parent":0,"menu_order":0,"comment_status":"closed","ping_status":"closed","template":"","meta":{"ngg_post_thumbnail":0,"footnotes":""},"class_list":["post-5416","page","type-page","status-publish","hentry","clearfix"],"_links":{"self":[{"href":"https:\/\/przedszkole150.edu.wroclaw.pl\/index.php\/wp-json\/wp\/v2\/pages\/5416","targetHints":{"allow":["GET"]}}],"collection":[{"href":"https:\/\/przedszkole150.edu.wroclaw.pl\/index.php\/wp-json\/wp\/v2\/pages"}],"about":[{"href":"https:\/\/przedszkole150.edu.wroclaw.pl\/index.php\/wp-json\/wp\/v2\/types\/page"}],"author":[{"embeddable":true,"href":"https:\/\/przedszkole150.edu.wroclaw.pl\/index.php\/wp-json\/wp\/v2\/users\/200"}],"replies":[{"embeddable":true,"href":"https:\/\/przedszkole150.edu.wroclaw.pl\/index.php\/wp-json\/wp\/v2\/comments?post=5416"}],"version-history":[{"count":2,"href":"https:\/\/przedszkole150.edu.wroclaw.pl\/index.php\/wp-json\/wp\/v2\/pages\/5416\/revisions"}],"predecessor-version":[{"id":5427,"href":"https:\/\/przedszkole150.edu.wroclaw.pl\/index.php\/wp-json\/wp\/v2\/pages\/5416\/revisions\/5427"}],"wp:attachment":[{"href":"https:\/\/przedszkole150.edu.wroclaw.pl\/index.php\/wp-json\/wp\/v2\/media?parent=5416"}],"curies":[{"name":"wp","href":"https:\/\/api.w.org\/{rel}","templated":true}]}}