
{"id":56,"date":"2021-04-19T14:46:47","date_gmt":"2021-04-19T12:46:47","guid":{"rendered":"http:\/\/przedszkole150.edu.wroclaw.pl\/?page_id=56"},"modified":"2023-10-18T15:40:41","modified_gmt":"2023-10-18T13:40:41","slug":"gimnastyka","status":"publish","type":"page","link":"https:\/\/przedszkole150.edu.wroclaw.pl\/index.php\/grupy\/gimnastyka\/","title":{"rendered":"Gimnastyka"},"content":{"rendered":"<p>&nbsp;<\/p>\n<p><span style=\"font-family: georgia, palatino;font-size: 14pt\">Zaj\u0119cia gimnastyki og\u00f3lnorozwojowej z elementami korekty odbywaj\u0105 si\u0119 dwa razy w tygodniu w ka\u017cdej grupie przedszkolnej. Jej g\u0142\u00f3wnym celem jest kszta\u0142towanie u dziecka nawyku prawid\u0142owej postawy oraz zapewnienie wszechstronnego rozwoju fizycznego i wspania\u0142ej, zdrowej zabawy.<\/span><\/p>\n<p><span style=\"font-family: georgia, palatino;font-size: 14pt\"><strong>\u00a0<\/strong><\/span><\/p>\n<p><span style=\"font-family: georgia, palatino;font-size: 14pt;color: #008000\"><strong>Propozycje \u0107wicze\u0144 do wykonywania z dzieckiem w domu<\/strong><\/span><\/p>\n<p><span style=\"font-family: georgia, palatino;font-size: 14pt;color: #008000\">\u201eMarsz na stopach doros\u0142ego\u201d<\/span><\/p>\n<p><span style=\"font-family: georgia, palatino;font-size: 14pt\">Dziecko i doros\u0142y stoj\u0105 twarzami do siebie, trzymaj\u0105c si\u0119 za r\u0119ce. Dziecko staje stopami na stopach doros\u0142ego. Trzymaj\u0105c dziecko powoli chodzimy w prz\u00f3d i ty\u0142. Odmiana: doros\u0142y r\u00f3wnie\u017c mo\u017ce porusza\u0107 si\u0119 krokiem tanecznym.<\/span><\/p>\n<p><span style=\"font-family: georgia, palatino;font-size: 14pt;color: #008000\">\u201e Wielkolud\u201d<\/span><\/p>\n<p><span style=\"font-family: georgia, palatino;font-size: 14pt\">Dziecko i doros\u0142y staj\u0105 naprzeciwko siebie: dziecko we wspi\u0119ciu na palcach z r\u0119koma wyprostowanymi, wyci\u0105gni\u0119tymi w g\u00f3r\u0119, doros\u0142y trzyma d\u0142onie nad r\u0119koma dziecka na takiej wysoko\u015bci, aby mog\u0142o ono dotkn\u0105\u0107 jego r\u0105k, mocno wyci\u0105gaj\u0105c si\u0119 w g\u00f3r\u0119. Doros\u0142y chodzi ty\u0142em, a dziecko za nim, staraj\u0105c si\u0119 ca\u0142y czas dotyka\u0107 palcami jego d\u0142oni.<\/span><\/p>\n<p><span style=\"font-family: georgia, palatino;font-size: 14pt\"><span style=\"color: #008000\">\u201e Budowanie domu<\/span><strong><em>\u201d<\/em><\/strong><\/span><\/p>\n<p><span style=\"font-family: georgia, palatino;font-size: 14pt\">Dziecko siedzi w siadzie skrzy\u017cnym i\u00a0 \u201ebuduje dom\u201d. Podnosi jedn\u0105 r\u0119k\u0119 i ustawia d\u0142o\u0144 r\u00f3wnolegle do pod\u0142ogi nad g\u0142ow\u0105 \u2013 to jest parter. Nast\u0119pnie nad pierwsz\u0105 d\u0142oni\u0105 ustawia drug\u0105 \u2013 to\u00a0 jest 1 pi\u0119tro. Tak kolejno dzieci \u201ebuduj\u0105\u201d\u00a0 pi\u0119tra, a\u017c do maksymalnego wyci\u0105gni\u0119cia r\u0105k .<\/span><\/p>\n<p><span style=\"color: #008000\"><em><span style=\"font-family: georgia, palatino;font-size: 14pt\">\u201e Nied\u017awiadek\u201d<\/span><\/em><\/span><\/p>\n<p><span style=\"font-family: georgia, palatino;font-size: 14pt\">Dziecko chodzi po pokoju na czworakach na\u015bladuj\u0105c nied\u017awiadka.<\/span><\/p>\n<p><span style=\"font-family: georgia, palatino;font-size: 14pt\">\u201eNied\u017awiadek wygrzewa si\u0119 na s\u0142o\u0144cu\u201d \u2013 dziecko k\u0142adzie si\u0119 na plecach i porusza r\u0105czkami i n\u00f3\u017ckami w g\u00f3rze,<\/span><\/p>\n<p><span style=\"font-family: georgia, palatino;font-size: 14pt\">\u201eS\u0142o\u0144ce si\u0119 schowa\u0142o\u201d \u2013 dziecko wraca do pozycji czworakowania z g\u0142ow\u0105 uniesion\u0105 i wzrokiem skierowanym przed siebie.<\/span><\/p>\n<p><span style=\"font-family: georgia, palatino;font-size: 14pt;color: #008000\">\u0106wiczenie W. Sherborne<\/span><\/p>\n<p><span style=\"font-family: georgia, palatino;font-size: 14pt\">Krokodyl \u2013 le\u017cenie na brzuchu, r\u0119ce skrzy\u017cowane w \u0142okciach pod brod\u0105, unoszenie n\u00f3g i r\u0105k w g\u00f3r\u0119, wytrzymanie i powr\u00f3t.<\/span><\/p>\n<p>&nbsp;<\/p>\n<p><span style=\"font-family: georgia, palatino;font-size: 14pt;color: #008000\">\u201eStopy si\u0119 k\u0142aniaj\u0105\u201d( zapobieganie p\u0142askostopiu)<\/span><\/p>\n<p>&nbsp;<\/p>\n<p><span style=\"font-family: georgia, palatino;font-size: 14pt\">Dziecko siedzi w siadzie prostym ( nogi wyprostowane, blisko siebie), d\u0142onie opiera na pod\u0142odze z ty\u0142u. Naprzemiennie zgina grzbietowo i podeszwowo stopy ( najpierw jedna stopa si\u0119 k\u0142ania, dalej druga).<\/span><\/p>\n<p>&nbsp;<\/p>\n<p><span style=\"font-family: georgia, palatino;font-size: 14pt;color: #008000\">\u201e <em>\u0106wiczenia wed\u0142ug Dennisona\u201d( gimnastyka m\u00f3zgu)<\/em><\/span><\/p>\n<p><span style=\"font-family: georgia, palatino;font-size: 14pt\"><em>Kapturek my\u015bliciela \u2013 <\/em><em>\u0107wiczenie mo\u017cna wykona\u0107 stoj\u0105c lub siedz\u0105c. Polega na kilkakrotnym odwijaniu ma\u0142\u017cowin usznych du\u017cymi palcami i kciukiem, masowaniu, \u015bciskaniu. Masa\u017c zaczynamy od g\u00f3ry i ko\u0144czymy na p\u0142atku ucha.<\/em><\/span><\/p>\n<p><span style=\"font-family: times new roman, times;font-size: 14pt\"><em>\u00a0<\/em><\/span><\/p>\n<p><span style=\"font-family: times new roman, times;font-size: 14pt\"><em>\u00a0<\/em><\/span><\/p>\n<p><span style=\"font-family: times new roman, times;font-size: 14pt\">\u00a0<\/span><\/p>\n","protected":false},"excerpt":{"rendered":"<p>&nbsp; Zaj\u0119cia gimnastyki og\u00f3lnorozwojowej z elementami korekty odbywaj\u0105 si\u0119 dwa razy w tygodniu w ka\u017cdej grupie przedszkolnej. Jej g\u0142\u00f3wnym celem jest kszta\u0142towanie u dziecka nawyku prawid\u0142owej postawy oraz zapewnienie wszechstronnego [&hellip;]<\/p>\n","protected":false},"author":72,"featured_media":0,"parent":32,"menu_order":0,"comment_status":"closed","ping_status":"closed","template":"","meta":{"ngg_post_thumbnail":0,"footnotes":""},"class_list":["post-56","page","type-page","status-publish","hentry","clearfix"],"_links":{"self":[{"href":"https:\/\/przedszkole150.edu.wroclaw.pl\/index.php\/wp-json\/wp\/v2\/pages\/56","targetHints":{"allow":["GET"]}}],"collection":[{"href":"https:\/\/przedszkole150.edu.wroclaw.pl\/index.php\/wp-json\/wp\/v2\/pages"}],"about":[{"href":"https:\/\/przedszkole150.edu.wroclaw.pl\/index.php\/wp-json\/wp\/v2\/types\/page"}],"author":[{"embeddable":true,"href":"https:\/\/przedszkole150.edu.wroclaw.pl\/index.php\/wp-json\/wp\/v2\/users\/72"}],"replies":[{"embeddable":true,"href":"https:\/\/przedszkole150.edu.wroclaw.pl\/index.php\/wp-json\/wp\/v2\/comments?post=56"}],"version-history":[{"count":10,"href":"https:\/\/przedszkole150.edu.wroclaw.pl\/index.php\/wp-json\/wp\/v2\/pages\/56\/revisions"}],"predecessor-version":[{"id":4913,"href":"https:\/\/przedszkole150.edu.wroclaw.pl\/index.php\/wp-json\/wp\/v2\/pages\/56\/revisions\/4913"}],"up":[{"embeddable":true,"href":"https:\/\/przedszkole150.edu.wroclaw.pl\/index.php\/wp-json\/wp\/v2\/pages\/32"}],"wp:attachment":[{"href":"https:\/\/przedszkole150.edu.wroclaw.pl\/index.php\/wp-json\/wp\/v2\/media?parent=56"}],"curies":[{"name":"wp","href":"https:\/\/api.w.org\/{rel}","templated":true}]}}

<p>&nbsp;</p>
<p><span style="font-family: georgia, palatino;font-size: 14pt">Zajęcia gimnastyki ogólnorozwojowej z elementami korekty odbywają się dwa razy w tygodniu w każdej grupie przedszkolnej. Jej głównym celem jest kształtowanie u dziecka nawyku prawidłowej postawy oraz zapewnienie wszechstronnego rozwoju fizycznego i wspaniałej, zdrowej zabawy.</span></p>
<p><span style="font-family: georgia, palatino;font-size: 14pt"><strong> </strong></span></p>
<p><span style="font-family: georgia, palatino;font-size: 14pt;color: #008000"><strong>Propozycje ćwiczeń do wykonywania z dzieckiem w domu</strong></span></p>
<p><span style="font-family: georgia, palatino;font-size: 14pt;color: #008000">„Marsz na stopach dorosłego”</span></p>
<p><span style="font-family: georgia, palatino;font-size: 14pt">Dziecko i dorosły stoją twarzami do siebie, trzymając się za ręce. Dziecko staje stopami na stopach dorosłego. Trzymając dziecko powoli chodzimy w przód i tył. Odmiana: dorosły również może poruszać się krokiem tanecznym.</span></p>
<p><span style="font-family: georgia, palatino;font-size: 14pt;color: #008000">„ Wielkolud”</span></p>
<p><span style="font-family: georgia, palatino;font-size: 14pt">Dziecko i dorosły stają naprzeciwko siebie: dziecko we wspięciu na palcach z rękoma wyprostowanymi, wyciągniętymi w górę, dorosły trzyma dłonie nad rękoma dziecka na takiej wysokości, aby mogło ono dotknąć jego rąk, mocno wyciągając się w górę. Dorosły chodzi tyłem, a dziecko za nim, starając się cały czas dotykać palcami jego dłoni.</span></p>
<p><span style="font-family: georgia, palatino;font-size: 14pt"><span style="color: #008000">„ Budowanie domu</span><strong><em>”</em></strong></span></p>
<p><span style="font-family: georgia, palatino;font-size: 14pt">Dziecko siedzi w siadzie skrzyżnym i  „buduje dom”. Podnosi jedną rękę i ustawia dłoń równolegle do podłogi nad głową – to jest parter. Następnie nad pierwszą dłonią ustawia drugą – to  jest 1 piętro. Tak kolejno dzieci „budują”  piętra, aż do maksymalnego wyciągnięcia rąk .</span></p>
<p><span style="color: #008000"><em><span style="font-family: georgia, palatino;font-size: 14pt">„ Niedźwiadek”</span></em></span></p>
<p><span style="font-family: georgia, palatino;font-size: 14pt">Dziecko chodzi po pokoju na czworakach naśladując niedźwiadka.</span></p>
<p><span style="font-family: georgia, palatino;font-size: 14pt">„Niedźwiadek wygrzewa się na słońcu” – dziecko kładzie się na plecach i porusza rączkami i nóżkami w górze,</span></p>
<p><span style="font-family: georgia, palatino;font-size: 14pt">„Słońce się schowało” – dziecko wraca do pozycji czworakowania z głową uniesioną i wzrokiem skierowanym przed siebie.</span></p>
<p><span style="font-family: georgia, palatino;font-size: 14pt;color: #008000">Ćwiczenie W. Sherborne</span></p>
<p><span style="font-family: georgia, palatino;font-size: 14pt">Krokodyl – leżenie na brzuchu, ręce skrzyżowane w łokciach pod brodą, unoszenie nóg i rąk w górę, wytrzymanie i powrót.</span></p>
<p>&nbsp;</p>
<p><span style="font-family: georgia, palatino;font-size: 14pt;color: #008000">„Stopy się kłaniają”( zapobieganie płaskostopiu)</span></p>
<p>&nbsp;</p>
<p><span style="font-family: georgia, palatino;font-size: 14pt">Dziecko siedzi w siadzie prostym ( nogi wyprostowane, blisko siebie), dłonie opiera na podłodze z tyłu. Naprzemiennie zgina grzbietowo i podeszwowo stopy ( najpierw jedna stopa się kłania, dalej druga).</span></p>
<p>&nbsp;</p>
<p><span style="font-family: georgia, palatino;font-size: 14pt;color: #008000">„ <em>Ćwiczenia według Dennisona”( gimnastyka mózgu)</em></span></p>
<p><span style="font-family: georgia, palatino;font-size: 14pt"><em>Kapturek myśliciela – </em><em>ćwiczenie można wykonać stojąc lub siedząc. Polega na kilkakrotnym odwijaniu małżowin usznych dużymi palcami i kciukiem, masowaniu, ściskaniu. Masaż zaczynamy od góry i kończymy na płatku ucha.</em></span></p>
<p><span style="font-family: times new roman, times;font-size: 14pt"><em> </em></span></p>
<p><span style="font-family: times new roman, times;font-size: 14pt"><em> </em></span></p>
<p><span style="font-family: times new roman, times;font-size: 14pt"> </span></p>

<p>&nbsp; Zajęcia gimnastyki ogólnorozwojowej z elementami korekty odbywają się dwa razy w tygodniu w każdej grupie przedszkolnej. Jej głównym celem jest kształtowanie u dziecka nawyku prawidłowej postawy oraz zapewnienie wszechstronnego [&hellip;]</p>
