
{"id":5729,"date":"2024-04-04T16:51:16","date_gmt":"2024-04-04T14:51:16","guid":{"rendered":"https:\/\/przedszkole150.edu.wroclaw.pl\/?page_id=5729"},"modified":"2024-04-04T16:51:16","modified_gmt":"2024-04-04T14:51:16","slug":"konkurs-plastyczny-przedszkolaki-jedza-zdrowo","status":"publish","type":"page","link":"https:\/\/przedszkole150.edu.wroclaw.pl\/index.php\/konkurs-plastyczny-przedszkolaki-jedza-zdrowo\/","title":{"rendered":"KONKURS PLASTYCZNY &#8222;PRZEDSZKOLAKI JEDZ\u0104 ZDROWO&#8221;"},"content":{"rendered":"<div class=\"wpb-content-wrapper\"><p>[vc_row][vc_column][vc_column_text]<\/p>\n<div class=\"wpb_text_column wpb_content_element \">\n<div class=\"wpb_wrapper\">\n<div class=\"wpb_text_column wpb_content_element \">\n<div class=\"wpb_wrapper\">\n<p><span style=\"font-family: times new roman, times;font-size: 14pt\">Bartosz F. z gr. I wzi\u0105\u0142 udzia\u0142 w X Edycji Og\u00f3lnopolskiego Konkursu Plastycznego pt. \u201ePrzedszkolaki jedz\u0105 zdrowo\u201d.<\/span><\/p>\n<p><span style=\"font-family: times new roman, times;font-size: 14pt\">Cele konkursu:<\/span><\/p>\n<p><span style=\"font-family: times new roman, times;font-size: 14pt\">&#8211; poszerzenie wiadomo\u015bci dotyczacych zdrowego \u017cywienia,<\/span><\/p>\n<\/div>\n<div><span style=\"font-family: times new roman, times;font-size: 14pt\">&#8211; kszta\u0142towanie nawyk\u00f3w zdrowego od\u017cywiania,<\/span><\/div>\n<div><span style=\"font-family: times new roman, times;font-size: 14pt\">&#8211; u\u015bwiadomienie znaczenia witamin dla zdrowia cz\u0142owieka,<\/span><\/div>\n<div><span style=\"font-family: times new roman, times;font-size: 14pt\">&#8211; promowanie tw\u00f3rczo\u015bci dzieci\u0119cej.<\/span><\/div>\n<div><\/div>\n<div class=\"wpb_wrapper\"><span style=\"font-family: times new roman, times;font-size: 14pt\">Organizator: Przedszkole Miejskie Nr 35 w Sosnowcu.<\/span><\/div>\n<\/div>\n<div><\/div>\n<div class=\"wpb_text_column wpb_content_element \">\n<div class=\"wpb_wrapper\"><span style=\"font-family: times new roman, times;font-size: 14pt\">Rozstrzygni\u0119cie konkursu: 20.03.2024r.<\/span><\/div>\n<\/div>\n<div><\/div>\n<div class=\"wpb_text_column wpb_content_element \">\n<div class=\"wpb_wrapper\"><span style=\"font-family: times new roman, times;font-size: 14pt\">Dyplom udzia\u0142u otrzyma\u0142a r\u00f3wnie\u017c nauczycielka przygotowuj\u0105ca dziecko do konkursu.<\/span><\/div>\n<\/div>\n<\/div>\n<\/div>\n<p>[\/vc_column_text][vc_gallery type=&#8221;image_grid&#8221; images=&#8221;5730,5731&#8243;][\/vc_column][\/vc_row]<\/p>\n<\/div>","protected":false},"excerpt":{"rendered":"<p>[vc_row][vc_column][vc_column_text] Bartosz F. z gr. I wzi\u0105\u0142 udzia\u0142 w X Edycji Og\u00f3lnopolskiego Konkursu Plastycznego pt. \u201ePrzedszkolaki jedz\u0105 zdrowo\u201d. Cele konkursu: &#8211; poszerzenie wiadomo\u015bci dotyczacych zdrowego \u017cywienia, &#8211; kszta\u0142towanie nawyk\u00f3w zdrowego [&hellip;]<\/p>\n","protected":false},"author":211,"featured_media":0,"parent":0,"menu_order":0,"comment_status":"closed","ping_status":"closed","template":"","meta":{"ngg_post_thumbnail":0,"footnotes":""},"class_list":["post-5729","page","type-page","status-publish","hentry","clearfix"],"_links":{"self":[{"href":"https:\/\/przedszkole150.edu.wroclaw.pl\/index.php\/wp-json\/wp\/v2\/pages\/5729","targetHints":{"allow":["GET"]}}],"collection":[{"href":"https:\/\/przedszkole150.edu.wroclaw.pl\/index.php\/wp-json\/wp\/v2\/pages"}],"about":[{"href":"https:\/\/przedszkole150.edu.wroclaw.pl\/index.php\/wp-json\/wp\/v2\/types\/page"}],"author":[{"embeddable":true,"href":"https:\/\/przedszkole150.edu.wroclaw.pl\/index.php\/wp-json\/wp\/v2\/users\/211"}],"replies":[{"embeddable":true,"href":"https:\/\/przedszkole150.edu.wroclaw.pl\/index.php\/wp-json\/wp\/v2\/comments?post=5729"}],"version-history":[{"count":1,"href":"https:\/\/przedszkole150.edu.wroclaw.pl\/index.php\/wp-json\/wp\/v2\/pages\/5729\/revisions"}],"predecessor-version":[{"id":5732,"href":"https:\/\/przedszkole150.edu.wroclaw.pl\/index.php\/wp-json\/wp\/v2\/pages\/5729\/revisions\/5732"}],"wp:attachment":[{"href":"https:\/\/przedszkole150.edu.wroclaw.pl\/index.php\/wp-json\/wp\/v2\/media?parent=5729"}],"curies":[{"name":"wp","href":"https:\/\/api.w.org\/{rel}","templated":true}]}}