
{"id":6020,"date":"2024-06-05T12:33:31","date_gmt":"2024-06-05T10:33:31","guid":{"rendered":"https:\/\/przedszkole150.edu.wroclaw.pl\/?page_id=6020"},"modified":"2024-06-05T12:33:31","modified_gmt":"2024-06-05T10:33:31","slug":"bajkowoz-w-przedszkolu","status":"publish","type":"page","link":"https:\/\/przedszkole150.edu.wroclaw.pl\/index.php\/bajkowoz-w-przedszkolu\/","title":{"rendered":"Bajkow\u00f3z w przedszkolu"},"content":{"rendered":"<div class=\"wpb-content-wrapper\"><p>[vc_row][vc_column][vc_column_text]<span style=\"font-family: times new roman, times;font-size: 14pt\">Dn. <span style=\"color: #008000\">05.06.2024 r.<\/span> do naszego przedszkola zawita\u0142 kolejny raz Bajkow\u00f3z -mobila scena Teatru na Ostrowie.<\/span><\/p>\n<p><span style=\"font-family: times new roman, times;font-size: 14pt\"> Tym razem nasze dzieci obejrza\u0142y spektakl pt. &#8222;Smok Strachota&#8221;- wroc\u0142awsk\u0105 legend\u0119 o smoku, kt\u00f3ry straszy\u0142 mieszka\u0144c\u00f3w Strachocina.<\/span>[\/vc_column_text][vc_gallery type=&#8221;image_grid&#8221; images=&#8221;6024,6025,6026,6027,6028&#8243; css=&#8221;&#8221;][\/vc_column][\/vc_row]<\/p>\n<\/div>","protected":false},"excerpt":{"rendered":"<p>[vc_row][vc_column][vc_column_text]Dn. 05.06.2024 r. do naszego przedszkola zawita\u0142 kolejny raz Bajkow\u00f3z -mobila scena Teatru na Ostrowie. Tym razem nasze dzieci obejrza\u0142y spektakl pt. &#8222;Smok Strachota&#8221;- wroc\u0142awsk\u0105 legend\u0119 o smoku, kt\u00f3ry straszy\u0142 [&hellip;]<\/p>\n","protected":false},"author":200,"featured_media":0,"parent":0,"menu_order":0,"comment_status":"closed","ping_status":"closed","template":"","meta":{"ngg_post_thumbnail":0,"footnotes":""},"class_list":["post-6020","page","type-page","status-publish","hentry","clearfix"],"_links":{"self":[{"href":"https:\/\/przedszkole150.edu.wroclaw.pl\/index.php\/wp-json\/wp\/v2\/pages\/6020","targetHints":{"allow":["GET"]}}],"collection":[{"href":"https:\/\/przedszkole150.edu.wroclaw.pl\/index.php\/wp-json\/wp\/v2\/pages"}],"about":[{"href":"https:\/\/przedszkole150.edu.wroclaw.pl\/index.php\/wp-json\/wp\/v2\/types\/page"}],"author":[{"embeddable":true,"href":"https:\/\/przedszkole150.edu.wroclaw.pl\/index.php\/wp-json\/wp\/v2\/users\/200"}],"replies":[{"embeddable":true,"href":"https:\/\/przedszkole150.edu.wroclaw.pl\/index.php\/wp-json\/wp\/v2\/comments?post=6020"}],"version-history":[{"count":1,"href":"https:\/\/przedszkole150.edu.wroclaw.pl\/index.php\/wp-json\/wp\/v2\/pages\/6020\/revisions"}],"predecessor-version":[{"id":6029,"href":"https:\/\/przedszkole150.edu.wroclaw.pl\/index.php\/wp-json\/wp\/v2\/pages\/6020\/revisions\/6029"}],"wp:attachment":[{"href":"https:\/\/przedszkole150.edu.wroclaw.pl\/index.php\/wp-json\/wp\/v2\/media?parent=6020"}],"curies":[{"name":"wp","href":"https:\/\/api.w.org\/{rel}","templated":true}]}}