
{"id":6053,"date":"2024-06-11T07:05:30","date_gmt":"2024-06-11T05:05:30","guid":{"rendered":"https:\/\/przedszkole150.edu.wroclaw.pl\/?page_id=6053"},"modified":"2024-06-11T07:05:30","modified_gmt":"2024-06-11T05:05:30","slug":"niebieskie-igrzyska-2024-zaswiadczenie-instytutu-wspierania-rozwoju-dziecka","status":"publish","type":"page","link":"https:\/\/przedszkole150.edu.wroclaw.pl\/index.php\/niebieskie-igrzyska-2024-zaswiadczenie-instytutu-wspierania-rozwoju-dziecka\/","title":{"rendered":"NIEBIESKIE IGRZYSKA 2024 &#8211; ZA\u015aWIADCZENIE INSTYTUTU WSPIERANIA ROZWOJU DZIECKA"},"content":{"rendered":"<div class=\"wpb-content-wrapper\"><p>[vc_row][vc_column][vc_column_text]<span style=\"font-family: times new roman, times;font-size: 14pt\">Nasze Przedszkole otrzyma\u0142o dyplom uznania oraz Instytutu Wspomagania Rozwoju Dziecka za przeprowadzenie akcji <strong>\u201dNiebieskie Igrzyska\u201d<\/strong> w ramach obchod\u00f3w \u015awiatowego Miesi\u0105ca Wiedzy nt. Autyzmu 2024.<\/span><\/p>\n<p><span style=\"font-family: times new roman, times;font-size: 14pt\">Za\u015bwiadczenia udzia\u0142u w akcji otrzyma\u0142a r\u00f3wnie\u017c Pani Dyrektor oraz koordynatorki akcji w przedszkolu.<\/span>[\/vc_column_text][vc_gallery type=&#8221;image_grid&#8221; images=&#8221;6054,6057,6055,6056&#8243; css=&#8221;&#8221;][\/vc_column][\/vc_row]<\/p>\n<\/div>","protected":false},"excerpt":{"rendered":"<p>[vc_row][vc_column][vc_column_text]Nasze Przedszkole otrzyma\u0142o dyplom uznania oraz Instytutu Wspomagania Rozwoju Dziecka za przeprowadzenie akcji \u201dNiebieskie Igrzyska\u201d w ramach obchod\u00f3w \u015awiatowego Miesi\u0105ca Wiedzy nt. Autyzmu 2024. Za\u015bwiadczenia udzia\u0142u w akcji otrzyma\u0142a r\u00f3wnie\u017c [&hellip;]<\/p>\n","protected":false},"author":211,"featured_media":0,"parent":0,"menu_order":0,"comment_status":"closed","ping_status":"closed","template":"","meta":{"ngg_post_thumbnail":0,"footnotes":""},"class_list":["post-6053","page","type-page","status-publish","hentry","clearfix"],"_links":{"self":[{"href":"https:\/\/przedszkole150.edu.wroclaw.pl\/index.php\/wp-json\/wp\/v2\/pages\/6053","targetHints":{"allow":["GET"]}}],"collection":[{"href":"https:\/\/przedszkole150.edu.wroclaw.pl\/index.php\/wp-json\/wp\/v2\/pages"}],"about":[{"href":"https:\/\/przedszkole150.edu.wroclaw.pl\/index.php\/wp-json\/wp\/v2\/types\/page"}],"author":[{"embeddable":true,"href":"https:\/\/przedszkole150.edu.wroclaw.pl\/index.php\/wp-json\/wp\/v2\/users\/211"}],"replies":[{"embeddable":true,"href":"https:\/\/przedszkole150.edu.wroclaw.pl\/index.php\/wp-json\/wp\/v2\/comments?post=6053"}],"version-history":[{"count":1,"href":"https:\/\/przedszkole150.edu.wroclaw.pl\/index.php\/wp-json\/wp\/v2\/pages\/6053\/revisions"}],"predecessor-version":[{"id":6058,"href":"https:\/\/przedszkole150.edu.wroclaw.pl\/index.php\/wp-json\/wp\/v2\/pages\/6053\/revisions\/6058"}],"wp:attachment":[{"href":"https:\/\/przedszkole150.edu.wroclaw.pl\/index.php\/wp-json\/wp\/v2\/media?parent=6053"}],"curies":[{"name":"wp","href":"https:\/\/api.w.org\/{rel}","templated":true}]}}