
{"id":6425,"date":"2024-10-18T06:26:25","date_gmt":"2024-10-18T04:26:25","guid":{"rendered":"https:\/\/przedszkole150.edu.wroclaw.pl\/?page_id=6425"},"modified":"2024-10-18T06:37:35","modified_gmt":"2024-10-18T04:37:35","slug":"jesienny-plener","status":"publish","type":"page","link":"https:\/\/przedszkole150.edu.wroclaw.pl\/index.php\/jesienny-plener\/","title":{"rendered":"Jesienny plener"},"content":{"rendered":"<div class=\"wpb-content-wrapper\"><p>[vc_row][vc_column][vc_column_text]Dnia 15.10.2024 roku nasze przedszkolaki uczestniczy\u0142y w plenerze plastycznym zorganizowanym i prowadzonym przez nasz\u0105 nauczycielk\u0119 Pania Edyt\u0119 Lesiak-Kowalczyk absolwentke Akademi Sztuk Pi\u0119knych we Wroc\u0142awiu.<\/p>\n<p>Prace plastyczne, kt\u00f3re zosta\u0142y wykonnae, przedstawiaj\u0105 palet\u0119 barw, ukazane s\u0105 r\u00f3\u017cne metody i formy pracy.<\/p>\n<p>Podczas zabaw naszym przedszkolakom dopisywa\u0142 nie tylko humor ale tak\u017ce pogoda.<\/p>\n<p><img loading=\"lazy\" decoding=\"async\" class=\"alignnone size-medium wp-image-6431\" src=\"https:\/\/przedszkole150.edu.wroclaw.pl\/wp-content\/uploads\/sites\/61\/2024\/10\/IMG_5402-225x300.jpeg\" alt=\"\" width=\"225\" height=\"300\" srcset=\"https:\/\/przedszkole150.edu.wroclaw.pl\/wp-content\/uploads\/sites\/61\/2024\/10\/IMG_5402-225x300.jpeg 225w, https:\/\/przedszkole150.edu.wroclaw.pl\/wp-content\/uploads\/sites\/61\/2024\/10\/IMG_5402-768x1024.jpeg 768w, https:\/\/przedszkole150.edu.wroclaw.pl\/wp-content\/uploads\/sites\/61\/2024\/10\/IMG_5402-1152x1536.jpeg 1152w, https:\/\/przedszkole150.edu.wroclaw.pl\/wp-content\/uploads\/sites\/61\/2024\/10\/IMG_5402-1536x2048.jpeg 1536w, https:\/\/przedszkole150.edu.wroclaw.pl\/wp-content\/uploads\/sites\/61\/2024\/10\/IMG_5402-scaled.jpeg 1920w\" sizes=\"auto, (max-width: 225px) 100vw, 225px\" \/><img loading=\"lazy\" decoding=\"async\" class=\"alignnone size-medium wp-image-6432\" src=\"https:\/\/przedszkole150.edu.wroclaw.pl\/wp-content\/uploads\/sites\/61\/2024\/10\/c4fc6e2a-09f9-4fd8-a559-f640111f55b7-225x300.jpeg\" alt=\"\" width=\"225\" height=\"300\" srcset=\"https:\/\/przedszkole150.edu.wroclaw.pl\/wp-content\/uploads\/sites\/61\/2024\/10\/c4fc6e2a-09f9-4fd8-a559-f640111f55b7-225x300.jpeg 225w, https:\/\/przedszkole150.edu.wroclaw.pl\/wp-content\/uploads\/sites\/61\/2024\/10\/c4fc6e2a-09f9-4fd8-a559-f640111f55b7-768x1024.jpeg 768w, https:\/\/przedszkole150.edu.wroclaw.pl\/wp-content\/uploads\/sites\/61\/2024\/10\/c4fc6e2a-09f9-4fd8-a559-f640111f55b7-1152x1536.jpeg 1152w, https:\/\/przedszkole150.edu.wroclaw.pl\/wp-content\/uploads\/sites\/61\/2024\/10\/c4fc6e2a-09f9-4fd8-a559-f640111f55b7.jpeg 1200w\" sizes=\"auto, (max-width: 225px) 100vw, 225px\" \/><img loading=\"lazy\" decoding=\"async\" class=\"alignnone size-medium wp-image-6428\" src=\"https:\/\/przedszkole150.edu.wroclaw.pl\/wp-content\/uploads\/sites\/61\/2024\/10\/203dc9d6-c647-43aa-969d-85f028d3aac3-169x300.jpeg\" alt=\"\" width=\"169\" height=\"300\" srcset=\"https:\/\/przedszkole150.edu.wroclaw.pl\/wp-content\/uploads\/sites\/61\/2024\/10\/203dc9d6-c647-43aa-969d-85f028d3aac3-169x300.jpeg 169w, https:\/\/przedszkole150.edu.wroclaw.pl\/wp-content\/uploads\/sites\/61\/2024\/10\/203dc9d6-c647-43aa-969d-85f028d3aac3-576x1024.jpeg 576w, https:\/\/przedszkole150.edu.wroclaw.pl\/wp-content\/uploads\/sites\/61\/2024\/10\/203dc9d6-c647-43aa-969d-85f028d3aac3-768x1365.jpeg 768w, https:\/\/przedszkole150.edu.wroclaw.pl\/wp-content\/uploads\/sites\/61\/2024\/10\/203dc9d6-c647-43aa-969d-85f028d3aac3-864x1536.jpeg 864w, https:\/\/przedszkole150.edu.wroclaw.pl\/wp-content\/uploads\/sites\/61\/2024\/10\/203dc9d6-c647-43aa-969d-85f028d3aac3.jpeg 900w\" sizes=\"auto, (max-width: 169px) 100vw, 169px\" \/><img loading=\"lazy\" decoding=\"async\" class=\"alignnone size-medium wp-image-6427\" src=\"https:\/\/przedszkole150.edu.wroclaw.pl\/wp-content\/uploads\/sites\/61\/2024\/10\/8fc81ed7-d1ee-4379-9e6b-9d432b277a7c-300x225.jpeg\" alt=\"\" width=\"300\" height=\"225\" srcset=\"https:\/\/przedszkole150.edu.wroclaw.pl\/wp-content\/uploads\/sites\/61\/2024\/10\/8fc81ed7-d1ee-4379-9e6b-9d432b277a7c-300x225.jpeg 300w, https:\/\/przedszkole150.edu.wroclaw.pl\/wp-content\/uploads\/sites\/61\/2024\/10\/8fc81ed7-d1ee-4379-9e6b-9d432b277a7c-1024x768.jpeg 1024w, https:\/\/przedszkole150.edu.wroclaw.pl\/wp-content\/uploads\/sites\/61\/2024\/10\/8fc81ed7-d1ee-4379-9e6b-9d432b277a7c-768x576.jpeg 768w, https:\/\/przedszkole150.edu.wroclaw.pl\/wp-content\/uploads\/sites\/61\/2024\/10\/8fc81ed7-d1ee-4379-9e6b-9d432b277a7c-1536x1152.jpeg 1536w, https:\/\/przedszkole150.edu.wroclaw.pl\/wp-content\/uploads\/sites\/61\/2024\/10\/8fc81ed7-d1ee-4379-9e6b-9d432b277a7c.jpeg 1600w\" sizes=\"auto, (max-width: 300px) 100vw, 300px\" \/><img loading=\"lazy\" decoding=\"async\" class=\"alignnone size-medium wp-image-6426\" src=\"https:\/\/przedszkole150.edu.wroclaw.pl\/wp-content\/uploads\/sites\/61\/2024\/10\/5cdee257-04f1-4432-a2de-1869804cd399-300x169.jpeg\" alt=\"\" width=\"300\" height=\"169\" srcset=\"https:\/\/przedszkole150.edu.wroclaw.pl\/wp-content\/uploads\/sites\/61\/2024\/10\/5cdee257-04f1-4432-a2de-1869804cd399-300x169.jpeg 300w, https:\/\/przedszkole150.edu.wroclaw.pl\/wp-content\/uploads\/sites\/61\/2024\/10\/5cdee257-04f1-4432-a2de-1869804cd399-1024x576.jpeg 1024w, https:\/\/przedszkole150.edu.wroclaw.pl\/wp-content\/uploads\/sites\/61\/2024\/10\/5cdee257-04f1-4432-a2de-1869804cd399-768x432.jpeg 768w, https:\/\/przedszkole150.edu.wroclaw.pl\/wp-content\/uploads\/sites\/61\/2024\/10\/5cdee257-04f1-4432-a2de-1869804cd399-1536x864.jpeg 1536w, https:\/\/przedszkole150.edu.wroclaw.pl\/wp-content\/uploads\/sites\/61\/2024\/10\/5cdee257-04f1-4432-a2de-1869804cd399.jpeg 1600w\" sizes=\"auto, (max-width: 300px) 100vw, 300px\" \/> <img loading=\"lazy\" decoding=\"async\" class=\"alignnone size-medium wp-image-6436\" src=\"https:\/\/przedszkole150.edu.wroclaw.pl\/wp-content\/uploads\/sites\/61\/2024\/10\/c4fc6e2a-09f9-4fd8-a559-f640111f55b7-1-225x300.jpeg\" alt=\"\" width=\"225\" height=\"300\" srcset=\"https:\/\/przedszkole150.edu.wroclaw.pl\/wp-content\/uploads\/sites\/61\/2024\/10\/c4fc6e2a-09f9-4fd8-a559-f640111f55b7-1-225x300.jpeg 225w, https:\/\/przedszkole150.edu.wroclaw.pl\/wp-content\/uploads\/sites\/61\/2024\/10\/c4fc6e2a-09f9-4fd8-a559-f640111f55b7-1-768x1024.jpeg 768w, https:\/\/przedszkole150.edu.wroclaw.pl\/wp-content\/uploads\/sites\/61\/2024\/10\/c4fc6e2a-09f9-4fd8-a559-f640111f55b7-1-1152x1536.jpeg 1152w, https:\/\/przedszkole150.edu.wroclaw.pl\/wp-content\/uploads\/sites\/61\/2024\/10\/c4fc6e2a-09f9-4fd8-a559-f640111f55b7-1.jpeg 1200w\" sizes=\"auto, (max-width: 225px) 100vw, 225px\" \/><img loading=\"lazy\" decoding=\"async\" class=\"alignnone size-medium wp-image-6437\" src=\"https:\/\/przedszkole150.edu.wroclaw.pl\/wp-content\/uploads\/sites\/61\/2024\/10\/e343bb88-481d-457b-a058-668e43f95496-169x300.jpeg\" alt=\"\" width=\"169\" height=\"300\" srcset=\"https:\/\/przedszkole150.edu.wroclaw.pl\/wp-content\/uploads\/sites\/61\/2024\/10\/e343bb88-481d-457b-a058-668e43f95496-169x300.jpeg 169w, https:\/\/przedszkole150.edu.wroclaw.pl\/wp-content\/uploads\/sites\/61\/2024\/10\/e343bb88-481d-457b-a058-668e43f95496-576x1024.jpeg 576w, https:\/\/przedszkole150.edu.wroclaw.pl\/wp-content\/uploads\/sites\/61\/2024\/10\/e343bb88-481d-457b-a058-668e43f95496-768x1365.jpeg 768w, https:\/\/przedszkole150.edu.wroclaw.pl\/wp-content\/uploads\/sites\/61\/2024\/10\/e343bb88-481d-457b-a058-668e43f95496-864x1536.jpeg 864w, https:\/\/przedszkole150.edu.wroclaw.pl\/wp-content\/uploads\/sites\/61\/2024\/10\/e343bb88-481d-457b-a058-668e43f95496.jpeg 900w\" sizes=\"auto, (max-width: 169px) 100vw, 169px\" \/><img loading=\"lazy\" decoding=\"async\" class=\"alignnone size-medium wp-image-6438\" src=\"https:\/\/przedszkole150.edu.wroclaw.pl\/wp-content\/uploads\/sites\/61\/2024\/10\/IMG_5401-225x300.jpeg\" alt=\"\" width=\"225\" height=\"300\" srcset=\"https:\/\/przedszkole150.edu.wroclaw.pl\/wp-content\/uploads\/sites\/61\/2024\/10\/IMG_5401-225x300.jpeg 225w, https:\/\/przedszkole150.edu.wroclaw.pl\/wp-content\/uploads\/sites\/61\/2024\/10\/IMG_5401-768x1024.jpeg 768w, https:\/\/przedszkole150.edu.wroclaw.pl\/wp-content\/uploads\/sites\/61\/2024\/10\/IMG_5401-1152x1536.jpeg 1152w, https:\/\/przedszkole150.edu.wroclaw.pl\/wp-content\/uploads\/sites\/61\/2024\/10\/IMG_5401-1536x2048.jpeg 1536w, https:\/\/przedszkole150.edu.wroclaw.pl\/wp-content\/uploads\/sites\/61\/2024\/10\/IMG_5401-scaled.jpeg 1920w\" sizes=\"auto, (max-width: 225px) 100vw, 225px\" \/><img loading=\"lazy\" decoding=\"async\" class=\"alignnone size-medium wp-image-6439\" src=\"https:\/\/przedszkole150.edu.wroclaw.pl\/wp-content\/uploads\/sites\/61\/2024\/10\/IMG_5402-1-225x300.jpeg\" alt=\"\" width=\"225\" height=\"300\" srcset=\"https:\/\/przedszkole150.edu.wroclaw.pl\/wp-content\/uploads\/sites\/61\/2024\/10\/IMG_5402-1-225x300.jpeg 225w, https:\/\/przedszkole150.edu.wroclaw.pl\/wp-content\/uploads\/sites\/61\/2024\/10\/IMG_5402-1-768x1024.jpeg 768w, https:\/\/przedszkole150.edu.wroclaw.pl\/wp-content\/uploads\/sites\/61\/2024\/10\/IMG_5402-1-1152x1536.jpeg 1152w, https:\/\/przedszkole150.edu.wroclaw.pl\/wp-content\/uploads\/sites\/61\/2024\/10\/IMG_5402-1-1536x2048.jpeg 1536w, https:\/\/przedszkole150.edu.wroclaw.pl\/wp-content\/uploads\/sites\/61\/2024\/10\/IMG_5402-1-scaled.jpeg 1920w\" sizes=\"auto, (max-width: 225px) 100vw, 225px\" \/><\/p>\n<\/div>","protected":false},"excerpt":{"rendered":"<p>[vc_row][vc_column][vc_column_text]Dnia 15.10.2024 roku nasze przedszkolaki uczestniczy\u0142y w plenerze plastycznym zorganizowanym i prowadzonym przez nasz\u0105 nauczycielk\u0119 Pania Edyt\u0119 Lesiak-Kowalczyk absolwentke Akademi Sztuk Pi\u0119knych we Wroc\u0142awiu. Prace plastyczne, kt\u00f3re zosta\u0142y wykonnae, przedstawiaj\u0105 [&hellip;]<\/p>\n","protected":false},"author":264,"featured_media":0,"parent":0,"menu_order":0,"comment_status":"closed","ping_status":"closed","template":"","meta":{"ngg_post_thumbnail":0,"footnotes":""},"class_list":["post-6425","page","type-page","status-publish","hentry","clearfix"],"_links":{"self":[{"href":"https:\/\/przedszkole150.edu.wroclaw.pl\/index.php\/wp-json\/wp\/v2\/pages\/6425","targetHints":{"allow":["GET"]}}],"collection":[{"href":"https:\/\/przedszkole150.edu.wroclaw.pl\/index.php\/wp-json\/wp\/v2\/pages"}],"about":[{"href":"https:\/\/przedszkole150.edu.wroclaw.pl\/index.php\/wp-json\/wp\/v2\/types\/page"}],"author":[{"embeddable":true,"href":"https:\/\/przedszkole150.edu.wroclaw.pl\/index.php\/wp-json\/wp\/v2\/users\/264"}],"replies":[{"embeddable":true,"href":"https:\/\/przedszkole150.edu.wroclaw.pl\/index.php\/wp-json\/wp\/v2\/comments?post=6425"}],"version-history":[{"count":4,"href":"https:\/\/przedszkole150.edu.wroclaw.pl\/index.php\/wp-json\/wp\/v2\/pages\/6425\/revisions"}],"predecessor-version":[{"id":6440,"href":"https:\/\/przedszkole150.edu.wroclaw.pl\/index.php\/wp-json\/wp\/v2\/pages\/6425\/revisions\/6440"}],"wp:attachment":[{"href":"https:\/\/przedszkole150.edu.wroclaw.pl\/index.php\/wp-json\/wp\/v2\/media?parent=6425"}],"curies":[{"name":"wp","href":"https:\/\/api.w.org\/{rel}","templated":true}]}}