
{"id":6673,"date":"2024-12-12T13:34:14","date_gmt":"2024-12-12T12:34:14","guid":{"rendered":"https:\/\/przedszkole150.edu.wroclaw.pl\/?page_id=6673"},"modified":"2024-12-12T13:34:14","modified_gmt":"2024-12-12T12:34:14","slug":"zabawa-andrzejkowa-w-gr-7","status":"publish","type":"page","link":"https:\/\/przedszkole150.edu.wroclaw.pl\/index.php\/zabawa-andrzejkowa-w-gr-7\/","title":{"rendered":"Zabawa andrzejkowa w gr.7"},"content":{"rendered":"<div class=\"wpb-content-wrapper\"><p>[vc_row][vc_column][vc_column_text]Nastrojowa muzyka i \u201eczarodziejskie\u201d dekoracje wprowadzi\u0142y nas w \u015bwiat magii. Andrzejkow\u0105 atmosfer\u0119 dope\u0142nia\u0142y kolorowe stroje, w kt\u00f3re byli\u015bmy przebrani &#8211; nie zabrak\u0142o w\u015br\u00f3d nas ksi\u0119\u017cniczek, wr\u00f3\u017cek, baletnic, czarodziej\u00f3w, stra\u017cak\u00f3w, superman\u00f3w i innych bajkowych postaci. Wsp\u00f3lnie wr\u00f3\u017cyli\u015bmy oraz czarowali\u015bmy, by pozna\u0107 to, co czeka nas w przysz\u0142o\u015bci.[\/vc_column_text][vc_gallery type=&#8221;image_grid&#8221; images=&#8221;6674,6675,6676,6677,6678,6679,6680,6681,6682,6683,6684&#8243; css=&#8221;&#8221;][\/vc_column][\/vc_row]<\/p>\n<\/div>","protected":false},"excerpt":{"rendered":"<p>[vc_row][vc_column][vc_column_text]Nastrojowa muzyka i \u201eczarodziejskie\u201d dekoracje wprowadzi\u0142y nas w \u015bwiat magii. Andrzejkow\u0105 atmosfer\u0119 dope\u0142nia\u0142y kolorowe stroje, w kt\u00f3re byli\u015bmy przebrani &#8211; nie zabrak\u0142o w\u015br\u00f3d nas ksi\u0119\u017cniczek, wr\u00f3\u017cek, baletnic, czarodziej\u00f3w, stra\u017cak\u00f3w, superman\u00f3w [&hellip;]<\/p>\n","protected":false},"author":200,"featured_media":0,"parent":0,"menu_order":0,"comment_status":"closed","ping_status":"closed","template":"","meta":{"ngg_post_thumbnail":0,"footnotes":""},"class_list":["post-6673","page","type-page","status-publish","hentry","clearfix"],"_links":{"self":[{"href":"https:\/\/przedszkole150.edu.wroclaw.pl\/index.php\/wp-json\/wp\/v2\/pages\/6673","targetHints":{"allow":["GET"]}}],"collection":[{"href":"https:\/\/przedszkole150.edu.wroclaw.pl\/index.php\/wp-json\/wp\/v2\/pages"}],"about":[{"href":"https:\/\/przedszkole150.edu.wroclaw.pl\/index.php\/wp-json\/wp\/v2\/types\/page"}],"author":[{"embeddable":true,"href":"https:\/\/przedszkole150.edu.wroclaw.pl\/index.php\/wp-json\/wp\/v2\/users\/200"}],"replies":[{"embeddable":true,"href":"https:\/\/przedszkole150.edu.wroclaw.pl\/index.php\/wp-json\/wp\/v2\/comments?post=6673"}],"version-history":[{"count":1,"href":"https:\/\/przedszkole150.edu.wroclaw.pl\/index.php\/wp-json\/wp\/v2\/pages\/6673\/revisions"}],"predecessor-version":[{"id":6685,"href":"https:\/\/przedszkole150.edu.wroclaw.pl\/index.php\/wp-json\/wp\/v2\/pages\/6673\/revisions\/6685"}],"wp:attachment":[{"href":"https:\/\/przedszkole150.edu.wroclaw.pl\/index.php\/wp-json\/wp\/v2\/media?parent=6673"}],"curies":[{"name":"wp","href":"https:\/\/api.w.org\/{rel}","templated":true}]}}