
{"id":6922,"date":"2025-02-24T09:58:00","date_gmt":"2025-02-24T08:58:00","guid":{"rendered":"https:\/\/przedszkole150.edu.wroclaw.pl\/?page_id=6922"},"modified":"2025-02-24T09:58:00","modified_gmt":"2025-02-24T08:58:00","slug":"wystawa-walentynkowe-serce","status":"publish","type":"page","link":"https:\/\/przedszkole150.edu.wroclaw.pl\/index.php\/wystawa-walentynkowe-serce\/","title":{"rendered":"WYSTAWA &#8222;WALENTYNKOWE SERCE&#8221;"},"content":{"rendered":"<div class=\"wpb-content-wrapper\"><p>[vc_row][vc_column][vc_column_text]<span style=\"font-family: times new roman, times;font-size: 14pt\">Micha\u0142 R., Marysia P., Malwina K., Hania R. z gr. VIII wzi\u0119li udzia\u0142 w og\u00f3lnopolskiej wystawie prac plastycznych pt. &#8222;Walentynkowe serce&#8221; organizowanej dla dzieci z przedszkoli na terenie ca\u0142ej Polski.<\/span><\/p>\n<p>&nbsp;<\/p>\n<p><strong><span style=\"font-family: times new roman, times;font-size: 14pt\">Cele wystawy:<\/span><\/strong><\/p>\n<p><span style=\"font-family: times new roman, times;font-size: 14pt\">&#8211; rozwijanie i kszta\u0142towanie wyobra\u017ani plastycznej dzieci;<\/span><\/p>\n<p><span style=\"font-family: times new roman, times;font-size: 14pt\">&#8211; wykazanie si\u0119 kreatywno\u015bci\u0105 i zmys\u0142em estetycznym;<\/span><\/p>\n<p><span style=\"font-family: times new roman, times;font-size: 14pt\">&#8211; rozwijanie sprawno\u015bci manualnej;<\/span><\/p>\n<p><span style=\"font-family: times new roman, times;font-size: 14pt\">&#8211; prezentacja i popularyzacja dzieci\u0119cej tw\u00f3rczo\u015bci plastycznej;<\/span><\/p>\n<p><span style=\"font-family: times new roman, times;font-size: 14pt\">&#8211; rozbudzanie zainteresowa\u0144 r\u00f3\u017cnymi formami plastycznymi.<\/span><\/p>\n<p>&nbsp;<\/p>\n<p><span style=\"font-family: times new roman, times;font-size: 14pt\">Dyplom udzia\u0142u w wystawie otrzyma\u0142a r\u00f3wnie\u017c nauczycielka przygotowuj\u0105ca dzieci do udzia\u0142u w wystawie.<\/span>[\/vc_column_text][\/vc_column][\/vc_row][vc_row][vc_column][vc_gallery type=&#8221;image_grid&#8221; images=&#8221;6923,6924,6925,6926,6927&#8243; css=&#8221;&#8221;][\/vc_column][\/vc_row]<\/p>\n<\/div>","protected":false},"excerpt":{"rendered":"<p>[vc_row][vc_column][vc_column_text]Micha\u0142 R., Marysia P., Malwina K., Hania R. z gr. VIII wzi\u0119li udzia\u0142 w og\u00f3lnopolskiej wystawie prac plastycznych pt. &#8222;Walentynkowe serce&#8221; organizowanej dla dzieci z przedszkoli na terenie ca\u0142ej Polski. [&hellip;]<\/p>\n","protected":false},"author":211,"featured_media":0,"parent":0,"menu_order":0,"comment_status":"closed","ping_status":"closed","template":"","meta":{"ngg_post_thumbnail":0,"footnotes":""},"class_list":["post-6922","page","type-page","status-publish","hentry","clearfix"],"_links":{"self":[{"href":"https:\/\/przedszkole150.edu.wroclaw.pl\/index.php\/wp-json\/wp\/v2\/pages\/6922","targetHints":{"allow":["GET"]}}],"collection":[{"href":"https:\/\/przedszkole150.edu.wroclaw.pl\/index.php\/wp-json\/wp\/v2\/pages"}],"about":[{"href":"https:\/\/przedszkole150.edu.wroclaw.pl\/index.php\/wp-json\/wp\/v2\/types\/page"}],"author":[{"embeddable":true,"href":"https:\/\/przedszkole150.edu.wroclaw.pl\/index.php\/wp-json\/wp\/v2\/users\/211"}],"replies":[{"embeddable":true,"href":"https:\/\/przedszkole150.edu.wroclaw.pl\/index.php\/wp-json\/wp\/v2\/comments?post=6922"}],"version-history":[{"count":1,"href":"https:\/\/przedszkole150.edu.wroclaw.pl\/index.php\/wp-json\/wp\/v2\/pages\/6922\/revisions"}],"predecessor-version":[{"id":6928,"href":"https:\/\/przedszkole150.edu.wroclaw.pl\/index.php\/wp-json\/wp\/v2\/pages\/6922\/revisions\/6928"}],"wp:attachment":[{"href":"https:\/\/przedszkole150.edu.wroclaw.pl\/index.php\/wp-json\/wp\/v2\/media?parent=6922"}],"curies":[{"name":"wp","href":"https:\/\/api.w.org\/{rel}","templated":true}]}}