
{"id":6944,"date":"2025-02-26T08:43:22","date_gmt":"2025-02-26T07:43:22","guid":{"rendered":"https:\/\/przedszkole150.edu.wroclaw.pl\/?page_id=6944"},"modified":"2025-02-26T08:43:22","modified_gmt":"2025-02-26T07:43:22","slug":"jestesmy-ilustratorami-ksiazek","status":"publish","type":"page","link":"https:\/\/przedszkole150.edu.wroclaw.pl\/index.php\/jestesmy-ilustratorami-ksiazek\/","title":{"rendered":"Jeste\u015bmy ilustratorami ksi\u0105\u017cek"},"content":{"rendered":"<div class=\"wpb-content-wrapper\"><p>[vc_row][vc_column][vc_column_text]<\/p>\n<div id=\"UniqueMessageBody_14\" class=\"XbIp4 jmmB7 GNqVo allowTextSelection OuGoX\" aria-label=\"Tre\u015b\u0107 wiadomo\u015bci\">\n<div>\n<div class=\"rps_43a0\">\n<div>\n<div data-olk-copy-source=\"MessageBody\"><span style=\"font-family: times new roman, times;font-size: 14pt\">Dzieci z grupy 5 zamieni\u0142y si\u0119 w ilustrator\u00f3w.<\/span><\/div>\n<div><span style=\"font-family: times new roman, times;font-size: 14pt\">\u00a0Nie s\u0105 to nasze ostatnie ilustracje \ud83d\ude09.<\/span><\/div>\n<\/div>\n<\/div>\n<\/div>\n<\/div>\n<p>[\/vc_column_text][vc_gallery type=&#8221;image_grid&#8221; images=&#8221;6945,6946,6947,6948&#8243; css=&#8221;&#8221;][\/vc_column][\/vc_row]<\/p>\n<\/div>","protected":false},"excerpt":{"rendered":"<p>[vc_row][vc_column][vc_column_text] Dzieci z grupy 5 zamieni\u0142y si\u0119 w ilustrator\u00f3w. \u00a0Nie s\u0105 to nasze ostatnie ilustracje \ud83d\ude09. [\/vc_column_text][vc_gallery type=&#8221;image_grid&#8221; images=&#8221;6945,6946,6947,6948&#8243; css=&#8221;&#8221;][\/vc_column][\/vc_row]<\/p>\n","protected":false},"author":200,"featured_media":0,"parent":0,"menu_order":0,"comment_status":"closed","ping_status":"closed","template":"","meta":{"ngg_post_thumbnail":0,"footnotes":""},"class_list":["post-6944","page","type-page","status-publish","hentry","clearfix"],"_links":{"self":[{"href":"https:\/\/przedszkole150.edu.wroclaw.pl\/index.php\/wp-json\/wp\/v2\/pages\/6944","targetHints":{"allow":["GET"]}}],"collection":[{"href":"https:\/\/przedszkole150.edu.wroclaw.pl\/index.php\/wp-json\/wp\/v2\/pages"}],"about":[{"href":"https:\/\/przedszkole150.edu.wroclaw.pl\/index.php\/wp-json\/wp\/v2\/types\/page"}],"author":[{"embeddable":true,"href":"https:\/\/przedszkole150.edu.wroclaw.pl\/index.php\/wp-json\/wp\/v2\/users\/200"}],"replies":[{"embeddable":true,"href":"https:\/\/przedszkole150.edu.wroclaw.pl\/index.php\/wp-json\/wp\/v2\/comments?post=6944"}],"version-history":[{"count":1,"href":"https:\/\/przedszkole150.edu.wroclaw.pl\/index.php\/wp-json\/wp\/v2\/pages\/6944\/revisions"}],"predecessor-version":[{"id":6950,"href":"https:\/\/przedszkole150.edu.wroclaw.pl\/index.php\/wp-json\/wp\/v2\/pages\/6944\/revisions\/6950"}],"wp:attachment":[{"href":"https:\/\/przedszkole150.edu.wroclaw.pl\/index.php\/wp-json\/wp\/v2\/media?parent=6944"}],"curies":[{"name":"wp","href":"https:\/\/api.w.org\/{rel}","templated":true}]}}