
{"id":7063,"date":"2025-03-25T08:47:29","date_gmt":"2025-03-25T07:47:29","guid":{"rendered":"https:\/\/przedszkole150.edu.wroclaw.pl\/?page_id=7063"},"modified":"2025-03-25T08:47:29","modified_gmt":"2025-03-25T07:47:29","slug":"powitanie-wiosny-koncert-wiosenny","status":"publish","type":"page","link":"https:\/\/przedszkole150.edu.wroclaw.pl\/index.php\/powitanie-wiosny-koncert-wiosenny\/","title":{"rendered":"Powitanie wiosny &#8211; koncert wiosenny"},"content":{"rendered":"<div class=\"wpb-content-wrapper\"><p>[vc_row][vc_column][vc_column_text]<span style=\"font-family: times new roman, times;font-size: 14pt\" data-olk-copy-source=\"MessageBody\">Dnia 19 marca, w \u015brod\u0119, odby\u0142 si\u0119 Koncert Wiosenny z okazji zbli\u017caj\u0105cego si\u0119 pierwszego dnia wiosny. W rol\u0119 artyst\u00f3w wcieli\u0142y si\u0119 dzieci z gupy IV I X. Jak na wiosenne \u015bwi\u0119to przysta\u0142o by\u0142y kwiaty, wiersze, ta\u0144ce i muzyka &#8211; czyli wszystko to, co kojarzy si\u0119 z wiosn\u0105 i rado\u015bci\u0105.\u00a0 Ka\u017cdy znalaz\u0142 cos dla siebie: by\u0142a muzyka dla dzieci i dla doros\u0142ych, by\u0142a rado\u015b\u0107, wzruszenie i mowa o pi\u0119knie przyrody ojczystej. By\u0142 spokojny taniec z kwiatami, ale i g\u00f3ralskie klimaty czy szale\u0144stwo z gitarami. Mamy nadziej\u0119, \u017ce publiczno\u015b\u0107 dobrze si\u0119 bawi\u0142a i \u017ce ka\u017cdemu uczestnikowi koncertu zrobi\u0142o si\u0119 cho\u0107 troch\u0119 zielono\u00a0 w sercu i w g\u0142owie \ud83d\ude09<\/span>[\/vc_column_text][vc_gallery type=&#8221;image_grid&#8221; images=&#8221;7064,7065,7066,7067&#8243; css=&#8221;&#8221;][\/vc_column][\/vc_row]<\/p>\n<\/div>","protected":false},"excerpt":{"rendered":"<p>[vc_row][vc_column][vc_column_text]Dnia 19 marca, w \u015brod\u0119, odby\u0142 si\u0119 Koncert Wiosenny z okazji zbli\u017caj\u0105cego si\u0119 pierwszego dnia wiosny. W rol\u0119 artyst\u00f3w wcieli\u0142y si\u0119 dzieci z gupy IV I X. Jak na wiosenne [&hellip;]<\/p>\n","protected":false},"author":200,"featured_media":0,"parent":0,"menu_order":0,"comment_status":"closed","ping_status":"closed","template":"","meta":{"ngg_post_thumbnail":0,"footnotes":""},"class_list":["post-7063","page","type-page","status-publish","hentry","clearfix"],"_links":{"self":[{"href":"https:\/\/przedszkole150.edu.wroclaw.pl\/index.php\/wp-json\/wp\/v2\/pages\/7063","targetHints":{"allow":["GET"]}}],"collection":[{"href":"https:\/\/przedszkole150.edu.wroclaw.pl\/index.php\/wp-json\/wp\/v2\/pages"}],"about":[{"href":"https:\/\/przedszkole150.edu.wroclaw.pl\/index.php\/wp-json\/wp\/v2\/types\/page"}],"author":[{"embeddable":true,"href":"https:\/\/przedszkole150.edu.wroclaw.pl\/index.php\/wp-json\/wp\/v2\/users\/200"}],"replies":[{"embeddable":true,"href":"https:\/\/przedszkole150.edu.wroclaw.pl\/index.php\/wp-json\/wp\/v2\/comments?post=7063"}],"version-history":[{"count":1,"href":"https:\/\/przedszkole150.edu.wroclaw.pl\/index.php\/wp-json\/wp\/v2\/pages\/7063\/revisions"}],"predecessor-version":[{"id":7068,"href":"https:\/\/przedszkole150.edu.wroclaw.pl\/index.php\/wp-json\/wp\/v2\/pages\/7063\/revisions\/7068"}],"wp:attachment":[{"href":"https:\/\/przedszkole150.edu.wroclaw.pl\/index.php\/wp-json\/wp\/v2\/media?parent=7063"}],"curies":[{"name":"wp","href":"https:\/\/api.w.org\/{rel}","templated":true}]}}