
{"id":7245,"date":"2025-04-13T19:30:45","date_gmt":"2025-04-13T17:30:45","guid":{"rendered":"https:\/\/przedszkole150.edu.wroclaw.pl\/?page_id=7245"},"modified":"2025-04-13T19:30:45","modified_gmt":"2025-04-13T17:30:45","slug":"xxiv-festiwal-teatrow-przedszkolnych","status":"publish","type":"page","link":"https:\/\/przedszkole150.edu.wroclaw.pl\/index.php\/xxiv-festiwal-teatrow-przedszkolnych\/","title":{"rendered":"XXIV Festiwal Teatr\u00f3w Przedszkolnych"},"content":{"rendered":"<div class=\"wpb-content-wrapper\"><p>[vc_row][vc_column][vc_column_text]<span style=\"font-family: times new roman, times\" data-olk-copy-source=\"MessageBody\">XXIV Wroc\u0142awski Festiwal Teatr\u00f3w Przedszkolnych to wyj\u0105tkowe wydarzenie, kt\u00f3re gromadzi m\u0142odych artyst\u00f3w i ich wychowawc\u00f3w z r\u00f3\u017cnych plac\u00f3wek edukacyjnych miasta. Tegoroczna edycja, odbywaj\u0105ca si\u0119 2 kwietnia, zgromadzi\u0142a 15 przedszkoli z Wroc\u0142awia, kt\u00f3re zaprezentowa\u0142y swoje kreatywne podej\u015bcie do sztuki teatralnej. <\/span><\/p>\n<p><span style=\"font-family: times new roman, times\" data-olk-copy-source=\"MessageBody\">Nasze przedszkole mia\u0142o zaszczyt by\u0107 reprezentowane przez grup\u0119 VI, kt\u00f3ra wystawi\u0142a uroczy spektakl zatytu\u0142owany &#8222;O Jasiu, pszczole i dzi\u0119ciole&#8221;. Mali aktorzy z wielkim zaanga\u017cowaniem i\u00a0 rado\u015bci\u0105 odgrywali swoje role. Festiwal by\u0142 nie tylko okazj\u0105 do rozwijania talent\u00f3w artystycznych dzieci, ale tak\u017ce do zacie\u015bniania wi\u0119zi mi\u0119dzy przedszkolami i promowania warto\u015bci kulturowych w\u015br\u00f3d najm\u0142odszych.<\/span>[\/vc_column_text][vc_gallery type=&#8221;image_grid&#8221; images=&#8221;7246,7247,7248&#8243; css=&#8221;&#8221;][\/vc_column][\/vc_row]<\/p>\n<\/div>","protected":false},"excerpt":{"rendered":"<p>[vc_row][vc_column][vc_column_text]XXIV Wroc\u0142awski Festiwal Teatr\u00f3w Przedszkolnych to wyj\u0105tkowe wydarzenie, kt\u00f3re gromadzi m\u0142odych artyst\u00f3w i ich wychowawc\u00f3w z r\u00f3\u017cnych plac\u00f3wek edukacyjnych miasta. Tegoroczna edycja, odbywaj\u0105ca si\u0119 2 kwietnia, zgromadzi\u0142a 15 przedszkoli z [&hellip;]<\/p>\n","protected":false},"author":200,"featured_media":0,"parent":0,"menu_order":0,"comment_status":"closed","ping_status":"closed","template":"","meta":{"ngg_post_thumbnail":0,"footnotes":""},"class_list":["post-7245","page","type-page","status-publish","hentry","clearfix"],"_links":{"self":[{"href":"https:\/\/przedszkole150.edu.wroclaw.pl\/index.php\/wp-json\/wp\/v2\/pages\/7245","targetHints":{"allow":["GET"]}}],"collection":[{"href":"https:\/\/przedszkole150.edu.wroclaw.pl\/index.php\/wp-json\/wp\/v2\/pages"}],"about":[{"href":"https:\/\/przedszkole150.edu.wroclaw.pl\/index.php\/wp-json\/wp\/v2\/types\/page"}],"author":[{"embeddable":true,"href":"https:\/\/przedszkole150.edu.wroclaw.pl\/index.php\/wp-json\/wp\/v2\/users\/200"}],"replies":[{"embeddable":true,"href":"https:\/\/przedszkole150.edu.wroclaw.pl\/index.php\/wp-json\/wp\/v2\/comments?post=7245"}],"version-history":[{"count":1,"href":"https:\/\/przedszkole150.edu.wroclaw.pl\/index.php\/wp-json\/wp\/v2\/pages\/7245\/revisions"}],"predecessor-version":[{"id":7249,"href":"https:\/\/przedszkole150.edu.wroclaw.pl\/index.php\/wp-json\/wp\/v2\/pages\/7245\/revisions\/7249"}],"wp:attachment":[{"href":"https:\/\/przedszkole150.edu.wroclaw.pl\/index.php\/wp-json\/wp\/v2\/media?parent=7245"}],"curies":[{"name":"wp","href":"https:\/\/api.w.org\/{rel}","templated":true}]}}