
{"id":7260,"date":"2025-04-15T06:31:17","date_gmt":"2025-04-15T04:31:17","guid":{"rendered":"https:\/\/przedszkole150.edu.wroclaw.pl\/?page_id=7260"},"modified":"2025-04-15T06:31:39","modified_gmt":"2025-04-15T04:31:39","slug":"fantastyczne-drzewo","status":"publish","type":"page","link":"https:\/\/przedszkole150.edu.wroclaw.pl\/index.php\/fantastyczne-drzewo\/","title":{"rendered":"Fantazyjne drzewo"},"content":{"rendered":"<div class=\"wpb-content-wrapper\"><p>[vc_row][vc_column][vc_column_text]Dzieci z gr 5 Julia i Klara wzie\u0142y udzia\u0142 w konkursie plastycznym o temacie &#8222;Fantazyjne drzewo&#8221;. My\u015bl\u0105 przewodni\u0105 konkursu by\u0142o wykonanie wytwor\u00f3w z materia\u0142\u00f3w recyklingowych.<\/p>\n<p>Gratulujemy wyr\u00f3\u017cnienia w konkursie!<\/p>\n<p>&nbsp;<\/p>\n<p><img loading=\"lazy\" decoding=\"async\" class=\"alignnone size-medium wp-image-7261\" src=\"https:\/\/przedszkole150.edu.wroclaw.pl\/wp-content\/uploads\/sites\/61\/2025\/04\/3fd74594-0e9d-467f-b95d-b83df72c70e9-300x225.jpeg\" alt=\"\" width=\"300\" height=\"225\" srcset=\"https:\/\/przedszkole150.edu.wroclaw.pl\/wp-content\/uploads\/sites\/61\/2025\/04\/3fd74594-0e9d-467f-b95d-b83df72c70e9-300x225.jpeg 300w, https:\/\/przedszkole150.edu.wroclaw.pl\/wp-content\/uploads\/sites\/61\/2025\/04\/3fd74594-0e9d-467f-b95d-b83df72c70e9-1024x768.jpeg 1024w, https:\/\/przedszkole150.edu.wroclaw.pl\/wp-content\/uploads\/sites\/61\/2025\/04\/3fd74594-0e9d-467f-b95d-b83df72c70e9-768x576.jpeg 768w, https:\/\/przedszkole150.edu.wroclaw.pl\/wp-content\/uploads\/sites\/61\/2025\/04\/3fd74594-0e9d-467f-b95d-b83df72c70e9-1536x1152.jpeg 1536w, https:\/\/przedszkole150.edu.wroclaw.pl\/wp-content\/uploads\/sites\/61\/2025\/04\/3fd74594-0e9d-467f-b95d-b83df72c70e9.jpeg 2040w\" sizes=\"auto, (max-width: 300px) 100vw, 300px\" \/><img loading=\"lazy\" decoding=\"async\" class=\"alignnone size-medium wp-image-7262\" src=\"https:\/\/przedszkole150.edu.wroclaw.pl\/wp-content\/uploads\/sites\/61\/2025\/04\/4b17bf57-a492-4e37-b848-fb4f5dcfb2e9-225x300.jpeg\" alt=\"\" width=\"225\" height=\"300\" srcset=\"https:\/\/przedszkole150.edu.wroclaw.pl\/wp-content\/uploads\/sites\/61\/2025\/04\/4b17bf57-a492-4e37-b848-fb4f5dcfb2e9-225x300.jpeg 225w, https:\/\/przedszkole150.edu.wroclaw.pl\/wp-content\/uploads\/sites\/61\/2025\/04\/4b17bf57-a492-4e37-b848-fb4f5dcfb2e9-768x1024.jpeg 768w, https:\/\/przedszkole150.edu.wroclaw.pl\/wp-content\/uploads\/sites\/61\/2025\/04\/4b17bf57-a492-4e37-b848-fb4f5dcfb2e9-1152x1536.jpeg 1152w, https:\/\/przedszkole150.edu.wroclaw.pl\/wp-content\/uploads\/sites\/61\/2025\/04\/4b17bf57-a492-4e37-b848-fb4f5dcfb2e9.jpeg 1530w\" sizes=\"auto, (max-width: 225px) 100vw, 225px\" \/><img loading=\"lazy\" decoding=\"async\" class=\"alignnone size-medium wp-image-7263\" src=\"https:\/\/przedszkole150.edu.wroclaw.pl\/wp-content\/uploads\/sites\/61\/2025\/04\/139fae05-f9aa-4b31-ab03-93fdb2770ceb-300x225.jpeg\" alt=\"\" width=\"300\" height=\"225\" srcset=\"https:\/\/przedszkole150.edu.wroclaw.pl\/wp-content\/uploads\/sites\/61\/2025\/04\/139fae05-f9aa-4b31-ab03-93fdb2770ceb-300x225.jpeg 300w, https:\/\/przedszkole150.edu.wroclaw.pl\/wp-content\/uploads\/sites\/61\/2025\/04\/139fae05-f9aa-4b31-ab03-93fdb2770ceb-1024x768.jpeg 1024w, https:\/\/przedszkole150.edu.wroclaw.pl\/wp-content\/uploads\/sites\/61\/2025\/04\/139fae05-f9aa-4b31-ab03-93fdb2770ceb-768x576.jpeg 768w, https:\/\/przedszkole150.edu.wroclaw.pl\/wp-content\/uploads\/sites\/61\/2025\/04\/139fae05-f9aa-4b31-ab03-93fdb2770ceb-1536x1152.jpeg 1536w, https:\/\/przedszkole150.edu.wroclaw.pl\/wp-content\/uploads\/sites\/61\/2025\/04\/139fae05-f9aa-4b31-ab03-93fdb2770ceb.jpeg 2040w\" sizes=\"auto, (max-width: 300px) 100vw, 300px\" \/><img loading=\"lazy\" decoding=\"async\" class=\"alignnone size-medium wp-image-7264\" src=\"https:\/\/przedszkole150.edu.wroclaw.pl\/wp-content\/uploads\/sites\/61\/2025\/04\/7349b65b-9d09-415c-9190-1b1925d55aab-300x225.jpeg\" alt=\"\" width=\"300\" height=\"225\" srcset=\"https:\/\/przedszkole150.edu.wroclaw.pl\/wp-content\/uploads\/sites\/61\/2025\/04\/7349b65b-9d09-415c-9190-1b1925d55aab-300x225.jpeg 300w, https:\/\/przedszkole150.edu.wroclaw.pl\/wp-content\/uploads\/sites\/61\/2025\/04\/7349b65b-9d09-415c-9190-1b1925d55aab-1024x768.jpeg 1024w, https:\/\/przedszkole150.edu.wroclaw.pl\/wp-content\/uploads\/sites\/61\/2025\/04\/7349b65b-9d09-415c-9190-1b1925d55aab-768x576.jpeg 768w, https:\/\/przedszkole150.edu.wroclaw.pl\/wp-content\/uploads\/sites\/61\/2025\/04\/7349b65b-9d09-415c-9190-1b1925d55aab-1536x1152.jpeg 1536w, https:\/\/przedszkole150.edu.wroclaw.pl\/wp-content\/uploads\/sites\/61\/2025\/04\/7349b65b-9d09-415c-9190-1b1925d55aab.jpeg 2040w\" sizes=\"auto, (max-width: 300px) 100vw, 300px\" \/><img loading=\"lazy\" decoding=\"async\" class=\"alignnone size-medium wp-image-7265\" src=\"https:\/\/przedszkole150.edu.wroclaw.pl\/wp-content\/uploads\/sites\/61\/2025\/04\/65522ee8-0bb1-45f0-9df8-6f226c6ba2c8-225x300.jpeg\" alt=\"\" width=\"225\" height=\"300\" srcset=\"https:\/\/przedszkole150.edu.wroclaw.pl\/wp-content\/uploads\/sites\/61\/2025\/04\/65522ee8-0bb1-45f0-9df8-6f226c6ba2c8-225x300.jpeg 225w, https:\/\/przedszkole150.edu.wroclaw.pl\/wp-content\/uploads\/sites\/61\/2025\/04\/65522ee8-0bb1-45f0-9df8-6f226c6ba2c8-768x1024.jpeg 768w, https:\/\/przedszkole150.edu.wroclaw.pl\/wp-content\/uploads\/sites\/61\/2025\/04\/65522ee8-0bb1-45f0-9df8-6f226c6ba2c8-1152x1536.jpeg 1152w, https:\/\/przedszkole150.edu.wroclaw.pl\/wp-content\/uploads\/sites\/61\/2025\/04\/65522ee8-0bb1-45f0-9df8-6f226c6ba2c8.jpeg 1530w\" sizes=\"auto, (max-width: 225px) 100vw, 225px\" \/><img loading=\"lazy\" decoding=\"async\" class=\"alignnone size-medium wp-image-7266\" src=\"https:\/\/przedszkole150.edu.wroclaw.pl\/wp-content\/uploads\/sites\/61\/2025\/04\/cf1ec2f7-79cd-4c14-b37e-bb0c6bf7a773-225x300.jpeg\" alt=\"\" width=\"225\" height=\"300\" srcset=\"https:\/\/przedszkole150.edu.wroclaw.pl\/wp-content\/uploads\/sites\/61\/2025\/04\/cf1ec2f7-79cd-4c14-b37e-bb0c6bf7a773-225x300.jpeg 225w, https:\/\/przedszkole150.edu.wroclaw.pl\/wp-content\/uploads\/sites\/61\/2025\/04\/cf1ec2f7-79cd-4c14-b37e-bb0c6bf7a773-768x1024.jpeg 768w, https:\/\/przedszkole150.edu.wroclaw.pl\/wp-content\/uploads\/sites\/61\/2025\/04\/cf1ec2f7-79cd-4c14-b37e-bb0c6bf7a773-1152x1536.jpeg 1152w, https:\/\/przedszkole150.edu.wroclaw.pl\/wp-content\/uploads\/sites\/61\/2025\/04\/cf1ec2f7-79cd-4c14-b37e-bb0c6bf7a773.jpeg 1530w\" sizes=\"auto, (max-width: 225px) 100vw, 225px\" \/><\/p>\n<\/div>","protected":false},"excerpt":{"rendered":"<p>[vc_row][vc_column][vc_column_text]Dzieci z gr 5 Julia i Klara wzie\u0142y udzia\u0142 w konkursie plastycznym o temacie &#8222;Fantazyjne drzewo&#8221;. My\u015bl\u0105 przewodni\u0105 konkursu by\u0142o wykonanie wytwor\u00f3w z materia\u0142\u00f3w recyklingowych. Gratulujemy wyr\u00f3\u017cnienia w konkursie! &nbsp;<\/p>\n","protected":false},"author":264,"featured_media":0,"parent":0,"menu_order":0,"comment_status":"closed","ping_status":"closed","template":"","meta":{"ngg_post_thumbnail":0,"footnotes":""},"class_list":["post-7260","page","type-page","status-publish","hentry","clearfix"],"_links":{"self":[{"href":"https:\/\/przedszkole150.edu.wroclaw.pl\/index.php\/wp-json\/wp\/v2\/pages\/7260","targetHints":{"allow":["GET"]}}],"collection":[{"href":"https:\/\/przedszkole150.edu.wroclaw.pl\/index.php\/wp-json\/wp\/v2\/pages"}],"about":[{"href":"https:\/\/przedszkole150.edu.wroclaw.pl\/index.php\/wp-json\/wp\/v2\/types\/page"}],"author":[{"embeddable":true,"href":"https:\/\/przedszkole150.edu.wroclaw.pl\/index.php\/wp-json\/wp\/v2\/users\/264"}],"replies":[{"embeddable":true,"href":"https:\/\/przedszkole150.edu.wroclaw.pl\/index.php\/wp-json\/wp\/v2\/comments?post=7260"}],"version-history":[{"count":2,"href":"https:\/\/przedszkole150.edu.wroclaw.pl\/index.php\/wp-json\/wp\/v2\/pages\/7260\/revisions"}],"predecessor-version":[{"id":7268,"href":"https:\/\/przedszkole150.edu.wroclaw.pl\/index.php\/wp-json\/wp\/v2\/pages\/7260\/revisions\/7268"}],"wp:attachment":[{"href":"https:\/\/przedszkole150.edu.wroclaw.pl\/index.php\/wp-json\/wp\/v2\/media?parent=7260"}],"curies":[{"name":"wp","href":"https:\/\/api.w.org\/{rel}","templated":true}]}}