
{"id":7298,"date":"2025-04-23T06:25:56","date_gmt":"2025-04-23T04:25:56","guid":{"rendered":"https:\/\/przedszkole150.edu.wroclaw.pl\/?page_id=7298"},"modified":"2025-04-23T06:25:56","modified_gmt":"2025-04-23T04:25:56","slug":"kacik-hodowli","status":"publish","type":"page","link":"https:\/\/przedszkole150.edu.wroclaw.pl\/index.php\/kacik-hodowli\/","title":{"rendered":"K\u0105cik hodowli"},"content":{"rendered":"<p>Dzieci z gr 5 za\u0142o\u017cy\u0142y k\u0105cik hodowli rze\u017cuchy , owsa wielkanocnego i szczypiorku. Codziennie pielegnuj\u0105 i dogl\u0105daja nasz zielony k\u0105cik! <img loading=\"lazy\" decoding=\"async\" class=\"alignnone size-medium wp-image-7299\" src=\"https:\/\/przedszkole150.edu.wroclaw.pl\/wp-content\/uploads\/sites\/61\/2025\/04\/036ebde8-fe6f-4290-a812-9f6f51647e8c-300x225.jpeg\" alt=\"\" width=\"300\" height=\"225\" srcset=\"https:\/\/przedszkole150.edu.wroclaw.pl\/wp-content\/uploads\/sites\/61\/2025\/04\/036ebde8-fe6f-4290-a812-9f6f51647e8c-300x225.jpeg 300w, https:\/\/przedszkole150.edu.wroclaw.pl\/wp-content\/uploads\/sites\/61\/2025\/04\/036ebde8-fe6f-4290-a812-9f6f51647e8c-1024x768.jpeg 1024w, https:\/\/przedszkole150.edu.wroclaw.pl\/wp-content\/uploads\/sites\/61\/2025\/04\/036ebde8-fe6f-4290-a812-9f6f51647e8c-768x576.jpeg 768w, https:\/\/przedszkole150.edu.wroclaw.pl\/wp-content\/uploads\/sites\/61\/2025\/04\/036ebde8-fe6f-4290-a812-9f6f51647e8c-1536x1152.jpeg 1536w, https:\/\/przedszkole150.edu.wroclaw.pl\/wp-content\/uploads\/sites\/61\/2025\/04\/036ebde8-fe6f-4290-a812-9f6f51647e8c.jpeg 2040w\" sizes=\"auto, (max-width: 300px) 100vw, 300px\" \/><img loading=\"lazy\" decoding=\"async\" class=\"alignnone size-medium wp-image-7300\" src=\"https:\/\/przedszkole150.edu.wroclaw.pl\/wp-content\/uploads\/sites\/61\/2025\/04\/c954d62e-12a4-4270-b41d-770e25f340af-225x300.jpeg\" alt=\"\" width=\"225\" height=\"300\" srcset=\"https:\/\/przedszkole150.edu.wroclaw.pl\/wp-content\/uploads\/sites\/61\/2025\/04\/c954d62e-12a4-4270-b41d-770e25f340af-225x300.jpeg 225w, https:\/\/przedszkole150.edu.wroclaw.pl\/wp-content\/uploads\/sites\/61\/2025\/04\/c954d62e-12a4-4270-b41d-770e25f340af-768x1024.jpeg 768w, https:\/\/przedszkole150.edu.wroclaw.pl\/wp-content\/uploads\/sites\/61\/2025\/04\/c954d62e-12a4-4270-b41d-770e25f340af-1152x1536.jpeg 1152w, https:\/\/przedszkole150.edu.wroclaw.pl\/wp-content\/uploads\/sites\/61\/2025\/04\/c954d62e-12a4-4270-b41d-770e25f340af.jpeg 1530w\" sizes=\"auto, (max-width: 225px) 100vw, 225px\" \/><img loading=\"lazy\" decoding=\"async\" class=\"alignnone size-medium wp-image-7301\" src=\"https:\/\/przedszkole150.edu.wroclaw.pl\/wp-content\/uploads\/sites\/61\/2025\/04\/f1b930f8-1fe5-422c-913f-94de0ac6bf30-300x225.jpeg\" alt=\"\" width=\"300\" height=\"225\" srcset=\"https:\/\/przedszkole150.edu.wroclaw.pl\/wp-content\/uploads\/sites\/61\/2025\/04\/f1b930f8-1fe5-422c-913f-94de0ac6bf30-300x225.jpeg 300w, https:\/\/przedszkole150.edu.wroclaw.pl\/wp-content\/uploads\/sites\/61\/2025\/04\/f1b930f8-1fe5-422c-913f-94de0ac6bf30-1024x768.jpeg 1024w, https:\/\/przedszkole150.edu.wroclaw.pl\/wp-content\/uploads\/sites\/61\/2025\/04\/f1b930f8-1fe5-422c-913f-94de0ac6bf30-768x576.jpeg 768w, https:\/\/przedszkole150.edu.wroclaw.pl\/wp-content\/uploads\/sites\/61\/2025\/04\/f1b930f8-1fe5-422c-913f-94de0ac6bf30-1536x1152.jpeg 1536w, https:\/\/przedszkole150.edu.wroclaw.pl\/wp-content\/uploads\/sites\/61\/2025\/04\/f1b930f8-1fe5-422c-913f-94de0ac6bf30.jpeg 2040w\" sizes=\"auto, (max-width: 300px) 100vw, 300px\" \/><\/p>\n","protected":false},"excerpt":{"rendered":"<p>Dzieci z gr 5 za\u0142o\u017cy\u0142y k\u0105cik hodowli rze\u017cuchy , owsa wielkanocnego i szczypiorku. Codziennie pielegnuj\u0105 i dogl\u0105daja nasz zielony k\u0105cik!<\/p>\n","protected":false},"author":264,"featured_media":0,"parent":0,"menu_order":0,"comment_status":"closed","ping_status":"closed","template":"","meta":{"ngg_post_thumbnail":0,"footnotes":""},"class_list":["post-7298","page","type-page","status-publish","hentry","clearfix"],"_links":{"self":[{"href":"https:\/\/przedszkole150.edu.wroclaw.pl\/index.php\/wp-json\/wp\/v2\/pages\/7298","targetHints":{"allow":["GET"]}}],"collection":[{"href":"https:\/\/przedszkole150.edu.wroclaw.pl\/index.php\/wp-json\/wp\/v2\/pages"}],"about":[{"href":"https:\/\/przedszkole150.edu.wroclaw.pl\/index.php\/wp-json\/wp\/v2\/types\/page"}],"author":[{"embeddable":true,"href":"https:\/\/przedszkole150.edu.wroclaw.pl\/index.php\/wp-json\/wp\/v2\/users\/264"}],"replies":[{"embeddable":true,"href":"https:\/\/przedszkole150.edu.wroclaw.pl\/index.php\/wp-json\/wp\/v2\/comments?post=7298"}],"version-history":[{"count":1,"href":"https:\/\/przedszkole150.edu.wroclaw.pl\/index.php\/wp-json\/wp\/v2\/pages\/7298\/revisions"}],"predecessor-version":[{"id":7302,"href":"https:\/\/przedszkole150.edu.wroclaw.pl\/index.php\/wp-json\/wp\/v2\/pages\/7298\/revisions\/7302"}],"wp:attachment":[{"href":"https:\/\/przedszkole150.edu.wroclaw.pl\/index.php\/wp-json\/wp\/v2\/media?parent=7298"}],"curies":[{"name":"wp","href":"https:\/\/api.w.org\/{rel}","templated":true}]}}