
{"id":7861,"date":"2025-10-28T10:59:04","date_gmt":"2025-10-28T09:59:04","guid":{"rendered":"https:\/\/przedszkole150.edu.wroclaw.pl\/?page_id=7861"},"modified":"2025-10-28T10:59:04","modified_gmt":"2025-10-28T09:59:04","slug":"lesni-tropiciele","status":"publish","type":"page","link":"https:\/\/przedszkole150.edu.wroclaw.pl\/index.php\/lesni-tropiciele\/","title":{"rendered":"LE\u015aNI TROPICIELE"},"content":{"rendered":"<div class=\"wpb-content-wrapper\"><p>[vc_row][vc_column][vc_column_text]<span style=\"font-family: times new roman, times;font-size: 14pt\">LE\u015aNI TROPICIELE &#8211; WYZWANIE 3<\/span><br \/>\n<span style=\"font-family: times new roman, times;font-size: 14pt\">Z rado\u015bci\u0105 informujemy, \u017ce kolejne wyzwanie w projekcie \u201eEdukacja w ruchu\u201d ju\u017c za nami. <\/span><br \/>\n<span style=\"font-family: times new roman, times;font-size: 14pt\">Co dzia\u0142o si\u0119 w 3. wyzwaniu? Dzieci zamieni\u0142y si\u0119 w prawdziwych Le\u015bnych Tropicieli! Wsp\u00f3lnie ws\u0142uchiwali\u015bmy si\u0119 w odg\u0142osy le\u015bnych zwierz\u0105t, rozpoznawali\u015bmy ich tropy i odkrywali\u015bmy zaskakuj\u0105ce ciekawostki o mieszka\u0144cach lasu. Wszystko odbywa\u0142o si\u0119 w atmosferze ruchu, ciekawo\u015bci i \u015bwietnej zabawy. <\/span>[\/vc_column_text][vc_gallery type=&#8221;image_grid&#8221; images=&#8221;7881,7879,7878,7877,7876,7882,7880,7875,7874,7873,7872,7871,7870,7869,7868,7867,7866,7865,7864,7863,7862&#8243; css=&#8221;&#8221;][\/vc_column][\/vc_row]<\/p>\n<\/div>","protected":false},"excerpt":{"rendered":"<p>[vc_row][vc_column][vc_column_text]LE\u015aNI TROPICIELE &#8211; WYZWANIE 3 Z rado\u015bci\u0105 informujemy, \u017ce kolejne wyzwanie w projekcie \u201eEdukacja w ruchu\u201d ju\u017c za nami. Co dzia\u0142o si\u0119 w 3. wyzwaniu? Dzieci zamieni\u0142y si\u0119 w prawdziwych [&hellip;]<\/p>\n","protected":false},"author":211,"featured_media":0,"parent":0,"menu_order":0,"comment_status":"closed","ping_status":"closed","template":"","meta":{"ngg_post_thumbnail":0,"footnotes":""},"class_list":["post-7861","page","type-page","status-publish","hentry","clearfix"],"_links":{"self":[{"href":"https:\/\/przedszkole150.edu.wroclaw.pl\/index.php\/wp-json\/wp\/v2\/pages\/7861","targetHints":{"allow":["GET"]}}],"collection":[{"href":"https:\/\/przedszkole150.edu.wroclaw.pl\/index.php\/wp-json\/wp\/v2\/pages"}],"about":[{"href":"https:\/\/przedszkole150.edu.wroclaw.pl\/index.php\/wp-json\/wp\/v2\/types\/page"}],"author":[{"embeddable":true,"href":"https:\/\/przedszkole150.edu.wroclaw.pl\/index.php\/wp-json\/wp\/v2\/users\/211"}],"replies":[{"embeddable":true,"href":"https:\/\/przedszkole150.edu.wroclaw.pl\/index.php\/wp-json\/wp\/v2\/comments?post=7861"}],"version-history":[{"count":1,"href":"https:\/\/przedszkole150.edu.wroclaw.pl\/index.php\/wp-json\/wp\/v2\/pages\/7861\/revisions"}],"predecessor-version":[{"id":7883,"href":"https:\/\/przedszkole150.edu.wroclaw.pl\/index.php\/wp-json\/wp\/v2\/pages\/7861\/revisions\/7883"}],"wp:attachment":[{"href":"https:\/\/przedszkole150.edu.wroclaw.pl\/index.php\/wp-json\/wp\/v2\/media?parent=7861"}],"curies":[{"name":"wp","href":"https:\/\/api.w.org\/{rel}","templated":true}]}}