
{"id":7953,"date":"2025-10-30T17:24:31","date_gmt":"2025-10-30T16:24:31","guid":{"rendered":"https:\/\/przedszkole150.edu.wroclaw.pl\/?page_id=7953"},"modified":"2025-10-30T17:29:37","modified_gmt":"2025-10-30T16:29:37","slug":"kolorowa-jesien-w-dzieciecych-raczkach","status":"publish","type":"page","link":"https:\/\/przedszkole150.edu.wroclaw.pl\/index.php\/kolorowa-jesien-w-dzieciecych-raczkach\/","title":{"rendered":"Kolorowa jesie\u0144 w dzieci\u0119cych r\u0105czkach"},"content":{"rendered":"<div class=\"wpb-content-wrapper\"><p>[vc_row][vc_column][vc_column_text css=&#8221;&#8221;]<span style=\"font-family: times new roman, times;font-size: 14pt\">Jesie\u0144 w przedszkolu to kolorowy czas pe\u0142en kreatywno\u015bci. Dzieci wsp\u00f3lnie z nauczycielkami tworz\u0105 li\u015bciaste bukiety, maluj\u0105 dynie, wyklejaj\u0105 je\u017ce i kasztanowe ludziki. W salach i na przedszkolnych korytarzach pojawiaj\u0105 si\u0119 barwne girlandy z li\u015bci, w\u0142asnor\u0119cznie robione jesienne obrazki i ozdoby z naturalnych materia\u0142\u00f3w. <\/span><\/p>\n<p><span style=\"font-family: times new roman, times;font-size: 14pt\">Dzi\u0119ki tym dzia\u0142aniom przedszkole zamienia si\u0119 w ciep\u0142e, jesienne miejsce pe\u0142ne dzieci\u0119cej rado\u015bci i wyobra\u017ani.<\/span>[\/vc_column_text][vc_gallery type=&#8221;image_grid&#8221; images=&#8221;7939,7938,7937,7936,7935,7934,7933,7932,7931,7930,7929,7928,7927,7926,7925,7924,7923,7922,7921,7920,7919&#8243; css=&#8221;&#8221;][\/vc_column][\/vc_row]<\/p>\n<\/div>","protected":false},"excerpt":{"rendered":"<p>[vc_row][vc_column][vc_column_text css=&#8221;&#8221;]Jesie\u0144 w przedszkolu to kolorowy czas pe\u0142en kreatywno\u015bci. Dzieci wsp\u00f3lnie z nauczycielkami tworz\u0105 li\u015bciaste bukiety, maluj\u0105 dynie, wyklejaj\u0105 je\u017ce i kasztanowe ludziki. W salach i na przedszkolnych korytarzach pojawiaj\u0105 [&hellip;]<\/p>\n","protected":false},"author":200,"featured_media":0,"parent":0,"menu_order":0,"comment_status":"closed","ping_status":"closed","template":"","meta":{"ngg_post_thumbnail":0,"footnotes":""},"class_list":["post-7953","page","type-page","status-publish","hentry","clearfix"],"_links":{"self":[{"href":"https:\/\/przedszkole150.edu.wroclaw.pl\/index.php\/wp-json\/wp\/v2\/pages\/7953","targetHints":{"allow":["GET"]}}],"collection":[{"href":"https:\/\/przedszkole150.edu.wroclaw.pl\/index.php\/wp-json\/wp\/v2\/pages"}],"about":[{"href":"https:\/\/przedszkole150.edu.wroclaw.pl\/index.php\/wp-json\/wp\/v2\/types\/page"}],"author":[{"embeddable":true,"href":"https:\/\/przedszkole150.edu.wroclaw.pl\/index.php\/wp-json\/wp\/v2\/users\/200"}],"replies":[{"embeddable":true,"href":"https:\/\/przedszkole150.edu.wroclaw.pl\/index.php\/wp-json\/wp\/v2\/comments?post=7953"}],"version-history":[{"count":2,"href":"https:\/\/przedszkole150.edu.wroclaw.pl\/index.php\/wp-json\/wp\/v2\/pages\/7953\/revisions"}],"predecessor-version":[{"id":7956,"href":"https:\/\/przedszkole150.edu.wroclaw.pl\/index.php\/wp-json\/wp\/v2\/pages\/7953\/revisions\/7956"}],"wp:attachment":[{"href":"https:\/\/przedszkole150.edu.wroclaw.pl\/index.php\/wp-json\/wp\/v2\/media?parent=7953"}],"curies":[{"name":"wp","href":"https:\/\/api.w.org\/{rel}","templated":true}]}}