
{"id":8045,"date":"2025-11-11T11:14:59","date_gmt":"2025-11-11T10:14:59","guid":{"rendered":"https:\/\/przedszkole150.edu.wroclaw.pl\/?page_id=8045"},"modified":"2025-11-11T11:14:59","modified_gmt":"2025-11-11T10:14:59","slug":"kochamy-nasza-ojczyzne-dzien-niepodleglosci","status":"publish","type":"page","link":"https:\/\/przedszkole150.edu.wroclaw.pl\/index.php\/kochamy-nasza-ojczyzne-dzien-niepodleglosci\/","title":{"rendered":"Kochamy nasz\u0105 Ojczyzn\u0119 &#8211; Dzie\u0144 Niepodleg\u0142o\u015bci"},"content":{"rendered":"<div class=\"wpb-content-wrapper\"><p>[vc_row][vc_column][vc_column_text]<span style=\"font-family: times new roman, times\">W naszym przedszkolu dzieci z wielkim zaanga\u017cowaniem przygotowa\u0142y prace plastyczne z okazji <span style=\"color: #ff0000\">Narodowego \u015awi\u0119ta Niepodleg\u0142o\u015bci<\/span>. Podczas zaj\u0119\u0107 rozmawiali\u015bmy o znaczeniu tego dnia oraz o symbolach narodowych \u2013 fladze, godle i hymnie.\u00a0 Przedszkolaki wykona\u0142y pi\u0119kne bia\u0142o-czerwone prace: flagi, kotyliony oraz or\u0142y z papieru. W salach i na korytarzach zrobi\u0142o si\u0119 bardzo patriotycznie \u2013 wsz\u0119dzie pojawi\u0142y si\u0119 barwy narodowe. Dzieci z dum\u0105 prezentowa\u0142y swoje dzie\u0142a, ucz\u0105c si\u0119 przy tym, czym jest mi\u0142o\u015b\u0107 do ojczyzny.<\/span><\/p>\n<p data-start=\"245\" data-end=\"620\"><span style=\"font-family: times new roman, times\">W naszym przedszkolu odby\u0142a si\u0119 r\u00f3wnie\u017c wystawa prac plastycznych pod has\u0142em <span style=\"color: #ff0000\"><strong data-start=\"314\" data-end=\"344\">\u201ePi\u0119kna nasza Polska ca\u0142a\u201d<\/strong>.<\/span> Dzieci wraz z Rodzicami z wielkim zaanga\u017cowaniem przygotowa\u0142y swoje dzie\u0142a, przedstawiaj\u0105ce najpi\u0119kniejsze zak\u0105tki naszego kraju, jego symbole i tradycje. Na wystawie mo\u017cna by\u0142o podziwia\u0107 kolorowe pejza\u017ce, polskie miasta, g\u00f3ry, morze, a tak\u017ce bia\u0142o-czerwone flagi i or\u0142y.\u00a0<\/span><\/p>\n<p data-start=\"622\" data-end=\"939\"><span style=\"font-family: times new roman, times\">Celem wystawy by\u0142o rozwijanie postaw patriotycznych oraz kszta\u0142towanie mi\u0142o\u015bci do ojczyzny w\u015br\u00f3d najm\u0142odszych. Prace dzieci, ich oryginalno\u015b\u0107 oraz kreatywno\u015b\u0107 zachwyci\u0142y wszystkich odwiedzaj\u0105cych \u2013 rodzic\u00f3w, nauczycieli i r\u00f3wie\u015bnik\u00f3w. Wsp\u00f3lna zabawa by\u0142a wspania\u0142\u0105 okazj\u0105 do\u00a0 \u015bwi\u0119towania i dumy z tego, \u017ce <strong data-start=\"901\" data-end=\"932\">\u201ePi\u0119kna nasza Polska ca\u0142a!\u201d<\/strong> \ud83c\uddf5\ud83c\uddf1<\/span><\/p>\n<p>[\/vc_column_text][vc_gallery type=&#8221;image_grid&#8221; images=&#8221;8046,8047,8048,8049,8050,8051,8052,8053,8054,8055,8056,8057,8058,8059,8060,8061,8062,8063,8064,8065,8066,8067,8068,8069,8070,8071,8072,8073,8074,8075&#8243; css=&#8221;&#8221;][\/vc_column][\/vc_row]<\/p>\n<\/div>","protected":false},"excerpt":{"rendered":"<p>[vc_row][vc_column][vc_column_text]W naszym przedszkolu dzieci z wielkim zaanga\u017cowaniem przygotowa\u0142y prace plastyczne z okazji Narodowego \u015awi\u0119ta Niepodleg\u0142o\u015bci. Podczas zaj\u0119\u0107 rozmawiali\u015bmy o znaczeniu tego dnia oraz o symbolach narodowych \u2013 fladze, godle i [&hellip;]<\/p>\n","protected":false},"author":200,"featured_media":0,"parent":0,"menu_order":0,"comment_status":"closed","ping_status":"closed","template":"","meta":{"ngg_post_thumbnail":0,"footnotes":""},"class_list":["post-8045","page","type-page","status-publish","hentry","clearfix"],"_links":{"self":[{"href":"https:\/\/przedszkole150.edu.wroclaw.pl\/index.php\/wp-json\/wp\/v2\/pages\/8045","targetHints":{"allow":["GET"]}}],"collection":[{"href":"https:\/\/przedszkole150.edu.wroclaw.pl\/index.php\/wp-json\/wp\/v2\/pages"}],"about":[{"href":"https:\/\/przedszkole150.edu.wroclaw.pl\/index.php\/wp-json\/wp\/v2\/types\/page"}],"author":[{"embeddable":true,"href":"https:\/\/przedszkole150.edu.wroclaw.pl\/index.php\/wp-json\/wp\/v2\/users\/200"}],"replies":[{"embeddable":true,"href":"https:\/\/przedszkole150.edu.wroclaw.pl\/index.php\/wp-json\/wp\/v2\/comments?post=8045"}],"version-history":[{"count":1,"href":"https:\/\/przedszkole150.edu.wroclaw.pl\/index.php\/wp-json\/wp\/v2\/pages\/8045\/revisions"}],"predecessor-version":[{"id":8076,"href":"https:\/\/przedszkole150.edu.wroclaw.pl\/index.php\/wp-json\/wp\/v2\/pages\/8045\/revisions\/8076"}],"wp:attachment":[{"href":"https:\/\/przedszkole150.edu.wroclaw.pl\/index.php\/wp-json\/wp\/v2\/media?parent=8045"}],"curies":[{"name":"wp","href":"https:\/\/api.w.org\/{rel}","templated":true}]}}